{"id":9902,"date":"2024-09-21T13:57:18","date_gmt":"2024-09-21T18:57:18","guid":{"rendered":"https:\/\/cataloniacomics.com\/?post_type=product&#038;p=9902"},"modified":"2026-01-23T15:00:08","modified_gmt":"2026-01-23T21:00:08","slug":"batman-la-caida-del-caballero-oscuro-la-saga-completa-1","status":"publish","type":"product","link":"https:\/\/cataloniacomics.com\/?product=batman-la-caida-del-caballero-oscuro-la-saga-completa-1","title":{"rendered":"Batman : La ca\u00edda del caballero oscuro. La saga completa 1"},"content":{"rendered":"<p>En Santa Prisca, naci\u00f3 un muchacho que pas\u00f3 la vida en la c\u00e1rcel hasta que, transformado por un experimento, se march\u00f3 a Gotham City con un objetivo en mente: poner al Caballero Oscuro contra las cuerdas. Ahora, Bane ha liberado a todos los reclusos del Asilo Arkham. Y con las calles asediadas por el Joker, el Espantap\u00e1jaros y sus dem\u00e1s enemigos habituales, \u00bfestar\u00e1 Batman en condiciones de enfrentarse cara a cara a su nuevo adversario cuando llegue la hora de la verdad?<\/p>\n<p><strong>Chuck Dixon<\/strong>,\u00a0<strong>Graham Nolan<\/strong>,\u00a0<strong>Jim Aparo<\/strong>,\u00a0<strong>Doug Moench<\/strong>\u00a0y otros autores cl\u00e1sicos de la franquicia de Batman nos traen la primera parte de\u00a0<i><strong>La ca\u00edda del Caballero Oscuro<\/strong><\/i>, una de las sagas m\u00e1s importantes de la historia del personaje.<\/p>\n","protected":false},"excerpt":{"rendered":"<p>9788419920928<\/p>\n<p>Batman\u00a0 DC Comic ECC<\/p>\n","protected":false},"featured_media":9903,"comment_status":"open","ping_status":"closed","template":"","meta":[],"product_brand":[],"product_cat":[130],"product_tag":[159,177],"class_list":["post-9902","product","type-product","status-publish","has-post-thumbnail","product_cat-comic","product_tag-dc-comics","product_tag-ecc","first","outofstock","shipping-taxable","purchasable","product-type-simple"],"_links":{"self":[{"href":"https:\/\/cataloniacomics.com\/index.php?rest_route=\/wp\/v2\/product\/9902","targetHints":{"allow":["GET"]}}],"collection":[{"href":"https:\/\/cataloniacomics.com\/index.php?rest_route=\/wp\/v2\/product"}],"about":[{"href":"https:\/\/cataloniacomics.com\/index.php?rest_route=\/wp\/v2\/types\/product"}],"replies":[{"embeddable":true,"href":"https:\/\/cataloniacomics.com\/index.php?rest_route=%2Fwp%2Fv2%2Fcomments&post=9902"}],"wp:featuredmedia":[{"embeddable":true,"href":"https:\/\/cataloniacomics.com\/index.php?rest_route=\/wp\/v2\/media\/9903"}],"wp:attachment":[{"href":"https:\/\/cataloniacomics.com\/index.php?rest_route=%2Fwp%2Fv2%2Fmedia&parent=9902"}],"wp:term":[{"taxonomy":"product_brand","embeddable":true,"href":"https:\/\/cataloniacomics.com\/index.php?rest_route=%2Fwp%2Fv2%2Fproduct_brand&post=9902"},{"taxonomy":"product_cat","embeddable":true,"href":"https:\/\/cataloniacomics.com\/index.php?rest_route=%2Fwp%2Fv2%2Fproduct_cat&post=9902"},{"taxonomy":"product_tag","embeddable":true,"href":"https:\/\/cataloniacomics.com\/index.php?rest_route=%2Fwp%2Fv2%2Fproduct_tag&post=9902"}],"curies":[{"name":"wp","href":"https:\/\/api.w.org\/{rel}","templated":true}]}}

Batman : La caída del caballero oscuro. La saga completa 1

<p>En Santa Prisca, nació un muchacho que pasó la vida en la cárcel hasta que, transformado por un experimento, se marchó a Gotham City con un objetivo en mente: poner al Caballero Oscuro contra las cuerdas. Ahora, Bane ha liberado a todos los reclusos del Asilo Arkham. Y con las calles asediadas por el Joker, el Espantapájaros y sus demás enemigos habituales, ¿estará Batman en condiciones de enfrentarse cara a cara a su nuevo adversario cuando llegue la hora de la verdad?</p>
<p><strong>Chuck Dixon</strong>, <strong>Graham Nolan</strong>, <strong>Jim Aparo</strong>, <strong>Doug Moench</strong> y otros autores clásicos de la franquicia de Batman nos traen la primera parte de <i><strong>La caída del Caballero Oscuro</strong></i>, una de las sagas más importantes de la historia del personaje.</p>
