{"id":9847,"date":"2024-09-13T14:25:22","date_gmt":"2024-09-13T19:25:22","guid":{"rendered":"https:\/\/cataloniacomics.com\/?post_type=product&#038;p=9847"},"modified":"2026-01-22T22:33:52","modified_gmt":"2026-01-23T04:33:52","slug":"niebla-6","status":"publish","type":"product","link":"https:\/\/cataloniacomics.com\/?product=niebla-6","title":{"rendered":"Niebla 6"},"content":{"rendered":"<p>Astor Adima, antes heredero de un t\u00edtulo nobiliario, tierras y una enorme fortuna, se ve obligado a dejarlo todo, luego de que cientos de dragones invadieran y destruyeran la ciudad en donde se encontraba, y a \u00e9l lo acusaran de un terrible crimen.<br \/>\nDurante su exilio, Astor y sus dos acompa\u00f1antes, llegan a la ciudad de Gest\u00e9n, donde \u00e9l conoce a Pojmica, una Zuli con informaci\u00f3n y respuestas, que pueden comenzar a disipar la Niebla entre \u00e9l y su destino. Sin embargo, la naturaleza heroica de Astor, lo llevar\u00e1 a tomar decisiones que no son del todo convenientes para \u00e9l, o para sus acompa\u00f1antes.<br \/>\nA su vez, Sietre, su guardi\u00e1n, se embarca en una aventura para rastrear al pr\u00edncipe Talito, un misterioso hombre, que puede tener tambi\u00e9nalgunas respuestas. \u00bflo lograr\u00e1? o ira directo a una trampa?<br \/>\nEn esta nueva entrega de Niebla, llena de secuencias de acci\u00f3n y escenas cargadas de emoci\u00f3n; el autor, Ram\u00f3n Espinoza, con un arte bell\u00edsimo y un gui\u00f3n sumamente cuidado, contin\u00faa llev\u00e1ndonos de la mano por una aventura \u00e9pica y nos presenta a los Petrolquim\u00edstas; fascinantes guerreros\/sanadores que curan con piedras y protegen al inocente; a los Zulis, una raza de hombres color gris que se alimentan de insectos atray\u00e9ndolos en la noche con la luz azul que emana de sus cuerpos; y nuevos personajes que van nutriendo a esta mitolog\u00eda tansingular, llena de magia y fantas\u00eda.<br \/>\nNo se pierdan el nuevo cap\u00edtulo de este galardonado comic, orgullosamente mexicano, publicado por Corteza Editorial.<\/p>\n","protected":false},"excerpt":{"rendered":"<p>K0007<\/p>\n<p><a href=\"https:\/\/cataloniacomics.com\/wp-admin\/edit.php?product_tag=comic-mexicano&amp;post_type=product\">Comic Mexicano<\/a>,\u00a0<a href=\"https:\/\/cataloniacomics.com\/wp-admin\/edit.php?product_tag=corteza&amp;post_type=product\">Corteza<\/a><\/p>\n","protected":false},"featured_media":9848,"comment_status":"open","ping_status":"closed","template":"","meta":[],"product_brand":[],"product_cat":[130],"product_tag":[216,411],"class_list":["post-9847","product","type-product","status-publish","has-post-thumbnail","product_cat-comic","product_tag-comic-mexicano","product_tag-corteza","first","instock","sold-individually","shipping-taxable","purchasable","product-type-simple"],"_links":{"self":[{"href":"https:\/\/cataloniacomics.com\/index.php?rest_route=\/wp\/v2\/product\/9847","targetHints":{"allow":["GET"]}}],"collection":[{"href":"https:\/\/cataloniacomics.com\/index.php?rest_route=\/wp\/v2\/product"}],"about":[{"href":"https:\/\/cataloniacomics.com\/index.php?rest_route=\/wp\/v2\/types\/product"}],"replies":[{"embeddable":true,"href":"https:\/\/cataloniacomics.com\/index.php?rest_route=%2Fwp%2Fv2%2Fcomments&post=9847"}],"wp:featuredmedia":[{"embeddable":true,"href":"https:\/\/cataloniacomics.com\/index.php?rest_route=\/wp\/v2\/media\/9848"}],"wp:attachment":[{"href":"https:\/\/cataloniacomics.com\/index.php?rest_route=%2Fwp%2Fv2%2Fmedia&parent=9847"}],"wp:term":[{"taxonomy":"product_brand","embeddable":true,"href":"https:\/\/cataloniacomics.com\/index.php?rest_route=%2Fwp%2Fv2%2Fproduct_brand&post=9847"},{"taxonomy":"product_cat","embeddable":true,"href":"https:\/\/cataloniacomics.com\/index.php?rest_route=%2Fwp%2Fv2%2Fproduct_cat&post=9847"},{"taxonomy":"product_tag","embeddable":true,"href":"https:\/\/cataloniacomics.com\/index.php?rest_route=%2Fwp%2Fv2%2Fproduct_tag&post=9847"}],"curies":[{"name":"wp","href":"https:\/\/api.w.org\/{rel}","templated":true}]}}

<p>Astor Adima, antes heredero de un título nobiliario, tierras y una enorme fortuna, se ve obligado a dejarlo todo, luego de que cientos de dragones invadieran y destruyeran la ciudad en donde se encontraba, y a él lo acusaran de un terrible crimen.<br />
Durante su exilio, Astor y sus dos acompañantes, llegan a la ciudad de Gestén, donde él conoce a Pojmica, una Zuli con información y respuestas, que pueden comenzar a disipar la Niebla entre él y su destino. Sin embargo, la naturaleza heroica de Astor, lo llevará a tomar decisiones que no son del todo convenientes para él, o para sus acompañantes.<br />
A su vez, Sietre, su guardián, se embarca en una aventura para rastrear al príncipe Talito, un misterioso hombre, que puede tener tambiénalgunas respuestas. ¿lo logrará? o ira directo a una trampa?<br />
En esta nueva entrega de Niebla, llena de secuencias de acción y escenas cargadas de emoción; el autor, Ramón Espinoza, con un arte bellísimo y un guión sumamente cuidado, continúa llevándonos de la mano por una aventura épica y nos presenta a los Petrolquimístas; fascinantes guerreros/sanadores que curan con piedras y protegen al inocente; a los Zulis, una raza de hombres color gris que se alimentan de insectos atrayéndolos en la noche con la luz azul que emana de sus cuerpos; y nuevos personajes que van nutriendo a esta mitología tansingular, llena de magia y fantasía.<br />
No se pierdan el nuevo capítulo de este galardonado comic, orgullosamente mexicano, publicado por Corteza Editorial.</p>
