{"id":7905,"date":"2024-07-16T00:16:02","date_gmt":"2024-07-15T22:16:02","guid":{"rendered":"https:\/\/cataloniacomics.com\/?post_type=product&#038;p=7905"},"modified":"2026-01-20T16:57:32","modified_gmt":"2026-01-20T22:57:32","slug":"verano-indio","status":"publish","type":"product","link":"https:\/\/cataloniacomics.com\/?product=verano-indio","title":{"rendered":"Verano indio"},"content":{"rendered":"<p>Un relato sensual y violento ambientado en la Ame\u0301rica puritana de los primeros colonos, firmado por dos grandes maestros del co\u0301mic mundial. Un verano ten\u0303ido de sangre, venganza y muerte.<\/p>\n<p>El dibujo estilizado del mejor Milo Manara \u2014El clic, Las aventuras de Giuseppe Bergman\u2014 y la genial pluma de Hugo Pratt \u2014Corto Malte\u0301s\u2014 se unen en esta tra\u0301gica historia de tintes shakesperianos.<\/p>\n<p>En octubre de 1983, la editorial italiana Milano Libri estren\u00f3 una revista llamada Corto Maltese que inclu\u00eda en el sumario el primer cap\u00edtulo de Verano indio, una de las dos \u00fanicas colaboraciones entre esos dos maestros de la historieta mundial que son Hugo Pratt (en calidad de guionista) y Milo Manara (como dibujante). Ahora recuperamos esta obra magna de los c\u00f3mics en una edici\u00f3n que satisfar\u00e1 los paladares m\u00e1s exigentes.<\/p>\n","protected":false},"excerpt":{"rendered":"<p>9788467938630<\/p>\n<p>Er\u00f3tico,\u00a0Hugo Pratt,\u00a0Milo Manara,\u00a0Norma Editorial<\/p>\n","protected":false},"featured_media":7906,"comment_status":"open","ping_status":"closed","template":"","meta":[],"product_brand":[537],"product_cat":[129],"product_tag":[283,439,438,156],"class_list":["post-7905","product","type-product","status-publish","has-post-thumbnail","product_brand-norma-editorial","product_cat-novela-grafica","product_tag-erotico","product_tag-hugo-pratt","product_tag-milo-manara","product_tag-norma-editorial","first","outofstock","sold-individually","shipping-taxable","purchasable","product-type-simple"],"_links":{"self":[{"href":"https:\/\/cataloniacomics.com\/index.php?rest_route=\/wp\/v2\/product\/7905","targetHints":{"allow":["GET"]}}],"collection":[{"href":"https:\/\/cataloniacomics.com\/index.php?rest_route=\/wp\/v2\/product"}],"about":[{"href":"https:\/\/cataloniacomics.com\/index.php?rest_route=\/wp\/v2\/types\/product"}],"replies":[{"embeddable":true,"href":"https:\/\/cataloniacomics.com\/index.php?rest_route=%2Fwp%2Fv2%2Fcomments&post=7905"}],"wp:featuredmedia":[{"embeddable":true,"href":"https:\/\/cataloniacomics.com\/index.php?rest_route=\/wp\/v2\/media\/7906"}],"wp:attachment":[{"href":"https:\/\/cataloniacomics.com\/index.php?rest_route=%2Fwp%2Fv2%2Fmedia&parent=7905"}],"wp:term":[{"taxonomy":"product_brand","embeddable":true,"href":"https:\/\/cataloniacomics.com\/index.php?rest_route=%2Fwp%2Fv2%2Fproduct_brand&post=7905"},{"taxonomy":"product_cat","embeddable":true,"href":"https:\/\/cataloniacomics.com\/index.php?rest_route=%2Fwp%2Fv2%2Fproduct_cat&post=7905"},{"taxonomy":"product_tag","embeddable":true,"href":"https:\/\/cataloniacomics.com\/index.php?rest_route=%2Fwp%2Fv2%2Fproduct_tag&post=7905"}],"curies":[{"name":"wp","href":"https:\/\/api.w.org\/{rel}","templated":true}]}}

<p>Un relato sensual y violento ambientado en la América puritana de los primeros colonos, firmado por dos grandes maestros del cómic mundial. Un verano teñido de sangre, venganza y muerte.</p>
<p>El dibujo estilizado del mejor Milo Manara —El clic, Las aventuras de Giuseppe Bergman— y la genial pluma de Hugo Pratt —Corto Maltés— se unen en esta trágica historia de tintes shakesperianos.</p>
<p>En octubre de 1983, la editorial italiana Milano Libri estrenó una revista llamada Corto Maltese que incluía en el sumario el primer capítulo de Verano indio, una de las dos únicas colaboraciones entre esos dos maestros de la historieta mundial que son Hugo Pratt (en calidad de guionista) y Milo Manara (como dibujante). Ahora recuperamos esta obra magna de los cómics en una edición que satisfará los paladares más exigentes.</p>

<p>9788467938630</p>
<p>Erótico, Hugo Pratt, Milo Manara, Norma Editorial</p>
