{"id":7886,"date":"2024-07-15T23:43:36","date_gmt":"2024-07-15T21:43:36","guid":{"rendered":"https:\/\/cataloniacomics.com\/?post_type=product&#038;p=7886"},"modified":"2026-01-20T16:54:27","modified_gmt":"2026-01-20T22:54:27","slug":"berlin-sera-nuestra-tumba","status":"publish","type":"product","link":"https:\/\/cataloniacomics.com\/?product=berlin-sera-nuestra-tumba","title":{"rendered":"Berl\u00edn ser\u00e1 nuestra tumba"},"content":{"rendered":"<p>LA POL\u00c9MICA HISTORIA REAL DE LOS SOLDADOS FRANCESES QUE LUCHARON COMO VOLUNTARIOS JUNTO A LOS NAZIS<\/p>\n<p>Berl\u00edn, 24 de abril de 1945. El ej\u00e9rcito sovi\u00e9tico est\u00e1 a las puertas de la ciudad, convertida en un amasijo de escombros por el bombardeo incesante de la aviaci\u00f3n enemiga. Unas pocas unidades se disponen a defender con u\u00f1as y dientes las ruinas de la capital del Reich. Entre ellas destaca la divisi\u00f3n Carlomagno, compuesta por efectivos franceses que afrontar\u00e1n en las jornadas pr\u00f3ximas su hora decisiva.<\/p>\n<p>Aut\u00e9ntico especialista en c\u00f3mic b\u00e9lico, con t\u00edtulos como Bomb Road y Misty Mission a sus espaldas, Michel Koeniguer firm\u00f3 aqu\u00ed su obra p\u00f3stuma gracias a la asistencia del dibujante Vincenzo Giordano.<\/p>\n","protected":false},"excerpt":{"rendered":"<p>9788467965674<\/p>\n<p><a href=\"https:\/\/cataloniacomics.com\/wp-admin\/edit.php?product_tag=belico&amp;post_type=product\">B\u00e9lico<\/a>,\u00a0<a href=\"https:\/\/cataloniacomics.com\/wp-admin\/edit.php?product_tag=historico&amp;post_type=product\">Hist\u00f3rico<\/a>,\u00a0<a href=\"https:\/\/cataloniacomics.com\/wp-admin\/edit.php?product_tag=norma-editorial&amp;post_type=product\">Norma Editorial<\/a><\/p>\n","protected":false},"featured_media":7887,"comment_status":"open","ping_status":"closed","template":"","meta":[],"product_brand":[537],"product_cat":[129],"product_tag":[163,162,156],"class_list":["post-7886","product","type-product","status-publish","has-post-thumbnail","product_brand-norma-editorial","product_cat-novela-grafica","product_tag-belico","product_tag-historico","product_tag-norma-editorial","first","outofstock","sold-individually","shipping-taxable","purchasable","product-type-simple"],"_links":{"self":[{"href":"https:\/\/cataloniacomics.com\/index.php?rest_route=\/wp\/v2\/product\/7886","targetHints":{"allow":["GET"]}}],"collection":[{"href":"https:\/\/cataloniacomics.com\/index.php?rest_route=\/wp\/v2\/product"}],"about":[{"href":"https:\/\/cataloniacomics.com\/index.php?rest_route=\/wp\/v2\/types\/product"}],"replies":[{"embeddable":true,"href":"https:\/\/cataloniacomics.com\/index.php?rest_route=%2Fwp%2Fv2%2Fcomments&post=7886"}],"wp:featuredmedia":[{"embeddable":true,"href":"https:\/\/cataloniacomics.com\/index.php?rest_route=\/wp\/v2\/media\/7887"}],"wp:attachment":[{"href":"https:\/\/cataloniacomics.com\/index.php?rest_route=%2Fwp%2Fv2%2Fmedia&parent=7886"}],"wp:term":[{"taxonomy":"product_brand","embeddable":true,"href":"https:\/\/cataloniacomics.com\/index.php?rest_route=%2Fwp%2Fv2%2Fproduct_brand&post=7886"},{"taxonomy":"product_cat","embeddable":true,"href":"https:\/\/cataloniacomics.com\/index.php?rest_route=%2Fwp%2Fv2%2Fproduct_cat&post=7886"},{"taxonomy":"product_tag","embeddable":true,"href":"https:\/\/cataloniacomics.com\/index.php?rest_route=%2Fwp%2Fv2%2Fproduct_tag&post=7886"}],"curies":[{"name":"wp","href":"https:\/\/api.w.org\/{rel}","templated":true}]}}

Berlín será nuestra tumba

<p>LA POLÉMICA HISTORIA REAL DE LOS SOLDADOS FRANCESES QUE LUCHARON COMO VOLUNTARIOS JUNTO A LOS NAZIS</p>
<p>Berlín, 24 de abril de 1945. El ejército soviético está a las puertas de la ciudad, convertida en un amasijo de escombros por el bombardeo incesante de la aviación enemiga. Unas pocas unidades se disponen a defender con uñas y dientes las ruinas de la capital del Reich. Entre ellas destaca la división Carlomagno, compuesta por efectivos franceses que afrontarán en las jornadas próximas su hora decisiva.</p>
<p>Auténtico especialista en cómic bélico, con títulos como Bomb Road y Misty Mission a sus espaldas, Michel Koeniguer firmó aquí su obra póstuma gracias a la asistencia del dibujante Vincenzo Giordano.</p>

<p>9788467965674</p>
<p><a href="https://cataloniacomics.com/wp-admin/edit.php?product_tag=belico&amp;post_type=product">Bélico</a>, <a href="https://cataloniacomics.com/wp-admin/edit.php?product_tag=historico&amp;post_type=product">Histórico</a>, <a href="https://cataloniacomics.com/wp-admin/edit.php?product_tag=norma-editorial&amp;post_type=product">Norma Editorial</a></p>
