{"id":7873,"date":"2024-07-15T23:25:46","date_gmt":"2024-07-15T21:25:46","guid":{"rendered":"https:\/\/cataloniacomics.com\/?post_type=product&#038;p=7873"},"modified":"2026-01-19T22:08:32","modified_gmt":"2026-01-20T04:08:32","slug":"efectos-secundarios-19-historietas-del-covid","status":"publish","type":"product","link":"https:\/\/cataloniacomics.com\/?product=efectos-secundarios-19-historietas-del-covid","title":{"rendered":"Efectos secundarios : 19 Historietas del Covid"},"content":{"rendered":"<p>Durante meses, nuestra vida se convirti\u00f3 en un seguido de peque\u00f1as ventanas: las de la televisi\u00f3n, por donde nos llegaban tsunamis de cifras aterradoras; las de las videoconferencias, que canalizaban nuestra necesidad de socializaci\u00f3n y cambiaban nuestra forma de trabajar, y las de las ventanas, que transformaban las fincas de enfrente en un inmenso conjunto de vi\u00f1etas. Durante ese confinamiento de la primavera de 2020, Cultura en Vena \u2013fundaci\u00f3n que acerca las artes a los hospitales y comunidades rurales en riesgo de despoblaci\u00f3n\u2013 gest\u00f3 un proyecto alrededor del c\u00f3mic, realizando 19 encargos a creadores para que reflejasen sus vivencias a trav\u00e9s de las vi\u00f1etas.<\/p>\n<p><em>Efectos secundarios<\/em>\u00a0es una coedici\u00f3n entre Astiberri y la Fundaci\u00f3n Cultura en Vena, en la que participan autores y autoras de muy alto nivel como Alfonso Zapico, Cristina Dur\u00e1n, Paco Roca, Carla Berrocal o Ana Galva\u00f1, con el objetivo de estimular la reflexi\u00f3n no solo sobre la pandemia y sus efectos m\u00e1s inmediatos, sino sobre todas las grandes cuestiones y problem\u00e1ticas que \u00e9sta ha acelerado en todo el planeta, como el cuidado de las personas mayores, la inminente crisis medioambiental, o el cuestionamiento de las libertades individuales. Adem\u00e1s, a partir de oto\u00f1o de 2021 este proyecto tambi\u00e9n se mostrar\u00e1 en una exposici\u00f3n itinerante que viajar\u00e1 por hospitales y comunidades rurales, dentro del programa Arte Ambulatorio de la fundaci\u00f3n.<\/p>\n","protected":false},"excerpt":{"rendered":"<p>9788418215933<\/p>\n<p><a href=\"https:\/\/cataloniacomics.com\/wp-admin\/edit.php?product_tag=antologia&amp;post_type=product\">Antolog\u00eda<\/a>,\u00a0<a href=\"https:\/\/cataloniacomics.com\/wp-admin\/edit.php?product_tag=astiberri&amp;post_type=product\">Astiberri<\/a>,\u00a0<a href=\"https:\/\/cataloniacomics.com\/wp-admin\/edit.php?product_tag=paco-roca&amp;post_type=product\">Paco Roca<\/a>,\u00a0<a href=\"https:\/\/cataloniacomics.com\/wp-admin\/edit.php?product_tag=salud&amp;post_type=product\">Salud<\/a><\/p>\n","protected":false},"featured_media":7874,"comment_status":"open","ping_status":"closed","template":"","meta":[],"product_brand":[536],"product_cat":[129],"product_tag":[191,144,146,341],"class_list":["post-7873","product","type-product","status-publish","has-post-thumbnail","product_brand-astiberri","product_cat-novela-grafica","product_tag-antologia","product_tag-astiberri","product_tag-paco-roca","product_tag-salud","first","instock","sold-individually","shipping-taxable","purchasable","product-type-simple"],"_links":{"self":[{"href":"https:\/\/cataloniacomics.com\/index.php?rest_route=\/wp\/v2\/product\/7873","targetHints":{"allow":["GET"]}}],"collection":[{"href":"https:\/\/cataloniacomics.com\/index.php?rest_route=\/wp\/v2\/product"}],"about":[{"href":"https:\/\/cataloniacomics.com\/index.php?rest_route=\/wp\/v2\/types\/product"}],"replies":[{"embeddable":true,"href":"https:\/\/cataloniacomics.com\/index.php?rest_route=%2Fwp%2Fv2%2Fcomments&post=7873"}],"wp:featuredmedia":[{"embeddable":true,"href":"https:\/\/cataloniacomics.com\/index.php?rest_route=\/wp\/v2\/media\/7874"}],"wp:attachment":[{"href":"https:\/\/cataloniacomics.com\/index.php?rest_route=%2Fwp%2Fv2%2Fmedia&parent=7873"}],"wp:term":[{"taxonomy":"product_brand","embeddable":true,"href":"https:\/\/cataloniacomics.com\/index.php?rest_route=%2Fwp%2Fv2%2Fproduct_brand&post=7873"},{"taxonomy":"product_cat","embeddable":true,"href":"https:\/\/cataloniacomics.com\/index.php?rest_route=%2Fwp%2Fv2%2Fproduct_cat&post=7873"},{"taxonomy":"product_tag","embeddable":true,"href":"https:\/\/cataloniacomics.com\/index.php?rest_route=%2Fwp%2Fv2%2Fproduct_tag&post=7873"}],"curies":[{"name":"wp","href":"https:\/\/api.w.org\/{rel}","templated":true}]}}

<p>Durante meses, nuestra vida se convirtió en un seguido de pequeñas ventanas: las de la televisión, por donde nos llegaban tsunamis de cifras aterradoras; las de las videoconferencias, que canalizaban nuestra necesidad de socialización y cambiaban nuestra forma de trabajar, y las de las ventanas, que transformaban las fincas de enfrente en un inmenso conjunto de viñetas. Durante ese confinamiento de la primavera de 2020, Cultura en Vena –fundación que acerca las artes a los hospitales y comunidades rurales en riesgo de despoblación– gestó un proyecto alrededor del cómic, realizando 19 encargos a creadores para que reflejasen sus vivencias a través de las viñetas.</p>
<p><em>Efectos secundarios</em> es una coedición entre Astiberri y la Fundación Cultura en Vena, en la que participan autores y autoras de muy alto nivel como Alfonso Zapico, Cristina Durán, Paco Roca, Carla Berrocal o Ana Galvañ, con el objetivo de estimular la reflexión no solo sobre la pandemia y sus efectos más inmediatos, sino sobre todas las grandes cuestiones y problemáticas que ésta ha acelerado en todo el planeta, como el cuidado de las personas mayores, la inminente crisis medioambiental, o el cuestionamiento de las libertades individuales. Además, a partir de otoño de 2021 este proyecto también se mostrará en una exposición itinerante que viajará por hospitales y comunidades rurales, dentro del programa Arte Ambulatorio de la fundación.</p>

<p>9788418215933</p>
<p><a href="https://cataloniacomics.com/wp-admin/edit.php?product_tag=antologia&amp;post_type=product">Antología</a>, <a href="https://cataloniacomics.com/wp-admin/edit.php?product_tag=astiberri&amp;post_type=product">Astiberri</a>, <a href="https://cataloniacomics.com/wp-admin/edit.php?product_tag=paco-roca&amp;post_type=product">Paco Roca</a>, <a href="https://cataloniacomics.com/wp-admin/edit.php?product_tag=salud&amp;post_type=product">Salud</a></p>
