{"id":7742,"date":"2024-07-13T20:26:45","date_gmt":"2024-07-13T18:26:45","guid":{"rendered":"https:\/\/cataloniacomics.com\/?post_type=product&#038;p=7742"},"modified":"2026-01-19T21:12:59","modified_gmt":"2026-01-20T03:12:59","slug":"dublines","status":"publish","type":"product","link":"https:\/\/cataloniacomics.com\/?product=dublines","title":{"rendered":"Dublin\u00e9s"},"content":{"rendered":"<p>El asturiano Alfonso Zapico, premio autor revelaci\u00f3n de 2010 en el Sal\u00f3n Internacional del C\u00f3mic de Barcelona, se ha sumergido durante 3 a\u00f1os en el proceso de creaci\u00f3n de\u00a0<em>Dublin\u00e9s,<\/em>\u00a0una novela gr\u00e1fica centrada en la vida de James Joyce en la que recorre los momentos, conversaciones, penurias y aventuras con las que se fue construyendo una de las grandes figuras del siglo XX y por el que ha ganado el Premio Nacional del C\u00f3mic 2012, promovido por el Ministerio de Cultura.<\/p>\n<p>Con un arduo trabajo de documentaci\u00f3n y de plasmaci\u00f3n en vi\u00f1etas, este relato, salpicado de m\u00faltiples an\u00e9cdotas, es adem\u00e1s un cautivador viaje en tren por aquellas ciudades \u2013Dubl\u00edn, Trieste, Par\u00eds y Z\u00farich\u2013 por las que fue dejando su rastro de vida este irland\u00e9s universal. Ilustres autores van desfilando por sus p\u00e1ginas como Henrik Ibsen, W. B. Yeats, Ezra Pound, H. G. Wells, Bernard Shaw, T. S. Eliot, Virginia Woolf, Paul Val\u00e9ry, Marcel Proust, Ernest Hemingway, Samuel Beckett, Serg\u00e9i Eisenstein, Henri Matisse, Andr\u00e9 Gide, Le Corbusier, y hasta Lenin.<\/p>\n<p>Ya quedaba claro que a Zapico no le asustaban los retos, a priori complicados, cuando con\u00a0<em><a href=\"https:\/\/www.astiberri.com\/products\/cafe-budapest\" target=\"_blank\" rel=\"noopener\">Caf\u00e9 Budapest<\/a>\u00a0<\/em>(Astiberri, 2008) decide meterse de lleno en una ficci\u00f3n determinada por los or\u00edgenes del todav\u00eda no resuelto conflicto palestino-israel\u00ed. Acto seguido, tras caer fascinado por la figura de Joyce, este autor de la Cuenca Minera da salida a un met\u00f3dico plan a partir de un viaje por la vieja Europa que le permite tomar innumerables apuntes de campo y desarrollar una precisa labor de documentaci\u00f3n, incluyendo m\u00faltiples entrevistas con contrastados estudiosos de la vida y obra de Joyce, que le posibilitan dar brillo y entidad crecientes al proyecto de\u00a0<em>Dublin\u00e9s.<\/em><\/p>\n<p>En realidad el acercamiento a Joyce es doble, ya que un cuaderno de viaje,\u00a0<em><a href=\"https:\/\/www.astiberri.com\/products\/la-ruta-joyce\" target=\"_blank\" rel=\"noopener\">La ruta Joyce<\/a>\u00a0<\/em>(Astiberri, 2011), relata la particular aventura de Alfonso Zapico en el proceso de gestaci\u00f3n de\u00a0<em>Dublin\u00e9s<\/em>\u00a0y su recorrido por las ciudades que visit\u00f3 tras los pasos de James Joyce en su arduo proceso de documentaci\u00f3n e investigaci\u00f3n, que le llev\u00f3 tambi\u00e9n a otras ciudades como Bilbao o Angoul\u00eame.<\/p>\n","protected":false},"excerpt":{"rendered":"<p>9788415163046<\/p>\n<p><a href=\"https:\/\/cataloniacomics.com\/wp-admin\/edit.php?product_tag=arte&amp;post_type=product\">Arte<\/a>,\u00a0<a href=\"https:\/\/cataloniacomics.com\/wp-admin\/edit.php?product_tag=astiberri&amp;post_type=product\">Astiberri<\/a>,\u00a0<a href=\"https:\/\/cataloniacomics.com\/wp-admin\/edit.php?product_tag=biografia&amp;post_type=product\">Biograf\u00eda<\/a>,\u00a0<a href=\"https:\/\/cataloniacomics.com\/wp-admin\/edit.php?product_tag=historico&amp;post_type=product\">Hist\u00f3rico<\/a>,\u00a0<a href=\"https:\/\/cataloniacomics.com\/wp-admin\/edit.php?product_tag=viajes&amp;post_type=product\">Viajes<\/a><\/p>\n","protected":false},"featured_media":7743,"comment_status":"open","ping_status":"closed","template":"","meta":[],"product_brand":[536],"product_cat":[129],"product_tag":[264,144,208,162,310],"class_list":["post-7742","product","type-product","status-publish","has-post-thumbnail","product_brand-astiberri","product_cat-novela-grafica","product_tag-arte","product_tag-astiberri","product_tag-biografia","product_tag-historico","product_tag-viajes","first","instock","sold-individually","shipping-taxable","purchasable","product-type-simple"],"_links":{"self":[{"href":"https:\/\/cataloniacomics.com\/index.php?rest_route=\/wp\/v2\/product\/7742","targetHints":{"allow":["GET"]}}],"collection":[{"href":"https:\/\/cataloniacomics.com\/index.php?rest_route=\/wp\/v2\/product"}],"about":[{"href":"https:\/\/cataloniacomics.com\/index.php?rest_route=\/wp\/v2\/types\/product"}],"replies":[{"embeddable":true,"href":"https:\/\/cataloniacomics.com\/index.php?rest_route=%2Fwp%2Fv2%2Fcomments&post=7742"}],"wp:featuredmedia":[{"embeddable":true,"href":"https:\/\/cataloniacomics.com\/index.php?rest_route=\/wp\/v2\/media\/7743"}],"wp:attachment":[{"href":"https:\/\/cataloniacomics.com\/index.php?rest_route=%2Fwp%2Fv2%2Fmedia&parent=7742"}],"wp:term":[{"taxonomy":"product_brand","embeddable":true,"href":"https:\/\/cataloniacomics.com\/index.php?rest_route=%2Fwp%2Fv2%2Fproduct_brand&post=7742"},{"taxonomy":"product_cat","embeddable":true,"href":"https:\/\/cataloniacomics.com\/index.php?rest_route=%2Fwp%2Fv2%2Fproduct_cat&post=7742"},{"taxonomy":"product_tag","embeddable":true,"href":"https:\/\/cataloniacomics.com\/index.php?rest_route=%2Fwp%2Fv2%2Fproduct_tag&post=7742"}],"curies":[{"name":"wp","href":"https:\/\/api.w.org\/{rel}","templated":true}]}}

Dublinés

<p>El asturiano Alfonso Zapico, premio autor revelación de 2010 en el Salón Internacional del Cómic de Barcelona, se ha sumergido durante 3 años en el proceso de creación de <em>Dublinés,</em> una novela gráfica centrada en la vida de James Joyce en la que recorre los momentos, conversaciones, penurias y aventuras con las que se fue construyendo una de las grandes figuras del siglo XX y por el que ha ganado el Premio Nacional del Cómic 2012, promovido por el Ministerio de Cultura.</p>
<p>Con un arduo trabajo de documentación y de plasmación en viñetas, este relato, salpicado de múltiples anécdotas, es además un cautivador viaje en tren por aquellas ciudades –Dublín, Trieste, París y Zúrich– por las que fue dejando su rastro de vida este irlandés universal. Ilustres autores van desfilando por sus páginas como Henrik Ibsen, W. B. Yeats, Ezra Pound, H. G. Wells, Bernard Shaw, T. S. Eliot, Virginia Woolf, Paul Valéry, Marcel Proust, Ernest Hemingway, Samuel Beckett, Sergéi Eisenstein, Henri Matisse, André Gide, Le Corbusier, y hasta Lenin.</p>
<p>Ya quedaba claro que a Zapico no le asustaban los retos, a priori complicados, cuando con <em><a href="https://www.astiberri.com/products/cafe-budapest" target="_blank" rel="noopener">Café Budapest</a> </em>(Astiberri, 2008) decide meterse de lleno en una ficción determinada por los orígenes del todavía no resuelto conflicto palestino-israelí. Acto seguido, tras caer fascinado por la figura de Joyce, este autor de la Cuenca Minera da salida a un metódico plan a partir de un viaje por la vieja Europa que le permite tomar innumerables apuntes de campo y desarrollar una precisa labor de documentación, incluyendo múltiples entrevistas con contrastados estudiosos de la vida y obra de Joyce, que le posibilitan dar brillo y entidad crecientes al proyecto de <em>Dublinés.</em></p>
<p>En realidad el acercamiento a Joyce es doble, ya que un cuaderno de viaje, <em><a href="https://www.astiberri.com/products/la-ruta-joyce" target="_blank" rel="noopener">La ruta Joyce</a> </em>(Astiberri, 2011), relata la particular aventura de Alfonso Zapico en el proceso de gestación de <em>Dublinés</em> y su recorrido por las ciudades que visitó tras los pasos de James Joyce en su arduo proceso de documentación e investigación, que le llevó también a otras ciudades como Bilbao o Angoulême.</p>

<p>9788415163046</p>
<p><a href="https://cataloniacomics.com/wp-admin/edit.php?product_tag=arte&amp;post_type=product">Arte</a>, <a href="https://cataloniacomics.com/wp-admin/edit.php?product_tag=astiberri&amp;post_type=product">Astiberri</a>, <a href="https://cataloniacomics.com/wp-admin/edit.php?product_tag=biografia&amp;post_type=product">Biografía</a>, <a href="https://cataloniacomics.com/wp-admin/edit.php?product_tag=historico&amp;post_type=product">Histórico</a>, <a href="https://cataloniacomics.com/wp-admin/edit.php?product_tag=viajes&amp;post_type=product">Viajes</a></p>
