{"id":7711,"date":"2024-07-13T01:13:15","date_gmt":"2024-07-12T23:13:15","guid":{"rendered":"https:\/\/cataloniacomics.com\/?post_type=product&#038;p=7711"},"modified":"2026-01-19T21:08:09","modified_gmt":"2026-01-20T03:08:09","slug":"el-arte-de-volar","status":"publish","type":"product","link":"https:\/\/cataloniacomics.com\/?product=el-arte-de-volar","title":{"rendered":"El arte de volar"},"content":{"rendered":"<p>El 4 de mayo de 2001, el padre de Antonio Altarriba se arroj\u00f3 por la ventana de la residencia de ancianos de Lardero. Sin embargo, su vuelo comenz\u00f3 noventa a\u00f1os atr\u00e1s. Inconformista y luchador, Altarriba padre pas\u00f3 su vida aprendiendo a volar. Desde los campos de Pe\u00f1aflor, las trincheras de la lucha antifranquista, la Francia del exilio o la Espa\u00f1a del dictador, Antonio despleg\u00f3 sus alas frente a los vientos del siglo XX. Su hijo, en la piel del padre, documenta su historia y construye una de las mejores cr\u00f3nicas de la Espa\u00f1a del pasado siglo. Publicada por primera vez en 2009 y ganadora del Premio Nacional de C\u00f3mic 2010, El arte de volar es uno de los grandes hitos de la historia de nuestro c\u00f3mic. Antonio Altarriba y Kim firman una obra imprescindible, alabada por lectores de todo el mundo y presentada ahora en una edici\u00f3n revisada y ampliada.<\/p>\n","protected":false},"excerpt":{"rendered":"<p>9788467924718<\/p>\n<p><a href=\"https:\/\/cataloniacomics.com\/wp-admin\/edit.php?product_tag=biografia&amp;post_type=product\">Biograf\u00eda<\/a>,\u00a0<a href=\"https:\/\/cataloniacomics.com\/wp-admin\/edit.php?product_tag=historico&amp;post_type=product\">Hist\u00f3rico<\/a>,\u00a0<a href=\"https:\/\/cataloniacomics.com\/wp-admin\/edit.php?product_tag=norma-editorial&amp;post_type=product\">Norma Editorial<\/a><\/p>\n","protected":false},"featured_media":7712,"comment_status":"open","ping_status":"closed","template":"","meta":[],"product_brand":[537],"product_cat":[129],"product_tag":[208,162,156],"class_list":["post-7711","product","type-product","status-publish","has-post-thumbnail","product_brand-norma-editorial","product_cat-novela-grafica","product_tag-biografia","product_tag-historico","product_tag-norma-editorial","first","outofstock","sold-individually","shipping-taxable","purchasable","product-type-simple"],"_links":{"self":[{"href":"https:\/\/cataloniacomics.com\/index.php?rest_route=\/wp\/v2\/product\/7711","targetHints":{"allow":["GET"]}}],"collection":[{"href":"https:\/\/cataloniacomics.com\/index.php?rest_route=\/wp\/v2\/product"}],"about":[{"href":"https:\/\/cataloniacomics.com\/index.php?rest_route=\/wp\/v2\/types\/product"}],"replies":[{"embeddable":true,"href":"https:\/\/cataloniacomics.com\/index.php?rest_route=%2Fwp%2Fv2%2Fcomments&post=7711"}],"wp:featuredmedia":[{"embeddable":true,"href":"https:\/\/cataloniacomics.com\/index.php?rest_route=\/wp\/v2\/media\/7712"}],"wp:attachment":[{"href":"https:\/\/cataloniacomics.com\/index.php?rest_route=%2Fwp%2Fv2%2Fmedia&parent=7711"}],"wp:term":[{"taxonomy":"product_brand","embeddable":true,"href":"https:\/\/cataloniacomics.com\/index.php?rest_route=%2Fwp%2Fv2%2Fproduct_brand&post=7711"},{"taxonomy":"product_cat","embeddable":true,"href":"https:\/\/cataloniacomics.com\/index.php?rest_route=%2Fwp%2Fv2%2Fproduct_cat&post=7711"},{"taxonomy":"product_tag","embeddable":true,"href":"https:\/\/cataloniacomics.com\/index.php?rest_route=%2Fwp%2Fv2%2Fproduct_tag&post=7711"}],"curies":[{"name":"wp","href":"https:\/\/api.w.org\/{rel}","templated":true}]}}

<p>El 4 de mayo de 2001, el padre de Antonio Altarriba se arrojó por la ventana de la residencia de ancianos de Lardero. Sin embargo, su vuelo comenzó noventa años atrás. Inconformista y luchador, Altarriba padre pasó su vida aprendiendo a volar. Desde los campos de Peñaflor, las trincheras de la lucha antifranquista, la Francia del exilio o la España del dictador, Antonio desplegó sus alas frente a los vientos del siglo XX. Su hijo, en la piel del padre, documenta su historia y construye una de las mejores crónicas de la España del pasado siglo. Publicada por primera vez en 2009 y ganadora del Premio Nacional de Cómic 2010, El arte de volar es uno de los grandes hitos de la historia de nuestro cómic. Antonio Altarriba y Kim firman una obra imprescindible, alabada por lectores de todo el mundo y presentada ahora en una edición revisada y ampliada.</p>

<p>9788467924718</p>
<p><a href="https://cataloniacomics.com/wp-admin/edit.php?product_tag=biografia&amp;post_type=product">Biografía</a>, <a href="https://cataloniacomics.com/wp-admin/edit.php?product_tag=historico&amp;post_type=product">Histórico</a>, <a href="https://cataloniacomics.com/wp-admin/edit.php?product_tag=norma-editorial&amp;post_type=product">Norma Editorial</a></p>
