{"id":7675,"date":"2024-07-12T23:49:04","date_gmt":"2024-07-12T21:49:04","guid":{"rendered":"https:\/\/cataloniacomics.com\/?post_type=product&#038;p=7675"},"modified":"2026-01-19T19:49:59","modified_gmt":"2026-01-20T01:49:59","slug":"maria-y-yo","status":"publish","type":"product","link":"https:\/\/cataloniacomics.com\/?product=maria-y-yo","title":{"rendered":"Mar\u00eda y yo"},"content":{"rendered":"<p><em>Mar\u00eda y yo<\/em>\u00a0es una obra importante, tanto por el tema que trata, el autismo, como por la mirada delicada, sensible y divertida con la que Miguel Gallardo nos muestra su feliz relaci\u00f3n con su hija, Mar\u00eda. Una obra reveladora, a todas luces cat\u00e1rtica, que supone un paso adelante en la dilatada trayectoria profesional del creador catal\u00e1n, con la que se hizo merecedor del Premio Nacional de C\u00f3mic de Catalu\u00f1a 2008.<\/p>\n<p>Amaia Herv\u00e1s, psiquiatra infantojuvenil, destaca: \u201cUn aspecto muy importante conocido por maestros, profesionales y padres del aprendizaje de ni\u00f1os con autismo es la utilizaci\u00f3n de im\u00e1genes claras y sint\u00e9ticas que transmitan ideas o situaciones. En este libro, Miguel Gallardo, acostumbrado a comunicarse visualmente con su hija Mar\u00eda, quiere compartirlo con sus lectores como si nosotros fu\u00e9ramos ella y a trav\u00e9s de sus dibujos entendamos su mensaje simple y breve de una manera inequ\u00edvoca. Este libro rebosa im\u00e1genes que transmiten sensaciones y emociones de Mar\u00eda, de su padre y de su entorno. Miguel, que desde hace a\u00f1os sabe que a Mar\u00eda sus fant\u00e1sticos dibujos la hacen feliz, la tranquilizan y la ayudan a comprender este mundo, quiere utilizarlos tambi\u00e9n con nosotros para que compartamos las emociones de Mar\u00eda hacia \u00e9l y sus seres queridos\u201d.<\/p>\n","protected":false},"excerpt":{"rendered":"<p>9788496815407<\/p>\n<p><a href=\"https:\/\/cataloniacomics.com\/wp-admin\/edit.php?product_tag=astiberri&amp;post_type=product\">Astiberri<\/a>,\u00a0<a href=\"https:\/\/cataloniacomics.com\/wp-admin\/edit.php?product_tag=autobiografico&amp;post_type=product\">Autobiogr\u00e1fico<\/a>,\u00a0<a href=\"https:\/\/cataloniacomics.com\/wp-admin\/edit.php?product_tag=salud&amp;post_type=product\">Salud<\/a><\/p>\n","protected":false},"featured_media":7676,"comment_status":"open","ping_status":"closed","template":"","meta":[],"product_brand":[536],"product_cat":[129],"product_tag":[144,246,341],"class_list":["post-7675","product","type-product","status-publish","has-post-thumbnail","product_brand-astiberri","product_cat-novela-grafica","product_tag-astiberri","product_tag-autobiografico","product_tag-salud","first","instock","sold-individually","shipping-taxable","purchasable","product-type-simple"],"_links":{"self":[{"href":"https:\/\/cataloniacomics.com\/index.php?rest_route=\/wp\/v2\/product\/7675","targetHints":{"allow":["GET"]}}],"collection":[{"href":"https:\/\/cataloniacomics.com\/index.php?rest_route=\/wp\/v2\/product"}],"about":[{"href":"https:\/\/cataloniacomics.com\/index.php?rest_route=\/wp\/v2\/types\/product"}],"replies":[{"embeddable":true,"href":"https:\/\/cataloniacomics.com\/index.php?rest_route=%2Fwp%2Fv2%2Fcomments&post=7675"}],"wp:featuredmedia":[{"embeddable":true,"href":"https:\/\/cataloniacomics.com\/index.php?rest_route=\/wp\/v2\/media\/7676"}],"wp:attachment":[{"href":"https:\/\/cataloniacomics.com\/index.php?rest_route=%2Fwp%2Fv2%2Fmedia&parent=7675"}],"wp:term":[{"taxonomy":"product_brand","embeddable":true,"href":"https:\/\/cataloniacomics.com\/index.php?rest_route=%2Fwp%2Fv2%2Fproduct_brand&post=7675"},{"taxonomy":"product_cat","embeddable":true,"href":"https:\/\/cataloniacomics.com\/index.php?rest_route=%2Fwp%2Fv2%2Fproduct_cat&post=7675"},{"taxonomy":"product_tag","embeddable":true,"href":"https:\/\/cataloniacomics.com\/index.php?rest_route=%2Fwp%2Fv2%2Fproduct_tag&post=7675"}],"curies":[{"name":"wp","href":"https:\/\/api.w.org\/{rel}","templated":true}]}}

María y yo

<p><em>María y yo</em> es una obra importante, tanto por el tema que trata, el autismo, como por la mirada delicada, sensible y divertida con la que Miguel Gallardo nos muestra su feliz relación con su hija, María. Una obra reveladora, a todas luces catártica, que supone un paso adelante en la dilatada trayectoria profesional del creador catalán, con la que se hizo merecedor del Premio Nacional de Cómic de Cataluña 2008.</p>
<p>Amaia Hervás, psiquiatra infantojuvenil, destaca: “Un aspecto muy importante conocido por maestros, profesionales y padres del aprendizaje de niños con autismo es la utilización de imágenes claras y sintéticas que transmitan ideas o situaciones. En este libro, Miguel Gallardo, acostumbrado a comunicarse visualmente con su hija María, quiere compartirlo con sus lectores como si nosotros fuéramos ella y a través de sus dibujos entendamos su mensaje simple y breve de una manera inequívoca. Este libro rebosa imágenes que transmiten sensaciones y emociones de María, de su padre y de su entorno. Miguel, que desde hace años sabe que a María sus fantásticos dibujos la hacen feliz, la tranquilizan y la ayudan a comprender este mundo, quiere utilizarlos también con nosotros para que compartamos las emociones de María hacia él y sus seres queridos”.</p>

<p>9788496815407</p>
<p><a href="https://cataloniacomics.com/wp-admin/edit.php?product_tag=astiberri&amp;post_type=product">Astiberri</a>, <a href="https://cataloniacomics.com/wp-admin/edit.php?product_tag=autobiografico&amp;post_type=product">Autobiográfico</a>, <a href="https://cataloniacomics.com/wp-admin/edit.php?product_tag=salud&amp;post_type=product">Salud</a></p>
