{"id":7671,"date":"2024-07-12T23:44:57","date_gmt":"2024-07-12T21:44:57","guid":{"rendered":"https:\/\/cataloniacomics.com\/?post_type=product&#038;p=7671"},"modified":"2026-01-19T19:49:27","modified_gmt":"2026-01-20T01:49:27","slug":"maria-cumple-20-anos","status":"publish","type":"product","link":"https:\/\/cataloniacomics.com\/?product=maria-cumple-20-anos","title":{"rendered":"Mar\u00eda cumple 20 a\u00f1os"},"content":{"rendered":"<p>Siete a\u00f1os y medio despu\u00e9s de la publicaci\u00f3n de\u00a0<em>Mar\u00eda y yo,<\/em>\u00a0Miguel Gallardo vuelve a mostrarnos la mirada de su hija, ya veintea\u00f1era, y su relaci\u00f3n con el mundo. Mar\u00eda vive todav\u00eda en Canarias, a tres horas de avi\u00f3n de Barcelona, donde vive su padre. Ya no van de vacaciones a un\u00a0<em>resort<\/em>\u00a0\u201cporque nos hemos cansado de los guiris. Ahora pasamos el verano en Barcelona y la Costa Brava\u201d, apunta, divertido, Miguel Gallardo.<\/p>\n<p>\u00c9ste es un diario de las cosas que hacen y que les pasan durante ese mes y medio de verano que est\u00e1n juntos: \u201cTodav\u00eda nos re\u00edmos mucho, hacemos listas y escuchamos la m\u00fasica que pincha Mar\u00eda. Mar\u00eda tiene TEA (trastorno del espectro autista) y sigue teniendo una sonrisa contagiosa y un sentido del humor especial. Han pasado 8 a\u00f1os desde que escrib\u00ed y dibuj\u00e9\u00a0<em>Mar\u00eda y yo.<\/em>\u00a0Mar\u00eda ha crecido y mucho, algunas cosas han cambiado, pero otras permanecen iguales, de todas esas cosas y del futuro habla este libro\u201d, relata Miguel Gallardo.<\/p>\n<p>Desde su publicaci\u00f3n,\u00a0<em>Mar\u00eda y yo<\/em>\u00a0se ha convertido en un fen\u00f3meno. Ronda ya los 20.000 ejemplares vendidos \u00fanicamente de la edici\u00f3n en espa\u00f1ol, se ha editado en 9 idiomas m\u00e1s (ruso, franc\u00e9s, italiano, alem\u00e1n, portugu\u00e9s, polaco, catal\u00e1n, gallego y euskera), se alz\u00f3 con el Premi Nacional de C\u00f2mic de Catalunya y cuenta con una celebrada versi\u00f3n en cine dirigida por F\u00e9lix Fern\u00e1ndez de Castro. Su publicaci\u00f3n le ha llevado a Miguel Gallardo a dar charlas que ponen luz sobre el autismo por buena parte de la geograf\u00eda mundial, y es ahora, con\u00a0<em>Mar\u00eda cumple 20 a\u00f1os,<\/em>\u00a0cuando vuelve para mostrar la evoluci\u00f3n de la mirada.<\/p>\n","protected":false},"excerpt":{"rendered":"<p>9788415685937<\/p>\n<p><a href=\"https:\/\/cataloniacomics.com\/wp-admin\/edit.php?product_tag=astiberri&amp;post_type=product\">Astiberri<\/a>,\u00a0<a href=\"https:\/\/cataloniacomics.com\/wp-admin\/edit.php?product_tag=autobiografico&amp;post_type=product\">Autobiogr\u00e1fico<\/a>,\u00a0<a href=\"https:\/\/cataloniacomics.com\/wp-admin\/edit.php?product_tag=salud&amp;post_type=product\">Salud<\/a><\/p>\n","protected":false},"featured_media":7672,"comment_status":"open","ping_status":"closed","template":"","meta":[],"product_brand":[536],"product_cat":[129],"product_tag":[144,246,341],"class_list":["post-7671","product","type-product","status-publish","has-post-thumbnail","product_brand-astiberri","product_cat-novela-grafica","product_tag-astiberri","product_tag-autobiografico","product_tag-salud","first","instock","sold-individually","shipping-taxable","purchasable","product-type-simple"],"_links":{"self":[{"href":"https:\/\/cataloniacomics.com\/index.php?rest_route=\/wp\/v2\/product\/7671","targetHints":{"allow":["GET"]}}],"collection":[{"href":"https:\/\/cataloniacomics.com\/index.php?rest_route=\/wp\/v2\/product"}],"about":[{"href":"https:\/\/cataloniacomics.com\/index.php?rest_route=\/wp\/v2\/types\/product"}],"replies":[{"embeddable":true,"href":"https:\/\/cataloniacomics.com\/index.php?rest_route=%2Fwp%2Fv2%2Fcomments&post=7671"}],"wp:featuredmedia":[{"embeddable":true,"href":"https:\/\/cataloniacomics.com\/index.php?rest_route=\/wp\/v2\/media\/7672"}],"wp:attachment":[{"href":"https:\/\/cataloniacomics.com\/index.php?rest_route=%2Fwp%2Fv2%2Fmedia&parent=7671"}],"wp:term":[{"taxonomy":"product_brand","embeddable":true,"href":"https:\/\/cataloniacomics.com\/index.php?rest_route=%2Fwp%2Fv2%2Fproduct_brand&post=7671"},{"taxonomy":"product_cat","embeddable":true,"href":"https:\/\/cataloniacomics.com\/index.php?rest_route=%2Fwp%2Fv2%2Fproduct_cat&post=7671"},{"taxonomy":"product_tag","embeddable":true,"href":"https:\/\/cataloniacomics.com\/index.php?rest_route=%2Fwp%2Fv2%2Fproduct_tag&post=7671"}],"curies":[{"name":"wp","href":"https:\/\/api.w.org\/{rel}","templated":true}]}}

María cumple 20 años

<p>Siete años y medio después de la publicación de <em>María y yo,</em> Miguel Gallardo vuelve a mostrarnos la mirada de su hija, ya veinteañera, y su relación con el mundo. María vive todavía en Canarias, a tres horas de avión de Barcelona, donde vive su padre. Ya no van de vacaciones a un <em>resort</em> “porque nos hemos cansado de los guiris. Ahora pasamos el verano en Barcelona y la Costa Brava”, apunta, divertido, Miguel Gallardo.</p>
<p>Éste es un diario de las cosas que hacen y que les pasan durante ese mes y medio de verano que están juntos: “Todavía nos reímos mucho, hacemos listas y escuchamos la música que pincha María. María tiene TEA (trastorno del espectro autista) y sigue teniendo una sonrisa contagiosa y un sentido del humor especial. Han pasado 8 años desde que escribí y dibujé <em>María y yo.</em> María ha crecido y mucho, algunas cosas han cambiado, pero otras permanecen iguales, de todas esas cosas y del futuro habla este libro”, relata Miguel Gallardo.</p>
<p>Desde su publicación, <em>María y yo</em> se ha convertido en un fenómeno. Ronda ya los 20.000 ejemplares vendidos únicamente de la edición en español, se ha editado en 9 idiomas más (ruso, francés, italiano, alemán, portugués, polaco, catalán, gallego y euskera), se alzó con el Premi Nacional de Còmic de Catalunya y cuenta con una celebrada versión en cine dirigida por Félix Fernández de Castro. Su publicación le ha llevado a Miguel Gallardo a dar charlas que ponen luz sobre el autismo por buena parte de la geografía mundial, y es ahora, con <em>María cumple 20 años,</em> cuando vuelve para mostrar la evolución de la mirada.</p>

<p>9788415685937</p>
<p><a href="https://cataloniacomics.com/wp-admin/edit.php?product_tag=astiberri&amp;post_type=product">Astiberri</a>, <a href="https://cataloniacomics.com/wp-admin/edit.php?product_tag=autobiografico&amp;post_type=product">Autobiográfico</a>, <a href="https://cataloniacomics.com/wp-admin/edit.php?product_tag=salud&amp;post_type=product">Salud</a></p>
