{"id":6499,"date":"2024-07-03T00:41:46","date_gmt":"2024-07-02T22:41:46","guid":{"rendered":"https:\/\/cataloniacomics.com\/?post_type=product&#038;p=6499"},"modified":"2026-01-16T18:23:08","modified_gmt":"2026-01-17T00:23:08","slug":"blacksad-3-alma-roja","status":"publish","type":"product","link":"https:\/\/cataloniacomics.com\/?product=blacksad-3-alma-roja","title":{"rendered":"Blacksad 3 : Alma roja"},"content":{"rendered":"<p>Los tiempos est\u00e1n cambiando:las grandes potencias mundiales centran sus investigaciones en la carrera nuclear y el miedo al comunismo es, en los Estados Unidos, una realidad cada vez m\u00e1s patente. John Blacksad, detective privado reciclado en guardaespaldas, se ver\u00e1 metido en esta ocasi\u00f3n en una intriga pol\u00edtica de alcance internacional cuando reencuentre a un antiguo profesor, ahora toda una eminencia en energ\u00eda at\u00f3mica, y a su ayudante, la bella escritora Alma Mayer.<\/p>\n<p>&nbsp;<\/p>\n<p>Ganador de 3 Premios Sal\u00f3 del C\u00f2mic de Barcelona 2006:<br \/>\n\u2666Mejor Obra<br \/>\n\u2666Mejor Dibujo<br \/>\n\u2666Mejor Dibujo (popular)<\/p>\n","protected":false},"excerpt":{"rendered":"<p>9788498144222<\/p>\n<p><a href=\"https:\/\/cataloniacomics.com\/wp-admin\/edit.php?product_tag=juan-diaz-canales&amp;post_type=product\">Juan D\u00edaz Canales<\/a>,\u00a0<a href=\"https:\/\/cataloniacomics.com\/wp-admin\/edit.php?product_tag=juanjo-guarnido&amp;post_type=product\">Juanjo Guarnido<\/a>,\u00a0<a href=\"https:\/\/cataloniacomics.com\/wp-admin\/edit.php?product_tag=norma-editorial&amp;post_type=product\">Norma Editorial<\/a>,\u00a0<a href=\"https:\/\/cataloniacomics.com\/wp-admin\/edit.php?product_tag=novela-negra&amp;post_type=product\">Novela Negra<\/a><\/p>\n","protected":false},"featured_media":6500,"comment_status":"open","ping_status":"closed","template":"","meta":[],"product_brand":[537],"product_cat":[129],"product_tag":[170,377,156,189],"class_list":["post-6499","product","type-product","status-publish","has-post-thumbnail","product_brand-norma-editorial","product_cat-novela-grafica","product_tag-juan-diaz-canales","product_tag-juanjo-guarnido","product_tag-norma-editorial","product_tag-novela-negra","first","outofstock","sold-individually","shipping-taxable","purchasable","product-type-simple"],"_links":{"self":[{"href":"https:\/\/cataloniacomics.com\/index.php?rest_route=\/wp\/v2\/product\/6499","targetHints":{"allow":["GET"]}}],"collection":[{"href":"https:\/\/cataloniacomics.com\/index.php?rest_route=\/wp\/v2\/product"}],"about":[{"href":"https:\/\/cataloniacomics.com\/index.php?rest_route=\/wp\/v2\/types\/product"}],"replies":[{"embeddable":true,"href":"https:\/\/cataloniacomics.com\/index.php?rest_route=%2Fwp%2Fv2%2Fcomments&post=6499"}],"wp:featuredmedia":[{"embeddable":true,"href":"https:\/\/cataloniacomics.com\/index.php?rest_route=\/wp\/v2\/media\/6500"}],"wp:attachment":[{"href":"https:\/\/cataloniacomics.com\/index.php?rest_route=%2Fwp%2Fv2%2Fmedia&parent=6499"}],"wp:term":[{"taxonomy":"product_brand","embeddable":true,"href":"https:\/\/cataloniacomics.com\/index.php?rest_route=%2Fwp%2Fv2%2Fproduct_brand&post=6499"},{"taxonomy":"product_cat","embeddable":true,"href":"https:\/\/cataloniacomics.com\/index.php?rest_route=%2Fwp%2Fv2%2Fproduct_cat&post=6499"},{"taxonomy":"product_tag","embeddable":true,"href":"https:\/\/cataloniacomics.com\/index.php?rest_route=%2Fwp%2Fv2%2Fproduct_tag&post=6499"}],"curies":[{"name":"wp","href":"https:\/\/api.w.org\/{rel}","templated":true}]}}

<p>Los tiempos están cambiando:las grandes potencias mundiales centran sus investigaciones en la carrera nuclear y el miedo al comunismo es, en los Estados Unidos, una realidad cada vez más patente. John Blacksad, detective privado reciclado en guardaespaldas, se verá metido en esta ocasión en una intriga política de alcance internacional cuando reencuentre a un antiguo profesor, ahora toda una eminencia en energía atómica, y a su ayudante, la bella escritora Alma Mayer.</p>
<p>&nbsp;</p>
<p>Ganador de 3 Premios Saló del Còmic de Barcelona 2006:<br />
♦Mejor Obra<br />
♦Mejor Dibujo<br />
♦Mejor Dibujo (popular)</p>

<p>9788498144222</p>
<p><a href="https://cataloniacomics.com/wp-admin/edit.php?product_tag=juan-diaz-canales&amp;post_type=product">Juan Díaz Canales</a>, <a href="https://cataloniacomics.com/wp-admin/edit.php?product_tag=juanjo-guarnido&amp;post_type=product">Juanjo Guarnido</a>, <a href="https://cataloniacomics.com/wp-admin/edit.php?product_tag=norma-editorial&amp;post_type=product">Norma Editorial</a>, <a href="https://cataloniacomics.com/wp-admin/edit.php?product_tag=novela-negra&amp;post_type=product">Novela Negra</a></p>
