{"id":6471,"date":"2024-07-01T22:31:44","date_gmt":"2024-07-01T20:31:44","guid":{"rendered":"https:\/\/cataloniacomics.com\/?post_type=product&#038;p=6471"},"modified":"2026-01-16T15:01:53","modified_gmt":"2026-01-16T21:01:53","slug":"la-sombra-roja","status":"publish","type":"product","link":"https:\/\/cataloniacomics.com\/?product=la-sombra-roja","title":{"rendered":"La sombra roja"},"content":{"rendered":"<p>UN MAGISTRAL THRILLER HIST\u00d3RICO PROTAGONIZADO POR DOS FIGURAS FUNDAMENTALES DEL PASADO SIGLO<\/p>\n<p>A\u00f1os ochenta. El escritor Jorge Sempr\u00fan ve su pasado resurgir cuando le entregan una serie de fotograf\u00edas de Tina Modotti. A partir de estas im\u00e1genes olvidadas, intenta recomponer la vida y dilucidar la misteriosa muerte de la que fue una de las mayores fot\u00f3grafas de su tiempo, a la vez que una apasionada militante revolucionaria. Entre Jorge, el resistente comunista convertido en escritor, y Tina, la artista convertida en agente del Komintern, se produce un extra\u00f1o cruce de destinos. Dos trayectorias vitales diferentes, pero escritas por la misma tinta roja bajo la sombra del poder sovi\u00e9tico.<\/p>\n<p>Jean-Pierre P\u00e9cau y Jandro Gonz\u00e1lez -La vampira de Barcelona- construyen un impecable thriller hist\u00f3rico sobre dos de las figuras m\u00e1s relevantes del arte y la pol\u00edtica del s. XX. A trav\u00e9s de sus ojos somos testigos de c\u00f3mo el sue\u00f1o comunista toma tintes de pesadilla orwelliana bajo el control tir\u00e1nico de Stalin.<\/p>\n","protected":false},"excerpt":{"rendered":"<p>9788467945676<\/p>\n<p><a href=\"https:\/\/cataloniacomics.com\/wp-admin\/edit.php?product_tag=historico&amp;post_type=product\">Hist\u00f3rico<\/a>,\u00a0<a href=\"https:\/\/cataloniacomics.com\/wp-admin\/edit.php?product_tag=norma-editorial&amp;post_type=product\">Norma Editorial<\/a>,\u00a0<a href=\"https:\/\/cataloniacomics.com\/wp-admin\/edit.php?product_tag=novela-grafica&amp;post_type=product\">Novela Grafica<\/a>,\u00a0<a href=\"https:\/\/cataloniacomics.com\/wp-admin\/edit.php?product_tag=politica&amp;post_type=product\">Pol\u00edtica<\/a><\/p>\n<p>&nbsp;<\/p>\n","protected":false},"featured_media":6472,"comment_status":"open","ping_status":"closed","template":"","meta":[],"product_brand":[537],"product_cat":[129],"product_tag":[162,156,183,313],"class_list":["post-6471","product","type-product","status-publish","has-post-thumbnail","product_brand-norma-editorial","product_cat-novela-grafica","product_tag-historico","product_tag-norma-editorial","product_tag-novela-grafica","product_tag-politica","first","outofstock","sold-individually","shipping-taxable","purchasable","product-type-simple"],"_links":{"self":[{"href":"https:\/\/cataloniacomics.com\/index.php?rest_route=\/wp\/v2\/product\/6471","targetHints":{"allow":["GET"]}}],"collection":[{"href":"https:\/\/cataloniacomics.com\/index.php?rest_route=\/wp\/v2\/product"}],"about":[{"href":"https:\/\/cataloniacomics.com\/index.php?rest_route=\/wp\/v2\/types\/product"}],"replies":[{"embeddable":true,"href":"https:\/\/cataloniacomics.com\/index.php?rest_route=%2Fwp%2Fv2%2Fcomments&post=6471"}],"wp:featuredmedia":[{"embeddable":true,"href":"https:\/\/cataloniacomics.com\/index.php?rest_route=\/wp\/v2\/media\/6472"}],"wp:attachment":[{"href":"https:\/\/cataloniacomics.com\/index.php?rest_route=%2Fwp%2Fv2%2Fmedia&parent=6471"}],"wp:term":[{"taxonomy":"product_brand","embeddable":true,"href":"https:\/\/cataloniacomics.com\/index.php?rest_route=%2Fwp%2Fv2%2Fproduct_brand&post=6471"},{"taxonomy":"product_cat","embeddable":true,"href":"https:\/\/cataloniacomics.com\/index.php?rest_route=%2Fwp%2Fv2%2Fproduct_cat&post=6471"},{"taxonomy":"product_tag","embeddable":true,"href":"https:\/\/cataloniacomics.com\/index.php?rest_route=%2Fwp%2Fv2%2Fproduct_tag&post=6471"}],"curies":[{"name":"wp","href":"https:\/\/api.w.org\/{rel}","templated":true}]}}

<p>UN MAGISTRAL THRILLER HISTÓRICO PROTAGONIZADO POR DOS FIGURAS FUNDAMENTALES DEL PASADO SIGLO</p>
<p>Años ochenta. El escritor Jorge Semprún ve su pasado resurgir cuando le entregan una serie de fotografías de Tina Modotti. A partir de estas imágenes olvidadas, intenta recomponer la vida y dilucidar la misteriosa muerte de la que fue una de las mayores fotógrafas de su tiempo, a la vez que una apasionada militante revolucionaria. Entre Jorge, el resistente comunista convertido en escritor, y Tina, la artista convertida en agente del Komintern, se produce un extraño cruce de destinos. Dos trayectorias vitales diferentes, pero escritas por la misma tinta roja bajo la sombra del poder soviético.</p>
<p>Jean-Pierre Pécau y Jandro González -La vampira de Barcelona- construyen un impecable thriller histórico sobre dos de las figuras más relevantes del arte y la política del s. XX. A través de sus ojos somos testigos de cómo el sueño comunista toma tintes de pesadilla orwelliana bajo el control tiránico de Stalin.</p>

<p>9788467945676</p>
<p><a href="https://cataloniacomics.com/wp-admin/edit.php?product_tag=historico&amp;post_type=product">Histórico</a>, <a href="https://cataloniacomics.com/wp-admin/edit.php?product_tag=norma-editorial&amp;post_type=product">Norma Editorial</a>, <a href="https://cataloniacomics.com/wp-admin/edit.php?product_tag=novela-grafica&amp;post_type=product">Novela Grafica</a>, <a href="https://cataloniacomics.com/wp-admin/edit.php?product_tag=politica&amp;post_type=product">Política</a></p>
<p>&nbsp;</p>
