{"id":5974,"date":"2024-06-23T00:26:13","date_gmt":"2024-06-22T22:26:13","guid":{"rendered":"https:\/\/cataloniacomics.com\/?post_type=product&#038;p=5974"},"modified":"2026-01-15T17:00:25","modified_gmt":"2026-01-15T23:00:25","slug":"20-anos-entre-pinceles-el-arte-de-sergio-bleda","status":"publish","type":"product","link":"https:\/\/cataloniacomics.com\/?product=20-anos-entre-pinceles-el-arte-de-sergio-bleda","title":{"rendered":"20 A\u00f1os entre pinceles. El arte de Sergio Bleda"},"content":{"rendered":"<p>Bondad y maldad. Un maridaje nada f\u00e1cil de llevar a buen puerto. Sergio Bleda lo consigue. Su dibujo en el c\u00f3mic posee una fuerza remarcable y poderosa. Esas forzadas angulaciones, hechas para conseguir efectividad y espectacularidad narrativa, est\u00e1n dibujadas con los pies en el suelo, con un conocimiento pleno del dibujo, de la composici\u00f3n y de la perspectiva. Sergio posee adem\u00e1s una excelente capacidad de s\u00edntesis gr\u00e1fica demostrada. A modo de ejemplo, en portadas como la del rostro de In\u00e9s en El Baile del vampiro, con esos ojos, labios y fondo rojo tan potentes, con solo el negro y el gris como elemento de contraste. La fuerza de trazo en el entintado, salvaje en ocasiones. Su potente manchado en las figuras, los negros de sus cabellos, los brillos en los ropajes de cuero en algunos personajes. Quiz\u00e1s hoy d\u00eda la calidad de un trazo de por s\u00ed no interese mucho al lector, pero para mi ese poder del trazo como motivador de emoci\u00f3n es imprescindible. Rub\u00e9n Pellejero &#8211; extracto del pr\u00f3logo<\/p>\n","protected":false},"excerpt":{"rendered":"<p>9788492902569<\/p>\n<p>Dibbuks\u00a0Artbook,<\/p>\n","protected":false},"featured_media":5975,"comment_status":"open","ping_status":"closed","template":"","meta":[],"product_brand":[],"product_cat":[132],"product_tag":[278,147],"class_list":["post-5974","product","type-product","status-publish","has-post-thumbnail","product_cat-libros-ilustrados","product_tag-artbook","product_tag-dibbuks","first","instock","sold-individually","shipping-taxable","purchasable","product-type-simple"],"_links":{"self":[{"href":"https:\/\/cataloniacomics.com\/index.php?rest_route=\/wp\/v2\/product\/5974","targetHints":{"allow":["GET"]}}],"collection":[{"href":"https:\/\/cataloniacomics.com\/index.php?rest_route=\/wp\/v2\/product"}],"about":[{"href":"https:\/\/cataloniacomics.com\/index.php?rest_route=\/wp\/v2\/types\/product"}],"replies":[{"embeddable":true,"href":"https:\/\/cataloniacomics.com\/index.php?rest_route=%2Fwp%2Fv2%2Fcomments&post=5974"}],"wp:featuredmedia":[{"embeddable":true,"href":"https:\/\/cataloniacomics.com\/index.php?rest_route=\/wp\/v2\/media\/5975"}],"wp:attachment":[{"href":"https:\/\/cataloniacomics.com\/index.php?rest_route=%2Fwp%2Fv2%2Fmedia&parent=5974"}],"wp:term":[{"taxonomy":"product_brand","embeddable":true,"href":"https:\/\/cataloniacomics.com\/index.php?rest_route=%2Fwp%2Fv2%2Fproduct_brand&post=5974"},{"taxonomy":"product_cat","embeddable":true,"href":"https:\/\/cataloniacomics.com\/index.php?rest_route=%2Fwp%2Fv2%2Fproduct_cat&post=5974"},{"taxonomy":"product_tag","embeddable":true,"href":"https:\/\/cataloniacomics.com\/index.php?rest_route=%2Fwp%2Fv2%2Fproduct_tag&post=5974"}],"curies":[{"name":"wp","href":"https:\/\/api.w.org\/{rel}","templated":true}]}}

20 Años entre pinceles. El arte de Sergio Bleda

<p>Bondad y maldad. Un maridaje nada fácil de llevar a buen puerto. Sergio Bleda lo consigue. Su dibujo en el cómic posee una fuerza remarcable y poderosa. Esas forzadas angulaciones, hechas para conseguir efectividad y espectacularidad narrativa, están dibujadas con los pies en el suelo, con un conocimiento pleno del dibujo, de la composición y de la perspectiva. Sergio posee además una excelente capacidad de síntesis gráfica demostrada. A modo de ejemplo, en portadas como la del rostro de Inés en El Baile del vampiro, con esos ojos, labios y fondo rojo tan potentes, con solo el negro y el gris como elemento de contraste. La fuerza de trazo en el entintado, salvaje en ocasiones. Su potente manchado en las figuras, los negros de sus cabellos, los brillos en los ropajes de cuero en algunos personajes. Quizás hoy día la calidad de un trazo de por sí no interese mucho al lector, pero para mi ese poder del trazo como motivador de emoción es imprescindible. Rubén Pellejero &#8211; extracto del prólogo</p>
