{"id":5709,"date":"2024-06-21T00:34:57","date_gmt":"2024-06-20T22:34:57","guid":{"rendered":"https:\/\/cataloniacomics.com\/?post_type=product&#038;p=5709"},"modified":"2026-01-15T13:53:33","modified_gmt":"2026-01-15T19:53:33","slug":"fellini-en-roma","status":"publish","type":"product","link":"https:\/\/cataloniacomics.com\/?product=fellini-en-roma","title":{"rendered":"Fellini en Roma"},"content":{"rendered":"<p>Un Federico Fellini anciano que sufre de insomnio se despierta cada madrugada y da largos paseos por la ciudad de Roma, mientras espera el amanecer. En ocasiones sue\u00f1a. Entonces agarra uno de sus cuadernos y dibuja esos sue\u00f1os tal y como lleva haciendo desde hace casi treinta a\u00f1os por recomendaci\u00f3n de su psiquiatra. Durante sus salidas le vienen a la memoria recuerdos relacionados con la zona de Roma por donde camina; cuenta an\u00e9cdotas de su llegada a la Ciudad Eterna, cuando intentaba sobrevivir por los alrededores de la estaci\u00f3n Termini, de sus inicios como caricaturista callejero en Via Veneto, de su entrada en la revista sat\u00edrica\u00a0<em>Marc\u2019Aurelio<\/em>, de la guerra&#8230;<\/p>\n<p>Se suceden apuntes y sue\u00f1os de Fellini con sus compa\u00f1eros de viaje: Giulietta Masina, Aldo Fabrizi, Rinaldo Geleng, Roberto Rossellini, Liliana Betti&#8230; Tambi\u00e9n con Dal\u00ed, su admirado Dick Tracy, el circo, los estudios Cinecitt\u00e0, su amistad con Balthus&#8230; Y sus encuentros imaginarios con fantasmas del pasado como Anita Ekberg, Marcello Mastroianni, Pier Paolo Pasolini, y ya, entre hospitales, con Mastorna, el m\u00edtico personaje de esa pel\u00edcula que nunca llegar\u00eda a hacer.<\/p>\n","protected":false},"excerpt":{"rendered":"<p>9788416880294<\/p>\n<p><a href=\"https:\/\/cataloniacomics.com\/wp-admin\/edit.php?product_tag=astiberri&amp;post_type=product\">Astiberri<\/a>,\u00a0<a href=\"https:\/\/cataloniacomics.com\/wp-admin\/edit.php?product_tag=biografia&amp;post_type=product\">Biograf\u00eda<\/a>,\u00a0<a href=\"https:\/\/cataloniacomics.com\/wp-admin\/edit.php?product_tag=historico&amp;post_type=product\">Hist\u00f3rico<\/a>,\u00a0<a href=\"https:\/\/cataloniacomics.com\/wp-admin\/edit.php?product_tag=viajes&amp;post_type=product\">Viajes<\/a><\/p>\n","protected":false},"featured_media":5710,"comment_status":"open","ping_status":"closed","template":"","meta":[],"product_brand":[],"product_cat":[129],"product_tag":[144,208,162,310],"class_list":["post-5709","product","type-product","status-publish","has-post-thumbnail","product_cat-novela-grafica","product_tag-astiberri","product_tag-biografia","product_tag-historico","product_tag-viajes","first","outofstock","sold-individually","shipping-taxable","purchasable","product-type-simple"],"_links":{"self":[{"href":"https:\/\/cataloniacomics.com\/index.php?rest_route=\/wp\/v2\/product\/5709","targetHints":{"allow":["GET"]}}],"collection":[{"href":"https:\/\/cataloniacomics.com\/index.php?rest_route=\/wp\/v2\/product"}],"about":[{"href":"https:\/\/cataloniacomics.com\/index.php?rest_route=\/wp\/v2\/types\/product"}],"replies":[{"embeddable":true,"href":"https:\/\/cataloniacomics.com\/index.php?rest_route=%2Fwp%2Fv2%2Fcomments&post=5709"}],"wp:featuredmedia":[{"embeddable":true,"href":"https:\/\/cataloniacomics.com\/index.php?rest_route=\/wp\/v2\/media\/5710"}],"wp:attachment":[{"href":"https:\/\/cataloniacomics.com\/index.php?rest_route=%2Fwp%2Fv2%2Fmedia&parent=5709"}],"wp:term":[{"taxonomy":"product_brand","embeddable":true,"href":"https:\/\/cataloniacomics.com\/index.php?rest_route=%2Fwp%2Fv2%2Fproduct_brand&post=5709"},{"taxonomy":"product_cat","embeddable":true,"href":"https:\/\/cataloniacomics.com\/index.php?rest_route=%2Fwp%2Fv2%2Fproduct_cat&post=5709"},{"taxonomy":"product_tag","embeddable":true,"href":"https:\/\/cataloniacomics.com\/index.php?rest_route=%2Fwp%2Fv2%2Fproduct_tag&post=5709"}],"curies":[{"name":"wp","href":"https:\/\/api.w.org\/{rel}","templated":true}]}}

<p>Un Federico Fellini anciano que sufre de insomnio se despierta cada madrugada y da largos paseos por la ciudad de Roma, mientras espera el amanecer. En ocasiones sueña. Entonces agarra uno de sus cuadernos y dibuja esos sueños tal y como lleva haciendo desde hace casi treinta años por recomendación de su psiquiatra. Durante sus salidas le vienen a la memoria recuerdos relacionados con la zona de Roma por donde camina; cuenta anécdotas de su llegada a la Ciudad Eterna, cuando intentaba sobrevivir por los alrededores de la estación Termini, de sus inicios como caricaturista callejero en Via Veneto, de su entrada en la revista satírica <em>Marc’Aurelio</em>, de la guerra&#8230;</p>
<p>Se suceden apuntes y sueños de Fellini con sus compañeros de viaje: Giulietta Masina, Aldo Fabrizi, Rinaldo Geleng, Roberto Rossellini, Liliana Betti&#8230; También con Dalí, su admirado Dick Tracy, el circo, los estudios Cinecittà, su amistad con Balthus&#8230; Y sus encuentros imaginarios con fantasmas del pasado como Anita Ekberg, Marcello Mastroianni, Pier Paolo Pasolini, y ya, entre hospitales, con Mastorna, el mítico personaje de esa película que nunca llegaría a hacer.</p>

<p>9788416880294</p>
<p><a href="https://cataloniacomics.com/wp-admin/edit.php?product_tag=astiberri&amp;post_type=product">Astiberri</a>, <a href="https://cataloniacomics.com/wp-admin/edit.php?product_tag=biografia&amp;post_type=product">Biografía</a>, <a href="https://cataloniacomics.com/wp-admin/edit.php?product_tag=historico&amp;post_type=product">Histórico</a>, <a href="https://cataloniacomics.com/wp-admin/edit.php?product_tag=viajes&amp;post_type=product">Viajes</a></p>
