{"id":5187,"date":"2024-06-16T01:08:16","date_gmt":"2024-06-15T23:08:16","guid":{"rendered":"https:\/\/cataloniacomics.com\/?post_type=product&#038;p=5187"},"modified":"2026-01-14T17:15:41","modified_gmt":"2026-01-14T23:15:41","slug":"parker-2-la-compania","status":"publish","type":"product","link":"https:\/\/cataloniacomics.com\/?product=parker-2-la-compania","title":{"rendered":"Parker 2 : La compa\u00f1\u00eda"},"content":{"rendered":"<p>Tras arreglar las cuentas con los que le hab\u00edan traicionado, Parker, el truh\u00e1n surgido de la pluma de Richard Stark (seud\u00f3nimo de Donald Westlake), se ha arreglado la cara y disfruta de las comodidades de la vida aloj\u00e1ndose en buenos hoteles. Hasta que un chivato lo descubre ante la Compa\u00f1\u00eda para conseguir la recompensa. El intento de eliminarle sale mal y Parker recurre a diversos contactos de los bajos fondos que le deben favores para ir a por la cabeza de la organizaci\u00f3n que quiere quitarle de en medio.<\/p>\n<p><em>La Compa\u00f1\u00eda<\/em>\u00a0es, tras\u00a0<em><a href=\"https:\/\/www.astiberri.com\/products\/parker-vol-1-el-cazador\" target=\"_blank\" rel=\"noopener\">El cazador<\/a>\u00a0<\/em>(Astiberri, 2010), que le vali\u00f3 a Darwyn Cooke los premios Eisner y Harvey al mejor autor de c\u00f3mic, la segunda adaptaci\u00f3n de Cooke de las novelas de Parker, mezcla en esta ocasi\u00f3n de\u00a0partes de la segunda y tercera novelas de la serie:\u00a0<em>El hombre que cambi\u00f3 de cara<\/em>\u00a0y<em>\u00a0La Compa\u00f1\u00eda.<\/em><\/p>\n<p><strong>Premio Eisner 2011 al mejor guionista y dibujante<\/strong><\/p>\n<p><strong>Premio Eisner 2012 a la mejor novela gr\u00e1fica compilada (Junto con \u2018Parker 1. El cazador\u2019)<\/strong><\/p>\n","protected":false},"excerpt":{"rendered":"<p>9788415163268<\/p>\n<p><a href=\"https:\/\/cataloniacomics.com\/wp-admin\/edit.php?product_tag=adaptacion&amp;post_type=product\">Adaptaci\u00f3n<\/a>,\u00a0<a href=\"https:\/\/cataloniacomics.com\/wp-admin\/edit.php?product_tag=astiberri&amp;post_type=product\">Astiberri<\/a>,\u00a0<a href=\"https:\/\/cataloniacomics.com\/wp-admin\/edit.php?product_tag=novela-negra&amp;post_type=product\">Novela Negra<\/a><\/p>\n","protected":false},"featured_media":5188,"comment_status":"open","ping_status":"closed","template":"","meta":[],"product_brand":[],"product_cat":[129],"product_tag":[333,144,189],"class_list":["post-5187","product","type-product","status-publish","has-post-thumbnail","product_cat-novela-grafica","product_tag-adaptacion","product_tag-astiberri","product_tag-novela-negra","first","outofstock","sold-individually","shipping-taxable","purchasable","product-type-simple"],"_links":{"self":[{"href":"https:\/\/cataloniacomics.com\/index.php?rest_route=\/wp\/v2\/product\/5187","targetHints":{"allow":["GET"]}}],"collection":[{"href":"https:\/\/cataloniacomics.com\/index.php?rest_route=\/wp\/v2\/product"}],"about":[{"href":"https:\/\/cataloniacomics.com\/index.php?rest_route=\/wp\/v2\/types\/product"}],"replies":[{"embeddable":true,"href":"https:\/\/cataloniacomics.com\/index.php?rest_route=%2Fwp%2Fv2%2Fcomments&post=5187"}],"wp:featuredmedia":[{"embeddable":true,"href":"https:\/\/cataloniacomics.com\/index.php?rest_route=\/wp\/v2\/media\/5188"}],"wp:attachment":[{"href":"https:\/\/cataloniacomics.com\/index.php?rest_route=%2Fwp%2Fv2%2Fmedia&parent=5187"}],"wp:term":[{"taxonomy":"product_brand","embeddable":true,"href":"https:\/\/cataloniacomics.com\/index.php?rest_route=%2Fwp%2Fv2%2Fproduct_brand&post=5187"},{"taxonomy":"product_cat","embeddable":true,"href":"https:\/\/cataloniacomics.com\/index.php?rest_route=%2Fwp%2Fv2%2Fproduct_cat&post=5187"},{"taxonomy":"product_tag","embeddable":true,"href":"https:\/\/cataloniacomics.com\/index.php?rest_route=%2Fwp%2Fv2%2Fproduct_tag&post=5187"}],"curies":[{"name":"wp","href":"https:\/\/api.w.org\/{rel}","templated":true}]}}

Parker 2 : La compañía

<p>Tras arreglar las cuentas con los que le habían traicionado, Parker, el truhán surgido de la pluma de Richard Stark (seudónimo de Donald Westlake), se ha arreglado la cara y disfruta de las comodidades de la vida alojándose en buenos hoteles. Hasta que un chivato lo descubre ante la Compañía para conseguir la recompensa. El intento de eliminarle sale mal y Parker recurre a diversos contactos de los bajos fondos que le deben favores para ir a por la cabeza de la organización que quiere quitarle de en medio.</p>
<p><em>La Compañía</em> es, tras <em><a href="https://www.astiberri.com/products/parker-vol-1-el-cazador" target="_blank" rel="noopener">El cazador</a> </em>(Astiberri, 2010), que le valió a Darwyn Cooke los premios Eisner y Harvey al mejor autor de cómic, la segunda adaptación de Cooke de las novelas de Parker, mezcla en esta ocasión de partes de la segunda y tercera novelas de la serie: <em>El hombre que cambió de cara</em> y<em> La Compañía.</em></p>
<p><strong>Premio Eisner 2011 al mejor guionista y dibujante</strong></p>
<p><strong>Premio Eisner 2012 a la mejor novela gráfica compilada (Junto con ‘Parker 1. El cazador’)</strong></p>

<p>9788415163268</p>
<p><a href="https://cataloniacomics.com/wp-admin/edit.php?product_tag=adaptacion&amp;post_type=product">Adaptación</a>, <a href="https://cataloniacomics.com/wp-admin/edit.php?product_tag=astiberri&amp;post_type=product">Astiberri</a>, <a href="https://cataloniacomics.com/wp-admin/edit.php?product_tag=novela-negra&amp;post_type=product">Novela Negra</a></p>
