{"id":5138,"date":"2024-06-15T23:28:29","date_gmt":"2024-06-15T21:28:29","guid":{"rendered":"https:\/\/cataloniacomics.com\/?post_type=product&#038;p=5138"},"modified":"2026-01-14T14:20:49","modified_gmt":"2026-01-14T20:20:49","slug":"espacios-en-blanco","status":"publish","type":"product","link":"https:\/\/cataloniacomics.com\/?product=espacios-en-blanco","title":{"rendered":"Espacios en blanco"},"content":{"rendered":"<p><em>Espacios en blanco<\/em>\u00a0es una historia autobiogr\u00e1fica sobre silencios transmitidos de generaci\u00f3n en generaci\u00f3n. Sobre silencios que cuentan historias. Miguel, como tantos otros al empezar la crisis en Espa\u00f1a, decide emigrar y parte a Finlandia para trabajar en una empresa de videojuegos. Los recuerdos de su infancia, las historias sobre la guerra y la posguerra que su padre le cont\u00f3 durante toda su vida y los silencios intercalados entre ellas se hacen m\u00e1s presentes en la distancia, y le obligan a plantearse c\u00f3mo poder transmitirle todas esas peque\u00f1as historias a su hijo. C\u00f3mo continuar con la tradici\u00f3n oral y c\u00f3mo llenar todos esos espacios en blanco para que la memoria individual y colectiva no desaparezca. Tal y como subraya el maestro Josep Maria Be\u00e0 en el pr\u00f3logo, la importancia de \u201cla memoria como herramienta esencial que evitar\u00e1 que seg\u00fan qu\u00e9 pasajes de la historia se repitan\u201d.<\/p>\n<p>Y es que Miguel Francisco, que acaba labr\u00e1ndose una carrera internacional en el \u00e1mbito de la animaci\u00f3n y en el dise\u00f1o de videojuegos \u2013es el principal creador de los personajes de\u00a0<em>Angry Birds<\/em>\u2013, decide retomar a miles de kil\u00f3metros de su Badalona natal su primer amor creativo, que le llev\u00f3 desde los 15 a\u00f1os a dibujar historietas en revistas de la editorial Bruguera, para intentar saldar una cuenta pendiente con el pasado: \u201cMi padre me contaba historias, casi siempre las mismas, quiz\u00e1s m\u00e1s para o\u00edrlas \u00e9l mismo que para un p\u00fablico como yo, tan peque\u00f1o que apenas entend\u00eda nada. Pero aun as\u00ed, sin entender mucho ni de pol\u00edtica ni de guerras, hab\u00eda cosas que me dejaban un poso de incertidumbre cuando preguntaba m\u00e1s sobre aquellos tiempos y siempre hab\u00eda un silencio por respuesta, un vac\u00edo, un espacio en blanco\u201d.<\/p>\n","protected":false},"excerpt":{"rendered":"<p>9788416880225<\/p>\n<p><a href=\"https:\/\/cataloniacomics.com\/wp-admin\/edit.php?product_tag=astiberri&amp;post_type=product\">Astiberri<\/a>,\u00a0<a href=\"https:\/\/cataloniacomics.com\/wp-admin\/edit.php?product_tag=autobiografico&amp;post_type=product\">Autobiogr\u00e1fico<\/a>,\u00a0<a href=\"https:\/\/cataloniacomics.com\/wp-admin\/edit.php?product_tag=historico&amp;post_type=product\">Hist\u00f3rico<\/a>,\u00a0<a href=\"https:\/\/cataloniacomics.com\/wp-admin\/edit.php?product_tag=politica&amp;post_type=product\">Pol\u00edtica<\/a>,\u00a0<a href=\"https:\/\/cataloniacomics.com\/wp-admin\/edit.php?product_tag=viajes&amp;post_type=product\">Viajes<\/a><\/p>\n","protected":false},"featured_media":5139,"comment_status":"open","ping_status":"closed","template":"","meta":[],"product_brand":[],"product_cat":[129],"product_tag":[144,246,162,313,310],"class_list":["post-5138","product","type-product","status-publish","has-post-thumbnail","product_cat-novela-grafica","product_tag-astiberri","product_tag-autobiografico","product_tag-historico","product_tag-politica","product_tag-viajes","first","instock","sold-individually","shipping-taxable","purchasable","product-type-simple"],"_links":{"self":[{"href":"https:\/\/cataloniacomics.com\/index.php?rest_route=\/wp\/v2\/product\/5138","targetHints":{"allow":["GET"]}}],"collection":[{"href":"https:\/\/cataloniacomics.com\/index.php?rest_route=\/wp\/v2\/product"}],"about":[{"href":"https:\/\/cataloniacomics.com\/index.php?rest_route=\/wp\/v2\/types\/product"}],"replies":[{"embeddable":true,"href":"https:\/\/cataloniacomics.com\/index.php?rest_route=%2Fwp%2Fv2%2Fcomments&post=5138"}],"wp:featuredmedia":[{"embeddable":true,"href":"https:\/\/cataloniacomics.com\/index.php?rest_route=\/wp\/v2\/media\/5139"}],"wp:attachment":[{"href":"https:\/\/cataloniacomics.com\/index.php?rest_route=%2Fwp%2Fv2%2Fmedia&parent=5138"}],"wp:term":[{"taxonomy":"product_brand","embeddable":true,"href":"https:\/\/cataloniacomics.com\/index.php?rest_route=%2Fwp%2Fv2%2Fproduct_brand&post=5138"},{"taxonomy":"product_cat","embeddable":true,"href":"https:\/\/cataloniacomics.com\/index.php?rest_route=%2Fwp%2Fv2%2Fproduct_cat&post=5138"},{"taxonomy":"product_tag","embeddable":true,"href":"https:\/\/cataloniacomics.com\/index.php?rest_route=%2Fwp%2Fv2%2Fproduct_tag&post=5138"}],"curies":[{"name":"wp","href":"https:\/\/api.w.org\/{rel}","templated":true}]}}

<p><em>Espacios en blanco</em> es una historia autobiográfica sobre silencios transmitidos de generación en generación. Sobre silencios que cuentan historias. Miguel, como tantos otros al empezar la crisis en España, decide emigrar y parte a Finlandia para trabajar en una empresa de videojuegos. Los recuerdos de su infancia, las historias sobre la guerra y la posguerra que su padre le contó durante toda su vida y los silencios intercalados entre ellas se hacen más presentes en la distancia, y le obligan a plantearse cómo poder transmitirle todas esas pequeñas historias a su hijo. Cómo continuar con la tradición oral y cómo llenar todos esos espacios en blanco para que la memoria individual y colectiva no desaparezca. Tal y como subraya el maestro Josep Maria Beà en el prólogo, la importancia de “la memoria como herramienta esencial que evitará que según qué pasajes de la historia se repitan”.</p>
<p>Y es que Miguel Francisco, que acaba labrándose una carrera internacional en el ámbito de la animación y en el diseño de videojuegos –es el principal creador de los personajes de <em>Angry Birds</em>–, decide retomar a miles de kilómetros de su Badalona natal su primer amor creativo, que le llevó desde los 15 años a dibujar historietas en revistas de la editorial Bruguera, para intentar saldar una cuenta pendiente con el pasado: “Mi padre me contaba historias, casi siempre las mismas, quizás más para oírlas él mismo que para un público como yo, tan pequeño que apenas entendía nada. Pero aun así, sin entender mucho ni de política ni de guerras, había cosas que me dejaban un poso de incertidumbre cuando preguntaba más sobre aquellos tiempos y siempre había un silencio por respuesta, un vacío, un espacio en blanco”.</p>

<p>9788416880225</p>
<p><a href="https://cataloniacomics.com/wp-admin/edit.php?product_tag=astiberri&amp;post_type=product">Astiberri</a>, <a href="https://cataloniacomics.com/wp-admin/edit.php?product_tag=autobiografico&amp;post_type=product">Autobiográfico</a>, <a href="https://cataloniacomics.com/wp-admin/edit.php?product_tag=historico&amp;post_type=product">Histórico</a>, <a href="https://cataloniacomics.com/wp-admin/edit.php?product_tag=politica&amp;post_type=product">Política</a>, <a href="https://cataloniacomics.com/wp-admin/edit.php?product_tag=viajes&amp;post_type=product">Viajes</a></p>
