{"id":5133,"date":"2024-06-15T23:23:28","date_gmt":"2024-06-15T21:23:28","guid":{"rendered":"https:\/\/cataloniacomics.com\/?post_type=product&#038;p=5133"},"modified":"2026-02-16T17:59:20","modified_gmt":"2026-02-16T23:59:20","slug":"diario-de-oaxaca","status":"publish","type":"product","link":"https:\/\/cataloniacomics.com\/?product=diario-de-oaxaca","title":{"rendered":"Diario de Oaxaca"},"content":{"rendered":"<p>Armado con su libreta y pluma, Kuper sigui\u00f3 de cerca el violento enfrentamiento y lo plasm\u00f3 con su muy particular estilo en este\u00a0<em>Diario de Oaxaca<\/em>. Es un testimonio de lo m\u00e1s \u00edntimo de la vida en este majestuoso estado. Kuper registra la vida de sus habitantes, sus mercados, sus playas y sus ruinas arqueol\u00f3gicas en una especie de homenaje a los dos a\u00f1os que terminar\u00eda viviendo ah\u00ed. El dibujante y caricaturista Peter Kuper decidi\u00f3 tomarse un a\u00f1o sab\u00e1tico de los Estados Unidos de George W. Bush y mudarse con su familia a la ciudad de Oaxaca. Lo que comenz\u00f3 como un apacible plan se vio trastocado cuando estall\u00f3 la huelga de maestros en 2006 y la feroz represi\u00f3n gubernamental que desat\u00f3 un conflicto que dio la vuelta al mundo.<\/p>\n","protected":false},"excerpt":{"rendered":"<p>9786078619221<\/p>\n<p><a href=\"https:\/\/cataloniacomics.com\/wp-admin\/edit.php?product_tag=autobiografico&amp;post_type=product\">Autobiogr\u00e1fico<\/a>,\u00a0<a href=\"https:\/\/cataloniacomics.com\/wp-admin\/edit.php?product_tag=critica-social&amp;post_type=product\">Cr\u00edtica Social<\/a>,\u00a0<a href=\"https:\/\/cataloniacomics.com\/wp-admin\/edit.php?product_tag=peter-kuper&amp;post_type=product\">Peter Kuper<\/a>,\u00a0<a href=\"https:\/\/cataloniacomics.com\/wp-admin\/edit.php?product_tag=sextopiso&amp;post_type=product\">SextoPiso<\/a>,\u00a0<a href=\"https:\/\/cataloniacomics.com\/wp-admin\/edit.php?product_tag=viajes&amp;post_type=product\">Viajes<\/a><\/p>\n","protected":false},"featured_media":5134,"comment_status":"open","ping_status":"closed","template":"","meta":[],"product_brand":[],"product_cat":[129],"product_tag":[246,311,340,167,310],"class_list":["post-5133","product","type-product","status-publish","has-post-thumbnail","product_cat-novela-grafica","product_tag-autobiografico","product_tag-critica-social","product_tag-peter-kuper","product_tag-sextopiso","product_tag-viajes","first","outofstock","sold-individually","shipping-taxable","purchasable","product-type-simple"],"_links":{"self":[{"href":"https:\/\/cataloniacomics.com\/index.php?rest_route=\/wp\/v2\/product\/5133","targetHints":{"allow":["GET"]}}],"collection":[{"href":"https:\/\/cataloniacomics.com\/index.php?rest_route=\/wp\/v2\/product"}],"about":[{"href":"https:\/\/cataloniacomics.com\/index.php?rest_route=\/wp\/v2\/types\/product"}],"replies":[{"embeddable":true,"href":"https:\/\/cataloniacomics.com\/index.php?rest_route=%2Fwp%2Fv2%2Fcomments&post=5133"}],"wp:featuredmedia":[{"embeddable":true,"href":"https:\/\/cataloniacomics.com\/index.php?rest_route=\/wp\/v2\/media\/5134"}],"wp:attachment":[{"href":"https:\/\/cataloniacomics.com\/index.php?rest_route=%2Fwp%2Fv2%2Fmedia&parent=5133"}],"wp:term":[{"taxonomy":"product_brand","embeddable":true,"href":"https:\/\/cataloniacomics.com\/index.php?rest_route=%2Fwp%2Fv2%2Fproduct_brand&post=5133"},{"taxonomy":"product_cat","embeddable":true,"href":"https:\/\/cataloniacomics.com\/index.php?rest_route=%2Fwp%2Fv2%2Fproduct_cat&post=5133"},{"taxonomy":"product_tag","embeddable":true,"href":"https:\/\/cataloniacomics.com\/index.php?rest_route=%2Fwp%2Fv2%2Fproduct_tag&post=5133"}],"curies":[{"name":"wp","href":"https:\/\/api.w.org\/{rel}","templated":true}]}}

<p>Armado con su libreta y pluma, Kuper siguió de cerca el violento enfrentamiento y lo plasmó con su muy particular estilo en este <em>Diario de Oaxaca</em>. Es un testimonio de lo más íntimo de la vida en este majestuoso estado. Kuper registra la vida de sus habitantes, sus mercados, sus playas y sus ruinas arqueológicas en una especie de homenaje a los dos años que terminaría viviendo ahí. El dibujante y caricaturista Peter Kuper decidió tomarse un año sabático de los Estados Unidos de George W. Bush y mudarse con su familia a la ciudad de Oaxaca. Lo que comenzó como un apacible plan se vio trastocado cuando estalló la huelga de maestros en 2006 y la feroz represión gubernamental que desató un conflicto que dio la vuelta al mundo.</p>

<p>9786078619221</p>
<p><a href="https://cataloniacomics.com/wp-admin/edit.php?product_tag=autobiografico&amp;post_type=product">Autobiográfico</a>, <a href="https://cataloniacomics.com/wp-admin/edit.php?product_tag=critica-social&amp;post_type=product">Crítica Social</a>, <a href="https://cataloniacomics.com/wp-admin/edit.php?product_tag=peter-kuper&amp;post_type=product">Peter Kuper</a>, <a href="https://cataloniacomics.com/wp-admin/edit.php?product_tag=sextopiso&amp;post_type=product">SextoPiso</a>, <a href="https://cataloniacomics.com/wp-admin/edit.php?product_tag=viajes&amp;post_type=product">Viajes</a></p>
