{"id":5092,"date":"2024-06-15T22:31:09","date_gmt":"2024-06-15T20:31:09","guid":{"rendered":"https:\/\/cataloniacomics.com\/?post_type=product&#038;p=5092"},"modified":"2026-01-14T14:07:52","modified_gmt":"2026-01-14T20:07:52","slug":"los-doce-nacimientos-de-miguel-marmol","status":"publish","type":"product","link":"https:\/\/cataloniacomics.com\/?product=los-doce-nacimientos-de-miguel-marmol","title":{"rendered":"Los doce nacimientos de Miguel Marmol"},"content":{"rendered":"<p>El donostiarra Dani Fano recrea la vida de Miguel M\u00e1rmol, un activista obrero incombustible nacido en El Salvador en 1905. Hijo menor de una familia pobre de Ilopango, endureci\u00f3 el est\u00f3mago a base de comer sopa de tortillas de ma\u00edz siendo apenas un ni\u00f1o de pecho. De joven aprendi\u00f3 el oficio de zapatero a la vez que comenzaba a organizar sindicatos y federaciones obreras. En 1930 funda, junto con otros compa\u00f1eros, el Partido Comunista Salvadore\u00f1o, y ese mismo a\u00f1o viaja a la URSS a conocer de cerca la revoluci\u00f3n sovi\u00e9tica.<\/p>\n<p>Tras su regreso participa activamente en el alzamiento ind\u00edgena y obrero de 1932 contra el Gobierno totalitario del general Mart\u00ednez, codo con codo con Farabundo Mart\u00ed, Feliciano Ama,\u00a0<em>Chico<\/em>\u00a0S\u00e1nchez y tantos otros. Como ellos, fue fusilado y rematado a machetazos, pero aun as\u00ed consigue salvar la vida. Perseguido, detenido, torturado y amenazado durante el resto de su vida, tanto en El Salvador como en Guatemala, no deja de plantar cara a la injusticia social. Once veces fue a visitarle la muerte y once veces se escap\u00f3. La vida de Miguel M\u00e1rmol es parte de la historia de El Salvador del siglo XX.<\/p>\n","protected":false},"excerpt":{"rendered":"<p>9788416880850<\/p>\n<p><a href=\"https:\/\/cataloniacomics.com\/wp-admin\/edit.php?product_tag=astiberri&amp;post_type=product\">Astiberri<\/a>,\u00a0<a href=\"https:\/\/cataloniacomics.com\/wp-admin\/edit.php?product_tag=biografia&amp;post_type=product\">Biograf\u00eda<\/a>,\u00a0<a href=\"https:\/\/cataloniacomics.com\/wp-admin\/edit.php?product_tag=critica-social&amp;post_type=product\">Cr\u00edtica Social<\/a>,\u00a0<a href=\"https:\/\/cataloniacomics.com\/wp-admin\/edit.php?product_tag=historico&amp;post_type=product\">Hist\u00f3rico<\/a>,\u00a0<a href=\"https:\/\/cataloniacomics.com\/wp-admin\/edit.php?product_tag=politica&amp;post_type=product\">Pol\u00edtica<\/a><\/p>\n","protected":false},"featured_media":5096,"comment_status":"open","ping_status":"closed","template":"","meta":[],"product_brand":[],"product_cat":[129],"product_tag":[144,208,311,162,313],"class_list":["post-5092","product","type-product","status-publish","has-post-thumbnail","product_cat-novela-grafica","product_tag-astiberri","product_tag-biografia","product_tag-critica-social","product_tag-historico","product_tag-politica","first","outofstock","sold-individually","shipping-taxable","purchasable","product-type-simple"],"_links":{"self":[{"href":"https:\/\/cataloniacomics.com\/index.php?rest_route=\/wp\/v2\/product\/5092","targetHints":{"allow":["GET"]}}],"collection":[{"href":"https:\/\/cataloniacomics.com\/index.php?rest_route=\/wp\/v2\/product"}],"about":[{"href":"https:\/\/cataloniacomics.com\/index.php?rest_route=\/wp\/v2\/types\/product"}],"replies":[{"embeddable":true,"href":"https:\/\/cataloniacomics.com\/index.php?rest_route=%2Fwp%2Fv2%2Fcomments&post=5092"}],"wp:featuredmedia":[{"embeddable":true,"href":"https:\/\/cataloniacomics.com\/index.php?rest_route=\/wp\/v2\/media\/5096"}],"wp:attachment":[{"href":"https:\/\/cataloniacomics.com\/index.php?rest_route=%2Fwp%2Fv2%2Fmedia&parent=5092"}],"wp:term":[{"taxonomy":"product_brand","embeddable":true,"href":"https:\/\/cataloniacomics.com\/index.php?rest_route=%2Fwp%2Fv2%2Fproduct_brand&post=5092"},{"taxonomy":"product_cat","embeddable":true,"href":"https:\/\/cataloniacomics.com\/index.php?rest_route=%2Fwp%2Fv2%2Fproduct_cat&post=5092"},{"taxonomy":"product_tag","embeddable":true,"href":"https:\/\/cataloniacomics.com\/index.php?rest_route=%2Fwp%2Fv2%2Fproduct_tag&post=5092"}],"curies":[{"name":"wp","href":"https:\/\/api.w.org\/{rel}","templated":true}]}}

<p>El donostiarra Dani Fano recrea la vida de Miguel Mármol, un activista obrero incombustible nacido en El Salvador en 1905. Hijo menor de una familia pobre de Ilopango, endureció el estómago a base de comer sopa de tortillas de maíz siendo apenas un niño de pecho. De joven aprendió el oficio de zapatero a la vez que comenzaba a organizar sindicatos y federaciones obreras. En 1930 funda, junto con otros compañeros, el Partido Comunista Salvadoreño, y ese mismo año viaja a la URSS a conocer de cerca la revolución soviética.</p>
<p>Tras su regreso participa activamente en el alzamiento indígena y obrero de 1932 contra el Gobierno totalitario del general Martínez, codo con codo con Farabundo Martí, Feliciano Ama, <em>Chico</em> Sánchez y tantos otros. Como ellos, fue fusilado y rematado a machetazos, pero aun así consigue salvar la vida. Perseguido, detenido, torturado y amenazado durante el resto de su vida, tanto en El Salvador como en Guatemala, no deja de plantar cara a la injusticia social. Once veces fue a visitarle la muerte y once veces se escapó. La vida de Miguel Mármol es parte de la historia de El Salvador del siglo XX.</p>

<p>9788416880850</p>
<p><a href="https://cataloniacomics.com/wp-admin/edit.php?product_tag=astiberri&amp;post_type=product">Astiberri</a>, <a href="https://cataloniacomics.com/wp-admin/edit.php?product_tag=biografia&amp;post_type=product">Biografía</a>, <a href="https://cataloniacomics.com/wp-admin/edit.php?product_tag=critica-social&amp;post_type=product">Crítica Social</a>, <a href="https://cataloniacomics.com/wp-admin/edit.php?product_tag=historico&amp;post_type=product">Histórico</a>, <a href="https://cataloniacomics.com/wp-admin/edit.php?product_tag=politica&amp;post_type=product">Política</a></p>
