{"id":5059,"date":"2024-06-15T21:10:15","date_gmt":"2024-06-15T19:10:15","guid":{"rendered":"https:\/\/cataloniacomics.com\/?post_type=product&#038;p=5059"},"modified":"2026-01-13T19:58:09","modified_gmt":"2026-01-14T01:58:09","slug":"athos-en-america","status":"publish","type":"product","link":"https:\/\/cataloniacomics.com\/?product=athos-en-america","title":{"rendered":"Athos en Am\u00e9rica"},"content":{"rendered":"<p>Jason, autor noruego afincado en Francia, ha demostrado a lo largo de los a\u00f1os que no hay personaje, g\u00e9nero o argumento cl\u00e1sico que se le resista. Ha homenajeado a Hitchcock, ha hecho viajar atr\u00e1s en el tiempo a un asesino para matar a Hitler, y ha mandado a Marte un mosquetero. Y todo ello con un sentido del humor que se parece tanto al desencanto que se confunde con \u00e9l.<\/p>\n<p>En Athos en Am\u00e9rica, Jason retoma el formato de<em><a href=\"https:\/\/www.astiberri.com\/products\/low-moon\" target=\"_blank\" rel=\"noopener\">\u00a0Low Moon<\/a>\u00a0<\/em>para ofrecernos seis historias plagadas de gui\u00f1os y referencias cinematogr\u00e1ficas.\u00a0<em>Athos en Am\u00e9rica<\/em>, la historia que da t\u00edtulo al libro, es una especie de precuela de<em><a href=\"https:\/\/www.astiberri.com\/products\/el-ultimo-mosquetero\" target=\"_blank\" rel=\"noopener\">\u00a0El \u00faltimo mosquetero<\/a>,<\/em>\u00a0en la que el inmortal espadach\u00edn, acodado en la barra de un bar en el Nueva York de los a\u00f1os 20, cuenta c\u00f3mo fue a Hollywood con el fin de interpretarse a s\u00ed mismo en una versi\u00f3n cinematogr\u00e1fica de\u00a0<em>Los tres mosqueteros.<\/em><\/p>\n<p>Completan el volumen\u00a0<em>El caballo que r\u00ede,<\/em>\u00a0que retoma personajes de la historia\u00a0<em>&amp;<\/em>\u00a0de\u00a0<em>Low Moon; El cerebro que no quer\u00eda Virginia Woolf,<\/em>\u00a0un remix de\u00a0<em>El cerebro que no quer\u00eda morir<\/em>\u00a0y<em>\u00a0\u00bfQui\u00e9n teme a Virginia Woolf?;<\/em>\u00a0<em>Un gato venido del cielo,<\/em>\u00a0en el que Jason se retrata a s\u00ed mismo trabajando en su c\u00f3mic;\u00a0<em>Tom Waits en la Luna<\/em>\u00a0y\u00a0<em>Adi\u00f3s, Mary Ann.<\/em><\/p>\n","protected":false},"excerpt":{"rendered":"<p>9788415163497<\/p>\n<p><a href=\"https:\/\/cataloniacomics.com\/wp-admin\/edit.php?product_tag=astiberri&amp;post_type=product\">Astiberri<\/a>,\u00a0<a href=\"https:\/\/cataloniacomics.com\/wp-admin\/edit.php?product_tag=humor&amp;post_type=product\">Humor<\/a>,\u00a0<a href=\"https:\/\/cataloniacomics.com\/wp-admin\/edit.php?product_tag=jason&amp;post_type=product\">Jason<\/a><\/p>\n","protected":false},"featured_media":5060,"comment_status":"open","ping_status":"closed","template":"","meta":[],"product_brand":[],"product_cat":[129],"product_tag":[144,174,225],"class_list":["post-5059","product","type-product","status-publish","has-post-thumbnail","product_cat-novela-grafica","product_tag-astiberri","product_tag-humor","product_tag-jason","first","instock","sold-individually","shipping-taxable","purchasable","product-type-simple"],"_links":{"self":[{"href":"https:\/\/cataloniacomics.com\/index.php?rest_route=\/wp\/v2\/product\/5059","targetHints":{"allow":["GET"]}}],"collection":[{"href":"https:\/\/cataloniacomics.com\/index.php?rest_route=\/wp\/v2\/product"}],"about":[{"href":"https:\/\/cataloniacomics.com\/index.php?rest_route=\/wp\/v2\/types\/product"}],"replies":[{"embeddable":true,"href":"https:\/\/cataloniacomics.com\/index.php?rest_route=%2Fwp%2Fv2%2Fcomments&post=5059"}],"wp:featuredmedia":[{"embeddable":true,"href":"https:\/\/cataloniacomics.com\/index.php?rest_route=\/wp\/v2\/media\/5060"}],"wp:attachment":[{"href":"https:\/\/cataloniacomics.com\/index.php?rest_route=%2Fwp%2Fv2%2Fmedia&parent=5059"}],"wp:term":[{"taxonomy":"product_brand","embeddable":true,"href":"https:\/\/cataloniacomics.com\/index.php?rest_route=%2Fwp%2Fv2%2Fproduct_brand&post=5059"},{"taxonomy":"product_cat","embeddable":true,"href":"https:\/\/cataloniacomics.com\/index.php?rest_route=%2Fwp%2Fv2%2Fproduct_cat&post=5059"},{"taxonomy":"product_tag","embeddable":true,"href":"https:\/\/cataloniacomics.com\/index.php?rest_route=%2Fwp%2Fv2%2Fproduct_tag&post=5059"}],"curies":[{"name":"wp","href":"https:\/\/api.w.org\/{rel}","templated":true}]}}

Athos en América

<p>Jason, autor noruego afincado en Francia, ha demostrado a lo largo de los años que no hay personaje, género o argumento clásico que se le resista. Ha homenajeado a Hitchcock, ha hecho viajar atrás en el tiempo a un asesino para matar a Hitler, y ha mandado a Marte un mosquetero. Y todo ello con un sentido del humor que se parece tanto al desencanto que se confunde con él.</p>
<p>En Athos en América, Jason retoma el formato de<em><a href="https://www.astiberri.com/products/low-moon" target="_blank" rel="noopener"> Low Moon</a> </em>para ofrecernos seis historias plagadas de guiños y referencias cinematográficas. <em>Athos en América</em>, la historia que da título al libro, es una especie de precuela de<em><a href="https://www.astiberri.com/products/el-ultimo-mosquetero" target="_blank" rel="noopener"> El último mosquetero</a>,</em> en la que el inmortal espadachín, acodado en la barra de un bar en el Nueva York de los años 20, cuenta cómo fue a Hollywood con el fin de interpretarse a sí mismo en una versión cinematográfica de <em>Los tres mosqueteros.</em></p>
<p>Completan el volumen <em>El caballo que ríe,</em> que retoma personajes de la historia <em>&amp;</em> de <em>Low Moon; El cerebro que no quería Virginia Woolf,</em> un remix de <em>El cerebro que no quería morir</em> y<em> ¿Quién teme a Virginia Woolf?;</em> <em>Un gato venido del cielo,</em> en el que Jason se retrata a sí mismo trabajando en su cómic; <em>Tom Waits en la Luna</em> y <em>Adiós, Mary Ann.</em></p>
