{"id":4869,"date":"2024-06-13T23:34:04","date_gmt":"2024-06-13T21:34:04","guid":{"rendered":"https:\/\/cataloniacomics.com\/?post_type=product&#038;p=4869"},"modified":"2026-01-13T17:59:05","modified_gmt":"2026-01-13T23:59:05","slug":"pyongyang","status":"publish","type":"product","link":"https:\/\/cataloniacomics.com\/?product=pyongyang","title":{"rendered":"Pyongyang"},"content":{"rendered":"<p>El mejor documental que se ha hecho sobre Corea del Norte es una historieta. El quebequ\u00e9s Guy Delisle cuenta su estancia en la capital coreana con un agudo sentido de la observaci\u00f3n y la iron\u00eda.<\/p>\n<p><em>Pyongyang<\/em>\u00a0es una visi\u00f3n realista de un pa\u00eds en el que la pesadilla de Orwell se ha convertido en realidad, pero todo ello tratado desde la rigurosidad del periodista, la perplejidad de un occidental y la iron\u00eda de un viajero curtido.<\/p>\n<p>Guy Delisle, flem\u00e1tico observador de las incoherencias de este r\u00e9gimen totalitario, nos conduce a un extra\u00f1o universo en el que la realidad oficial desaf\u00eda la l\u00f3gica, y dibuja, casi siempre con humor, las m\u00faltiples an\u00e9cdotas que marcaron su estancia en una ciudad deshumanizada por una ideolog\u00eda paranoica.<\/p>\n","protected":false},"excerpt":{"rendered":"<p>9788496815056<\/p>\n<p><a href=\"https:\/\/cataloniacomics.com\/wp-admin\/edit.php?product_tag=astiberri&amp;post_type=product\">Astiberri<\/a>,\u00a0<a href=\"https:\/\/cataloniacomics.com\/wp-admin\/edit.php?product_tag=autobiografico&amp;post_type=product\">Autobiogr\u00e1fico<\/a>,\u00a0<a href=\"https:\/\/cataloniacomics.com\/wp-admin\/edit.php?product_tag=guy-delisle&amp;post_type=product\">Guy Delisle<\/a>,\u00a0<a href=\"https:\/\/cataloniacomics.com\/wp-admin\/edit.php?product_tag=politica&amp;post_type=product\">Pol\u00edtica<\/a>,\u00a0<a href=\"https:\/\/cataloniacomics.com\/wp-admin\/edit.php?product_tag=viajes&amp;post_type=product\">Viajes<\/a><\/p>\n","protected":false},"featured_media":4870,"comment_status":"open","ping_status":"closed","template":"","meta":[],"product_brand":[],"product_cat":[129],"product_tag":[144,246,298,313,310],"class_list":["post-4869","product","type-product","status-publish","has-post-thumbnail","product_cat-novela-grafica","product_tag-astiberri","product_tag-autobiografico","product_tag-guy-delisle","product_tag-politica","product_tag-viajes","first","outofstock","sold-individually","shipping-taxable","purchasable","product-type-simple"],"_links":{"self":[{"href":"https:\/\/cataloniacomics.com\/index.php?rest_route=\/wp\/v2\/product\/4869","targetHints":{"allow":["GET"]}}],"collection":[{"href":"https:\/\/cataloniacomics.com\/index.php?rest_route=\/wp\/v2\/product"}],"about":[{"href":"https:\/\/cataloniacomics.com\/index.php?rest_route=\/wp\/v2\/types\/product"}],"replies":[{"embeddable":true,"href":"https:\/\/cataloniacomics.com\/index.php?rest_route=%2Fwp%2Fv2%2Fcomments&post=4869"}],"wp:featuredmedia":[{"embeddable":true,"href":"https:\/\/cataloniacomics.com\/index.php?rest_route=\/wp\/v2\/media\/4870"}],"wp:attachment":[{"href":"https:\/\/cataloniacomics.com\/index.php?rest_route=%2Fwp%2Fv2%2Fmedia&parent=4869"}],"wp:term":[{"taxonomy":"product_brand","embeddable":true,"href":"https:\/\/cataloniacomics.com\/index.php?rest_route=%2Fwp%2Fv2%2Fproduct_brand&post=4869"},{"taxonomy":"product_cat","embeddable":true,"href":"https:\/\/cataloniacomics.com\/index.php?rest_route=%2Fwp%2Fv2%2Fproduct_cat&post=4869"},{"taxonomy":"product_tag","embeddable":true,"href":"https:\/\/cataloniacomics.com\/index.php?rest_route=%2Fwp%2Fv2%2Fproduct_tag&post=4869"}],"curies":[{"name":"wp","href":"https:\/\/api.w.org\/{rel}","templated":true}]}}

<p>El mejor documental que se ha hecho sobre Corea del Norte es una historieta. El quebequés Guy Delisle cuenta su estancia en la capital coreana con un agudo sentido de la observación y la ironía.</p>
<p><em>Pyongyang</em> es una visión realista de un país en el que la pesadilla de Orwell se ha convertido en realidad, pero todo ello tratado desde la rigurosidad del periodista, la perplejidad de un occidental y la ironía de un viajero curtido.</p>
<p>Guy Delisle, flemático observador de las incoherencias de este régimen totalitario, nos conduce a un extraño universo en el que la realidad oficial desafía la lógica, y dibuja, casi siempre con humor, las múltiples anécdotas que marcaron su estancia en una ciudad deshumanizada por una ideología paranoica.</p>

<p>9788496815056</p>
<p><a href="https://cataloniacomics.com/wp-admin/edit.php?product_tag=astiberri&amp;post_type=product">Astiberri</a>, <a href="https://cataloniacomics.com/wp-admin/edit.php?product_tag=autobiografico&amp;post_type=product">Autobiográfico</a>, <a href="https://cataloniacomics.com/wp-admin/edit.php?product_tag=guy-delisle&amp;post_type=product">Guy Delisle</a>, <a href="https://cataloniacomics.com/wp-admin/edit.php?product_tag=politica&amp;post_type=product">Política</a>, <a href="https://cataloniacomics.com/wp-admin/edit.php?product_tag=viajes&amp;post_type=product">Viajes</a></p>
