{"id":4773,"date":"2024-06-12T22:25:41","date_gmt":"2024-06-12T20:25:41","guid":{"rendered":"https:\/\/cataloniacomics.com\/?post_type=product&#038;p=4773"},"modified":"2026-01-13T17:38:35","modified_gmt":"2026-01-13T23:38:35","slug":"yonqui-de-la-guerra","status":"publish","type":"product","link":"https:\/\/cataloniacomics.com\/?product=yonqui-de-la-guerra","title":{"rendered":"Yonqui de la guerra"},"content":{"rendered":"<p>La gira de una banda de\u00a0<em>punk<\/em>, los recuerdos de su madre como superviviente de la II Guerra Mundial, el tratamiento medi\u00e1tico de conflictos b\u00e9licos, los sentimientos ambivalentes provocados por su condici\u00f3n de espectador y cronista\u2026 Bocados de realidad en forma de historieta que<strong>\u00a0Joe Sacco<\/strong>\u00a0identifica como la g\u00e9nesis de sus c\u00f3mics period\u00edsticos.<\/p>\n<p>A medio camino entre el diario de viajes\u00a0<em>underground<\/em>, la autobiograf\u00eda sat\u00edrica, la reflexi\u00f3n hist\u00f3rica y la denuncia, Yonqui de la guerra recopila trabajos de Sacco publicados en la serie\u00a0<em>Yahoo<\/em>\u00a0(1988-1992), claves para comprender la evoluci\u00f3n del autor de obras como\u00a0<em>Palestina: En la franja de Gaza\u00a0<\/em>o\u00a0<em>La Gran Guerra<\/em>.<\/p>\n","protected":false},"excerpt":{"rendered":"<p>9788416374625<\/p>\n<p><a href=\"https:\/\/cataloniacomics.com\/wp-admin\/edit.php?product_tag=autobiografico&amp;post_type=product\">Autobiogr\u00e1fico<\/a>,\u00a0<a href=\"https:\/\/cataloniacomics.com\/wp-admin\/edit.php?product_tag=critica-social&amp;post_type=product\">Cr\u00edtica Social<\/a>,\u00a0<a href=\"https:\/\/cataloniacomics.com\/wp-admin\/edit.php?product_tag=ecc&amp;post_type=product\">Ecc<\/a>,\u00a0<a href=\"https:\/\/cataloniacomics.com\/wp-admin\/edit.php?product_tag=historico&amp;post_type=product\">Hist\u00f3rico<\/a>,\u00a0<a href=\"https:\/\/cataloniacomics.com\/wp-admin\/edit.php?product_tag=viajes&amp;post_type=product\">Viajes<\/a><\/p>\n","protected":false},"featured_media":4774,"comment_status":"open","ping_status":"closed","template":"","meta":[],"product_brand":[],"product_cat":[129],"product_tag":[246,311,177,162,310],"class_list":["post-4773","product","type-product","status-publish","has-post-thumbnail","product_cat-novela-grafica","product_tag-autobiografico","product_tag-critica-social","product_tag-ecc","product_tag-historico","product_tag-viajes","first","outofstock","sold-individually","shipping-taxable","purchasable","product-type-simple"],"_links":{"self":[{"href":"https:\/\/cataloniacomics.com\/index.php?rest_route=\/wp\/v2\/product\/4773","targetHints":{"allow":["GET"]}}],"collection":[{"href":"https:\/\/cataloniacomics.com\/index.php?rest_route=\/wp\/v2\/product"}],"about":[{"href":"https:\/\/cataloniacomics.com\/index.php?rest_route=\/wp\/v2\/types\/product"}],"replies":[{"embeddable":true,"href":"https:\/\/cataloniacomics.com\/index.php?rest_route=%2Fwp%2Fv2%2Fcomments&post=4773"}],"wp:featuredmedia":[{"embeddable":true,"href":"https:\/\/cataloniacomics.com\/index.php?rest_route=\/wp\/v2\/media\/4774"}],"wp:attachment":[{"href":"https:\/\/cataloniacomics.com\/index.php?rest_route=%2Fwp%2Fv2%2Fmedia&parent=4773"}],"wp:term":[{"taxonomy":"product_brand","embeddable":true,"href":"https:\/\/cataloniacomics.com\/index.php?rest_route=%2Fwp%2Fv2%2Fproduct_brand&post=4773"},{"taxonomy":"product_cat","embeddable":true,"href":"https:\/\/cataloniacomics.com\/index.php?rest_route=%2Fwp%2Fv2%2Fproduct_cat&post=4773"},{"taxonomy":"product_tag","embeddable":true,"href":"https:\/\/cataloniacomics.com\/index.php?rest_route=%2Fwp%2Fv2%2Fproduct_tag&post=4773"}],"curies":[{"name":"wp","href":"https:\/\/api.w.org\/{rel}","templated":true}]}}

<p>La gira de una banda de <em>punk</em>, los recuerdos de su madre como superviviente de la II Guerra Mundial, el tratamiento mediático de conflictos bélicos, los sentimientos ambivalentes provocados por su condición de espectador y cronista… Bocados de realidad en forma de historieta que<strong> Joe Sacco</strong> identifica como la génesis de sus cómics periodísticos.</p>
<p>A medio camino entre el diario de viajes <em>underground</em>, la autobiografía satírica, la reflexión histórica y la denuncia, Yonqui de la guerra recopila trabajos de Sacco publicados en la serie <em>Yahoo</em> (1988-1992), claves para comprender la evolución del autor de obras como <em>Palestina: En la franja de Gaza </em>o <em>La Gran Guerra</em>.</p>

<p>9788416374625</p>
<p><a href="https://cataloniacomics.com/wp-admin/edit.php?product_tag=autobiografico&amp;post_type=product">Autobiográfico</a>, <a href="https://cataloniacomics.com/wp-admin/edit.php?product_tag=critica-social&amp;post_type=product">Crítica Social</a>, <a href="https://cataloniacomics.com/wp-admin/edit.php?product_tag=ecc&amp;post_type=product">Ecc</a>, <a href="https://cataloniacomics.com/wp-admin/edit.php?product_tag=historico&amp;post_type=product">Histórico</a>, <a href="https://cataloniacomics.com/wp-admin/edit.php?product_tag=viajes&amp;post_type=product">Viajes</a></p>
