{"id":4761,"date":"2024-06-12T22:09:50","date_gmt":"2024-06-12T20:09:50","guid":{"rendered":"https:\/\/cataloniacomics.com\/?post_type=product&#038;p=4761"},"modified":"2026-01-13T17:36:40","modified_gmt":"2026-01-13T23:36:40","slug":"el-silencio-de-malka","status":"publish","type":"product","link":"https:\/\/cataloniacomics.com\/?product=el-silencio-de-malka","title":{"rendered":"El silencio de Malka"},"content":{"rendered":"<p>A finales del siglo XIX, la familia de Malka huye de los pogromos que causan estragos en Rusia y se embarca para Argentina. Pero los inmigrantes descubren que su nuevo hogar no es la tierra prometida y chocan con la hostilidad de los hombres y la naturaleza mientras luchan por cultivar la \u00e1rida tierra. Finalmente, la miseria los empujar\u00e1 a invocar una criatura m\u00edtica, el g\u00f3lem&#8230;<\/p>\n<p>Inspir\u00e1ndose en una historia que le cont\u00f3 su abuela, Jorge Zentner muestra la emigraci\u00f3n a Sudam\u00e9rica de los jud\u00edos askenaz\u00edes, pero es tambi\u00e9n una par\u00e1bola sobre la construcci\u00f3n de una naci\u00f3n moderna y el encuentro entre el misticismo y la religi\u00f3n.<\/p>\n<p>Premio Alph-Art al mejor \u00e1lbum extranjero en el festival de la localidad francesa de Angoul\u00eame 1997, la cita m\u00e1s importante del c\u00f3mic en Europa. Esta edici\u00f3n cuenta con tres p\u00e1ginas extra y numerosos bocetos in\u00e9ditos.<\/p>\n","protected":false},"excerpt":{"rendered":"<p>9788417575205<\/p>\n<p><a href=\"https:\/\/cataloniacomics.com\/wp-admin\/edit.php?product_tag=astiberri&amp;post_type=product\">Astiberri<\/a>,\u00a0<a href=\"https:\/\/cataloniacomics.com\/wp-admin\/edit.php?product_tag=critica-social&amp;post_type=product\">Cr\u00edtica Social<\/a>,\u00a0<a href=\"https:\/\/cataloniacomics.com\/wp-admin\/edit.php?product_tag=drama&amp;post_type=product\">Drama<\/a>,\u00a0<a href=\"https:\/\/cataloniacomics.com\/wp-admin\/edit.php?product_tag=viajes&amp;post_type=product\">Viajes<\/a><\/p>\n","protected":false},"featured_media":4764,"comment_status":"open","ping_status":"closed","template":"","meta":[],"product_brand":[],"product_cat":[129],"product_tag":[144,311,290,310],"class_list":["post-4761","product","type-product","status-publish","has-post-thumbnail","product_cat-novela-grafica","product_tag-astiberri","product_tag-critica-social","product_tag-drama","product_tag-viajes","first","instock","sold-individually","shipping-taxable","purchasable","product-type-simple"],"_links":{"self":[{"href":"https:\/\/cataloniacomics.com\/index.php?rest_route=\/wp\/v2\/product\/4761","targetHints":{"allow":["GET"]}}],"collection":[{"href":"https:\/\/cataloniacomics.com\/index.php?rest_route=\/wp\/v2\/product"}],"about":[{"href":"https:\/\/cataloniacomics.com\/index.php?rest_route=\/wp\/v2\/types\/product"}],"replies":[{"embeddable":true,"href":"https:\/\/cataloniacomics.com\/index.php?rest_route=%2Fwp%2Fv2%2Fcomments&post=4761"}],"wp:featuredmedia":[{"embeddable":true,"href":"https:\/\/cataloniacomics.com\/index.php?rest_route=\/wp\/v2\/media\/4764"}],"wp:attachment":[{"href":"https:\/\/cataloniacomics.com\/index.php?rest_route=%2Fwp%2Fv2%2Fmedia&parent=4761"}],"wp:term":[{"taxonomy":"product_brand","embeddable":true,"href":"https:\/\/cataloniacomics.com\/index.php?rest_route=%2Fwp%2Fv2%2Fproduct_brand&post=4761"},{"taxonomy":"product_cat","embeddable":true,"href":"https:\/\/cataloniacomics.com\/index.php?rest_route=%2Fwp%2Fv2%2Fproduct_cat&post=4761"},{"taxonomy":"product_tag","embeddable":true,"href":"https:\/\/cataloniacomics.com\/index.php?rest_route=%2Fwp%2Fv2%2Fproduct_tag&post=4761"}],"curies":[{"name":"wp","href":"https:\/\/api.w.org\/{rel}","templated":true}]}}

<p>A finales del siglo XIX, la familia de Malka huye de los pogromos que causan estragos en Rusia y se embarca para Argentina. Pero los inmigrantes descubren que su nuevo hogar no es la tierra prometida y chocan con la hostilidad de los hombres y la naturaleza mientras luchan por cultivar la árida tierra. Finalmente, la miseria los empujará a invocar una criatura mítica, el gólem&#8230;</p>
<p>Inspirándose en una historia que le contó su abuela, Jorge Zentner muestra la emigración a Sudamérica de los judíos askenazíes, pero es también una parábola sobre la construcción de una nación moderna y el encuentro entre el misticismo y la religión.</p>
<p>Premio Alph-Art al mejor álbum extranjero en el festival de la localidad francesa de Angoulême 1997, la cita más importante del cómic en Europa. Esta edición cuenta con tres páginas extra y numerosos bocetos inéditos.</p>

<p>9788417575205</p>
<p><a href="https://cataloniacomics.com/wp-admin/edit.php?product_tag=astiberri&amp;post_type=product">Astiberri</a>, <a href="https://cataloniacomics.com/wp-admin/edit.php?product_tag=critica-social&amp;post_type=product">Crítica Social</a>, <a href="https://cataloniacomics.com/wp-admin/edit.php?product_tag=drama&amp;post_type=product">Drama</a>, <a href="https://cataloniacomics.com/wp-admin/edit.php?product_tag=viajes&amp;post_type=product">Viajes</a></p>
