{"id":4743,"date":"2024-06-12T21:48:05","date_gmt":"2024-06-12T19:48:05","guid":{"rendered":"https:\/\/cataloniacomics.com\/?post_type=product&#038;p=4743"},"modified":"2026-01-13T17:31:30","modified_gmt":"2026-01-13T23:31:30","slug":"asylum","status":"publish","type":"product","link":"https:\/\/cataloniacomics.com\/?product=asylum","title":{"rendered":"Asylum"},"content":{"rendered":"<p>Marina, a sus 94 a\u00f1os, recuerda aquel camino que recorri\u00f3 desde Otxandio hasta Barcelona, de Barcelona a Francia, de Francia a Venezuela. Una experiencia de exilio que se cruza y se funde con las de Sanza, Aina, Chris e Imelda, quienes huyen de la guerra y la violencia, de los matrimonios forzados y de la trata para explotaci\u00f3n sexual, de la homofobia y del feminicidio.<\/p>\n<p>Javier de Isusi muestra en estas p\u00e1ginas, con su arte, las experiencias del exilio. Nos adentra en las historias de quienes, ayer y hoy, se ven forzados a emprender un camino para salvar su vida y su integridad, buscando un lugar donde vivir con dignidad. Personas que huyen, s\u00ed, pero tambi\u00e9n que afrontan la violencia, que muestran al mundo la gran capacidad que tenemos para resistir y reconstruirnos.<\/p>\n<p><strong><em>As\u04eflum<\/em>\u00a0es un libro solidario. Todos los beneficios de la venta de esta obra se destinar\u00e1n a CEAR-Euskadi, ONG que lleva m\u00e1s de 25 a\u00f1os luchando por los derechos de las personas refugiadas.<\/strong><\/p>\n<p>&nbsp;<\/p>\n","protected":false},"excerpt":{"rendered":"<p>9788416251926<\/p>\n<p><a href=\"https:\/\/cataloniacomics.com\/wp-admin\/edit.php?product_tag=astiberri&amp;post_type=product\">Astiberri<\/a>,\u00a0<a href=\"https:\/\/cataloniacomics.com\/wp-admin\/edit.php?product_tag=drama&amp;post_type=product\">Drama<\/a><\/p>\n","protected":false},"featured_media":4744,"comment_status":"open","ping_status":"closed","template":"","meta":[],"product_brand":[],"product_cat":[129],"product_tag":[144,290],"class_list":["post-4743","product","type-product","status-publish","has-post-thumbnail","product_cat-novela-grafica","product_tag-astiberri","product_tag-drama","first","outofstock","sold-individually","shipping-taxable","purchasable","product-type-simple"],"_links":{"self":[{"href":"https:\/\/cataloniacomics.com\/index.php?rest_route=\/wp\/v2\/product\/4743","targetHints":{"allow":["GET"]}}],"collection":[{"href":"https:\/\/cataloniacomics.com\/index.php?rest_route=\/wp\/v2\/product"}],"about":[{"href":"https:\/\/cataloniacomics.com\/index.php?rest_route=\/wp\/v2\/types\/product"}],"replies":[{"embeddable":true,"href":"https:\/\/cataloniacomics.com\/index.php?rest_route=%2Fwp%2Fv2%2Fcomments&post=4743"}],"wp:featuredmedia":[{"embeddable":true,"href":"https:\/\/cataloniacomics.com\/index.php?rest_route=\/wp\/v2\/media\/4744"}],"wp:attachment":[{"href":"https:\/\/cataloniacomics.com\/index.php?rest_route=%2Fwp%2Fv2%2Fmedia&parent=4743"}],"wp:term":[{"taxonomy":"product_brand","embeddable":true,"href":"https:\/\/cataloniacomics.com\/index.php?rest_route=%2Fwp%2Fv2%2Fproduct_brand&post=4743"},{"taxonomy":"product_cat","embeddable":true,"href":"https:\/\/cataloniacomics.com\/index.php?rest_route=%2Fwp%2Fv2%2Fproduct_cat&post=4743"},{"taxonomy":"product_tag","embeddable":true,"href":"https:\/\/cataloniacomics.com\/index.php?rest_route=%2Fwp%2Fv2%2Fproduct_tag&post=4743"}],"curies":[{"name":"wp","href":"https:\/\/api.w.org\/{rel}","templated":true}]}}

<p>Marina, a sus 94 años, recuerda aquel camino que recorrió desde Otxandio hasta Barcelona, de Barcelona a Francia, de Francia a Venezuela. Una experiencia de exilio que se cruza y se funde con las de Sanza, Aina, Chris e Imelda, quienes huyen de la guerra y la violencia, de los matrimonios forzados y de la trata para explotación sexual, de la homofobia y del feminicidio.</p>
<p>Javier de Isusi muestra en estas páginas, con su arte, las experiencias del exilio. Nos adentra en las historias de quienes, ayer y hoy, se ven forzados a emprender un camino para salvar su vida y su integridad, buscando un lugar donde vivir con dignidad. Personas que huyen, sí, pero también que afrontan la violencia, que muestran al mundo la gran capacidad que tenemos para resistir y reconstruirnos.</p>
<p><strong><em>Asӯlum</em> es un libro solidario. Todos los beneficios de la venta de esta obra se destinarán a CEAR-Euskadi, ONG que lleva más de 25 años luchando por los derechos de las personas refugiadas.</strong></p>
<p>&nbsp;</p>
