{"id":4310,"date":"2024-06-08T22:53:53","date_gmt":"2024-06-08T20:53:53","guid":{"rendered":"https:\/\/cataloniacomics.com\/?post_type=product&#038;p=4310"},"modified":"2026-01-12T19:59:55","modified_gmt":"2026-01-13T01:59:55","slug":"4310","status":"publish","type":"product","link":"https:\/\/cataloniacomics.com\/?product=4310","title":{"rendered":"Los surcos del azar"},"content":{"rendered":"<p><strong>Premio Zona C\u00f3mic al mejor c\u00f3mic nacional de 2013<\/strong><\/p>\n<p><strong>Gran Premio Romics (Roma, 2014)<\/strong><\/p>\n<p><strong>Premio a la mejor obra de autor espa\u00f1ol en el Sal\u00f3n Internacional del C\u00f3mic de Barcelona 2014<\/strong><\/p>\n<p><strong>Premio de la Cr\u00edtica 2014 a la mejor obra y al mejor guionista nacional<\/strong><\/p>\n<p><strong>Finalista al premio Libro del A\u00f1o 2014 concedido por el Gremio de Libreros de Madrid<\/strong><\/p>\n<p><strong>Premio Mandarache de J\u00f3venes Lectores 2019 concedido por el Ayuntamiento de Cartagena<\/strong><\/p>\n<p>A trav\u00e9s de los recuerdos de Miguel Ruiz, republicano espa\u00f1ol exiliado en Francia, Paco Roca reconstruye la historia de La Nueve, una compa\u00f1\u00eda a las \u00f3rdenes del capit\u00e1n Dronne integrada en la segunda divisi\u00f3n blindada del general Leclerc, y formada mayoritariamente por republicanos espa\u00f1oles. Una historia apasionante y olvidada sobre la contribuci\u00f3n espa\u00f1ola en la Segunda Guerra Mundial que ha logrado hacerse con el favor de los lectores y la cr\u00edtica, al ganar, entre otros, el premio Zona C\u00f3mic, el de mejor obra nacional del Sal\u00f3n del C\u00f3mic de Barcelona y el Romics del sal\u00f3n del c\u00f3mic de Roma 2014, y adem\u00e1s, se ha editado ya en Italia, Francia y Alemania.<\/p>\n<p>La mayor\u00eda de los hombres que compon\u00edan La Nueve ten\u00eda menos de 20 a\u00f1os cuando en 1936 cogieron las armas por primera vez para defender la Rep\u00fablica espa\u00f1ola. Ninguno sab\u00eda entonces que los supervivientes ya no las abandonar\u00edan hasta ocho a\u00f1os despu\u00e9s, y que en la noche del 24 de agosto de 1944 ser\u00edan los primeros en entrar en Par\u00eds. Los carros de combate llevaban, en el morro, nombres sorprendentes: Madrid, Don Quichotte, Guadalajara, Ebro o Guernica. Los soldados se apellidaban Granell, Campos, F\u00e1bregas, Royo, Pujol&#8230; Ellos encabezar\u00e1n el desfile de la victoria del d\u00eda 26 por los Campos El\u00edseos. Sin embargo, no lograr\u00e1n su m\u00e1xima meta de ver Espa\u00f1a libre del franquismo.<\/p>\n","protected":false},"excerpt":{"rendered":"<p>9788415685364<\/p>\n<p><a href=\"https:\/\/cataloniacomics.com\/wp-admin\/edit.php?product_tag=astiberri&amp;post_type=product\">Astiberri<\/a>,\u00a0<a href=\"https:\/\/cataloniacomics.com\/wp-admin\/edit.php?product_tag=biografia&amp;post_type=product\">Biograf\u00eda<\/a>,\u00a0<a href=\"https:\/\/cataloniacomics.com\/wp-admin\/edit.php?product_tag=historico&amp;post_type=product\">Hist\u00f3rico<\/a>,\u00a0<a href=\"https:\/\/cataloniacomics.com\/wp-admin\/edit.php?product_tag=paco-roca&amp;post_type=product\">Paco Roca<\/a><\/p>\n","protected":false},"featured_media":4311,"comment_status":"open","ping_status":"closed","template":"","meta":[],"product_brand":[],"product_cat":[129],"product_tag":[144,208,162,146],"class_list":["post-4310","product","type-product","status-publish","has-post-thumbnail","product_cat-novela-grafica","product_tag-astiberri","product_tag-biografia","product_tag-historico","product_tag-paco-roca","first","instock","sold-individually","shipping-taxable","purchasable","product-type-simple"],"_links":{"self":[{"href":"https:\/\/cataloniacomics.com\/index.php?rest_route=\/wp\/v2\/product\/4310","targetHints":{"allow":["GET"]}}],"collection":[{"href":"https:\/\/cataloniacomics.com\/index.php?rest_route=\/wp\/v2\/product"}],"about":[{"href":"https:\/\/cataloniacomics.com\/index.php?rest_route=\/wp\/v2\/types\/product"}],"replies":[{"embeddable":true,"href":"https:\/\/cataloniacomics.com\/index.php?rest_route=%2Fwp%2Fv2%2Fcomments&post=4310"}],"wp:featuredmedia":[{"embeddable":true,"href":"https:\/\/cataloniacomics.com\/index.php?rest_route=\/wp\/v2\/media\/4311"}],"wp:attachment":[{"href":"https:\/\/cataloniacomics.com\/index.php?rest_route=%2Fwp%2Fv2%2Fmedia&parent=4310"}],"wp:term":[{"taxonomy":"product_brand","embeddable":true,"href":"https:\/\/cataloniacomics.com\/index.php?rest_route=%2Fwp%2Fv2%2Fproduct_brand&post=4310"},{"taxonomy":"product_cat","embeddable":true,"href":"https:\/\/cataloniacomics.com\/index.php?rest_route=%2Fwp%2Fv2%2Fproduct_cat&post=4310"},{"taxonomy":"product_tag","embeddable":true,"href":"https:\/\/cataloniacomics.com\/index.php?rest_route=%2Fwp%2Fv2%2Fproduct_tag&post=4310"}],"curies":[{"name":"wp","href":"https:\/\/api.w.org\/{rel}","templated":true}]}}

<p><strong>Premio Zona Cómic al mejor cómic nacional de 2013</strong></p>
<p><strong>Gran Premio Romics (Roma, 2014)</strong></p>
<p><strong>Premio a la mejor obra de autor español en el Salón Internacional del Cómic de Barcelona 2014</strong></p>
<p><strong>Premio de la Crítica 2014 a la mejor obra y al mejor guionista nacional</strong></p>
<p><strong>Finalista al premio Libro del Año 2014 concedido por el Gremio de Libreros de Madrid</strong></p>
<p><strong>Premio Mandarache de Jóvenes Lectores 2019 concedido por el Ayuntamiento de Cartagena</strong></p>
<p>A través de los recuerdos de Miguel Ruiz, republicano español exiliado en Francia, Paco Roca reconstruye la historia de La Nueve, una compañía a las órdenes del capitán Dronne integrada en la segunda división blindada del general Leclerc, y formada mayoritariamente por republicanos españoles. Una historia apasionante y olvidada sobre la contribución española en la Segunda Guerra Mundial que ha logrado hacerse con el favor de los lectores y la crítica, al ganar, entre otros, el premio Zona Cómic, el de mejor obra nacional del Salón del Cómic de Barcelona y el Romics del salón del cómic de Roma 2014, y además, se ha editado ya en Italia, Francia y Alemania.</p>
<p>La mayoría de los hombres que componían La Nueve tenía menos de 20 años cuando en 1936 cogieron las armas por primera vez para defender la República española. Ninguno sabía entonces que los supervivientes ya no las abandonarían hasta ocho años después, y que en la noche del 24 de agosto de 1944 serían los primeros en entrar en París. Los carros de combate llevaban, en el morro, nombres sorprendentes: Madrid, Don Quichotte, Guadalajara, Ebro o Guernica. Los soldados se apellidaban Granell, Campos, Fábregas, Royo, Pujol&#8230; Ellos encabezarán el desfile de la victoria del día 26 por los Campos Elíseos. Sin embargo, no lograrán su máxima meta de ver España libre del franquismo.</p>

<p>9788415685364</p>
<p><a href="https://cataloniacomics.com/wp-admin/edit.php?product_tag=astiberri&amp;post_type=product">Astiberri</a>, <a href="https://cataloniacomics.com/wp-admin/edit.php?product_tag=biografia&amp;post_type=product">Biografía</a>, <a href="https://cataloniacomics.com/wp-admin/edit.php?product_tag=historico&amp;post_type=product">Histórico</a>, <a href="https://cataloniacomics.com/wp-admin/edit.php?product_tag=paco-roca&amp;post_type=product">Paco Roca</a></p>
