{"id":4209,"date":"2024-06-08T01:12:03","date_gmt":"2024-06-07T23:12:03","guid":{"rendered":"https:\/\/cataloniacomics.com\/?post_type=product&#038;p=4209"},"modified":"2026-01-12T19:43:42","modified_gmt":"2026-01-13T01:43:42","slug":"wonderland","status":"publish","type":"product","link":"https:\/\/cataloniacomics.com\/?product=wonderland","title":{"rendered":"Wonderland"},"content":{"rendered":"<p>El peque\u00f1o Tommaso, un ni\u00f1o italosuizo, crece en las calles romanas asfixiado por un padre autoritario e irascible, y apartado por la sombra de un hermano discapacitado f\u00edsicamente que quiere comerse el mundo y acapara la atenci\u00f3n de su madre. Envidia, desencanto y sentimiento de culpabilidad anegan la infancia y adolescencia de Tommaso, que se refugia en el dibujo y una fecunda imaginaci\u00f3n, rodeado de Walt Disney, Tiziano o el artista checo Zden\u011bk Burian.<\/p>\n<p>En\u00a0<em>Wonderland<\/em>, una autobiograf\u00eda fruto de diez a\u00f1os de trabajo, Tom Tirabosco trata de identificar momentos claves, fijar recuerdos y reconstruir una memoria de lo \u00edntimo, para esbozar un retrato familiar y sus peculiares relaciones, sobre todo la que le une con su hermano Michel, intensa y dolorosa. Muestra la infancia como el lugar de la despreocupaci\u00f3n, de la fantas\u00eda, pero tambi\u00e9n como la cuna de todas las neurosis futuras.<\/p>\n<p>Tirabosco tambi\u00e9n da en su nueva obra una visi\u00f3n personal, l\u00facida y cr\u00edtica de la Suiza actual, al plantear el poder devastador de las leyes de mercado del capitalismo, e incidir concretamente en la postura activa de su madre en favor de facilitar el acceso a las viviendas sociales. Todo ello ha convertido a Wonderland en un c\u00f3mic de inmediato \u00e9xito de cr\u00edtica y ventas en el pa\u00eds helv\u00e9tico.<\/p>\n","protected":false},"excerpt":{"rendered":"<p>9788416251247<\/p>\n<p><a href=\"https:\/\/cataloniacomics.com\/wp-admin\/edit.php?product_tag=astiberri&amp;post_type=product\">Astiberri<\/a>,\u00a0<a href=\"https:\/\/cataloniacomics.com\/wp-admin\/edit.php?product_tag=autobiografico&amp;post_type=product\">Autobiogr\u00e1fico<\/a><\/p>\n","protected":false},"featured_media":4210,"comment_status":"open","ping_status":"closed","template":"","meta":[],"product_brand":[],"product_cat":[129],"product_tag":[144,246],"class_list":["post-4209","product","type-product","status-publish","has-post-thumbnail","product_cat-novela-grafica","product_tag-astiberri","product_tag-autobiografico","first","instock","sold-individually","shipping-taxable","purchasable","product-type-simple"],"_links":{"self":[{"href":"https:\/\/cataloniacomics.com\/index.php?rest_route=\/wp\/v2\/product\/4209","targetHints":{"allow":["GET"]}}],"collection":[{"href":"https:\/\/cataloniacomics.com\/index.php?rest_route=\/wp\/v2\/product"}],"about":[{"href":"https:\/\/cataloniacomics.com\/index.php?rest_route=\/wp\/v2\/types\/product"}],"replies":[{"embeddable":true,"href":"https:\/\/cataloniacomics.com\/index.php?rest_route=%2Fwp%2Fv2%2Fcomments&post=4209"}],"wp:featuredmedia":[{"embeddable":true,"href":"https:\/\/cataloniacomics.com\/index.php?rest_route=\/wp\/v2\/media\/4210"}],"wp:attachment":[{"href":"https:\/\/cataloniacomics.com\/index.php?rest_route=%2Fwp%2Fv2%2Fmedia&parent=4209"}],"wp:term":[{"taxonomy":"product_brand","embeddable":true,"href":"https:\/\/cataloniacomics.com\/index.php?rest_route=%2Fwp%2Fv2%2Fproduct_brand&post=4209"},{"taxonomy":"product_cat","embeddable":true,"href":"https:\/\/cataloniacomics.com\/index.php?rest_route=%2Fwp%2Fv2%2Fproduct_cat&post=4209"},{"taxonomy":"product_tag","embeddable":true,"href":"https:\/\/cataloniacomics.com\/index.php?rest_route=%2Fwp%2Fv2%2Fproduct_tag&post=4209"}],"curies":[{"name":"wp","href":"https:\/\/api.w.org\/{rel}","templated":true}]}}

<p>El pequeño Tommaso, un niño italosuizo, crece en las calles romanas asfixiado por un padre autoritario e irascible, y apartado por la sombra de un hermano discapacitado físicamente que quiere comerse el mundo y acapara la atención de su madre. Envidia, desencanto y sentimiento de culpabilidad anegan la infancia y adolescencia de Tommaso, que se refugia en el dibujo y una fecunda imaginación, rodeado de Walt Disney, Tiziano o el artista checo Zdeněk Burian.</p>
<p>En <em>Wonderland</em>, una autobiografía fruto de diez años de trabajo, Tom Tirabosco trata de identificar momentos claves, fijar recuerdos y reconstruir una memoria de lo íntimo, para esbozar un retrato familiar y sus peculiares relaciones, sobre todo la que le une con su hermano Michel, intensa y dolorosa. Muestra la infancia como el lugar de la despreocupación, de la fantasía, pero también como la cuna de todas las neurosis futuras.</p>
<p>Tirabosco también da en su nueva obra una visión personal, lúcida y crítica de la Suiza actual, al plantear el poder devastador de las leyes de mercado del capitalismo, e incidir concretamente en la postura activa de su madre en favor de facilitar el acceso a las viviendas sociales. Todo ello ha convertido a Wonderland en un cómic de inmediato éxito de crítica y ventas en el país helvético.</p>

<p>9788416251247</p>
<p><a href="https://cataloniacomics.com/wp-admin/edit.php?product_tag=astiberri&amp;post_type=product">Astiberri</a>, <a href="https://cataloniacomics.com/wp-admin/edit.php?product_tag=autobiografico&amp;post_type=product">Autobiográfico</a></p>
