{"id":4144,"date":"2024-06-07T23:22:37","date_gmt":"2024-06-07T21:22:37","guid":{"rendered":"https:\/\/cataloniacomics.com\/?post_type=product&#038;p=4144"},"modified":"2026-01-12T19:31:47","modified_gmt":"2026-01-13T01:31:47","slug":"la-ciudad-de-ys-1-la-locura-de-gradlon","status":"publish","type":"product","link":"https:\/\/cataloniacomics.com\/?product=la-ciudad-de-ys-1-la-locura-de-gradlon","title":{"rendered":"La ciudad de Ys 1 : La locura de Gradlon"},"content":{"rendered":"<p>Gradlon, el rey de Breta\u00f1a, sue\u00f1a noche tras noche con una misteriosa fortaleza a la que tiene que atacar e invadir&#8230; Hasta que un d\u00eda, desde el mar donde navega con sus hombres, vislumbra en el horizonte la ciudadela so\u00f1ada. La misma ciudadela levantada sobre aquella roca, con sus torreones y atalayas, que se alzaban hacia un cielo oscuro. Surgen entonces tiempos de violencia y de sangre, de hechizos y tormentas, y de irresistibles atracciones&#8230;<\/p>\n<p><em>La locura de Gradlon<\/em>\u00a0es el primer volumen de esta serie de corte fant\u00e1stico-\u00e9pico. Obnubilado en sue\u00f1os por una misteriosa fortaleza, Gradlon acabar\u00e1 hechizado por su reina, la bella Magdalen, y atrapado en el tiempo&#8230; Raquel Alzate, la ilustradora de\u00a0<em>Cruz del Sur<\/em>\u00a0(Astiberri, 2005), por el que obtuvo el premio al autor revelaci\u00f3n del Sal\u00f3n Internacional del C\u00f3mic de Barcelona, y Rodolphe, prol\u00edfico guionista franc\u00e9s, se juntan para edificar esa epopeya c\u00e9ltica, que constar\u00e1 de tres vol\u00famenes.<\/p>\n","protected":false},"excerpt":{"rendered":"<p>9788415685173<\/p>\n<p><a href=\"https:\/\/cataloniacomics.com\/wp-admin\/edit.php?product_tag=astiberri&amp;post_type=product\">Astiberri<\/a><\/p>\n","protected":false},"featured_media":4145,"comment_status":"open","ping_status":"closed","template":"","meta":[],"product_brand":[],"product_cat":[129],"product_tag":[144],"class_list":["post-4144","product","type-product","status-publish","has-post-thumbnail","product_cat-novela-grafica","product_tag-astiberri","first","instock","sold-individually","shipping-taxable","purchasable","product-type-simple"],"_links":{"self":[{"href":"https:\/\/cataloniacomics.com\/index.php?rest_route=\/wp\/v2\/product\/4144","targetHints":{"allow":["GET"]}}],"collection":[{"href":"https:\/\/cataloniacomics.com\/index.php?rest_route=\/wp\/v2\/product"}],"about":[{"href":"https:\/\/cataloniacomics.com\/index.php?rest_route=\/wp\/v2\/types\/product"}],"replies":[{"embeddable":true,"href":"https:\/\/cataloniacomics.com\/index.php?rest_route=%2Fwp%2Fv2%2Fcomments&post=4144"}],"wp:featuredmedia":[{"embeddable":true,"href":"https:\/\/cataloniacomics.com\/index.php?rest_route=\/wp\/v2\/media\/4145"}],"wp:attachment":[{"href":"https:\/\/cataloniacomics.com\/index.php?rest_route=%2Fwp%2Fv2%2Fmedia&parent=4144"}],"wp:term":[{"taxonomy":"product_brand","embeddable":true,"href":"https:\/\/cataloniacomics.com\/index.php?rest_route=%2Fwp%2Fv2%2Fproduct_brand&post=4144"},{"taxonomy":"product_cat","embeddable":true,"href":"https:\/\/cataloniacomics.com\/index.php?rest_route=%2Fwp%2Fv2%2Fproduct_cat&post=4144"},{"taxonomy":"product_tag","embeddable":true,"href":"https:\/\/cataloniacomics.com\/index.php?rest_route=%2Fwp%2Fv2%2Fproduct_tag&post=4144"}],"curies":[{"name":"wp","href":"https:\/\/api.w.org\/{rel}","templated":true}]}}

<p>Gradlon, el rey de Bretaña, sueña noche tras noche con una misteriosa fortaleza a la que tiene que atacar e invadir&#8230; Hasta que un día, desde el mar donde navega con sus hombres, vislumbra en el horizonte la ciudadela soñada. La misma ciudadela levantada sobre aquella roca, con sus torreones y atalayas, que se alzaban hacia un cielo oscuro. Surgen entonces tiempos de violencia y de sangre, de hechizos y tormentas, y de irresistibles atracciones&#8230;</p>
<p><em>La locura de Gradlon</em> es el primer volumen de esta serie de corte fantástico-épico. Obnubilado en sueños por una misteriosa fortaleza, Gradlon acabará hechizado por su reina, la bella Magdalen, y atrapado en el tiempo&#8230; Raquel Alzate, la ilustradora de <em>Cruz del Sur</em> (Astiberri, 2005), por el que obtuvo el premio al autor revelación del Salón Internacional del Cómic de Barcelona, y Rodolphe, prolífico guionista francés, se juntan para edificar esa epopeya céltica, que constará de tres volúmenes.</p>
