{"id":4129,"date":"2024-06-07T22:53:26","date_gmt":"2024-06-07T20:53:26","guid":{"rendered":"https:\/\/cataloniacomics.com\/?post_type=product&#038;p=4129"},"modified":"2026-01-12T19:27:04","modified_gmt":"2026-01-13T01:27:04","slug":"viajero-de-gris","status":"publish","type":"product","link":"https:\/\/cataloniacomics.com\/?product=viajero-de-gris","title":{"rendered":"Viajero de gris"},"content":{"rendered":"<p>Confinado entre las cuatro paredes de una celda de aislamiento, Cornelius Dark tan solo puede evadirse del horror de su cautiverio refugi\u00e1ndose en su imaginaci\u00f3n. Siendo la huida f\u00edsica imposible, su mente se convierte en el \u00fanico resquicio fuera del alcance de sus captores. As\u00ed, durante los viajes on\u00edricos que emprende, tiene ocasi\u00f3n de visitar diferentes periodos hist\u00f3ricos y de toparse con personajes que, como \u00e9l, est\u00e1n atrapados. Bien sea por anhelos, por dilemas morales o por situaciones extremas que Dark presenciar\u00e1 haciendo las veces de testigo, confidente o c\u00f3mplice.<\/p>\n<p>Publicados originalmente entre 1978 y 1980, los seis cap\u00edtulos de\u00a0<strong><em>Viajero de gris\u00a0<\/em><\/strong>cuentan por fin con una nueva edici\u00f3n que pone de manifiesto la qu\u00edmica creativa compartida por\u00a0<strong>Carlos Trillo\u00a0<\/strong>y<strong>\u00a0Alberto Breccia<\/strong>, que ya qued\u00f3 patente en\u00a0<em><strong>Buscavidas, Un tal Daneri, Hab\u00eda otra vez&#8230; El lado oscuro de los cuentos infantiles<\/strong><\/em>. Juntos, dieron forma a una obra fascinante compuesta por f\u00e1bulas morales en las que se atisban reflejos de los horrores de la dictadura militar argentina.<\/p>\n","protected":false},"excerpt":{"rendered":"<p>9788419518316<\/p>\n<p><a href=\"https:\/\/cataloniacomics.com\/wp-admin\/edit.php?product_tag=alberto-breccia&amp;post_type=product\">Alberto Breccia<\/a>,\u00a0<a href=\"https:\/\/cataloniacomics.com\/wp-admin\/edit.php?product_tag=ecc&amp;post_type=product\">Ecc<\/a><\/p>\n","protected":false},"featured_media":4130,"comment_status":"open","ping_status":"closed","template":"","meta":[],"product_brand":[],"product_cat":[129],"product_tag":[274,177],"class_list":["post-4129","product","type-product","status-publish","has-post-thumbnail","product_cat-novela-grafica","product_tag-alberto-breccia","product_tag-ecc","first","outofstock","sold-individually","shipping-taxable","purchasable","product-type-simple"],"_links":{"self":[{"href":"https:\/\/cataloniacomics.com\/index.php?rest_route=\/wp\/v2\/product\/4129","targetHints":{"allow":["GET"]}}],"collection":[{"href":"https:\/\/cataloniacomics.com\/index.php?rest_route=\/wp\/v2\/product"}],"about":[{"href":"https:\/\/cataloniacomics.com\/index.php?rest_route=\/wp\/v2\/types\/product"}],"replies":[{"embeddable":true,"href":"https:\/\/cataloniacomics.com\/index.php?rest_route=%2Fwp%2Fv2%2Fcomments&post=4129"}],"wp:featuredmedia":[{"embeddable":true,"href":"https:\/\/cataloniacomics.com\/index.php?rest_route=\/wp\/v2\/media\/4130"}],"wp:attachment":[{"href":"https:\/\/cataloniacomics.com\/index.php?rest_route=%2Fwp%2Fv2%2Fmedia&parent=4129"}],"wp:term":[{"taxonomy":"product_brand","embeddable":true,"href":"https:\/\/cataloniacomics.com\/index.php?rest_route=%2Fwp%2Fv2%2Fproduct_brand&post=4129"},{"taxonomy":"product_cat","embeddable":true,"href":"https:\/\/cataloniacomics.com\/index.php?rest_route=%2Fwp%2Fv2%2Fproduct_cat&post=4129"},{"taxonomy":"product_tag","embeddable":true,"href":"https:\/\/cataloniacomics.com\/index.php?rest_route=%2Fwp%2Fv2%2Fproduct_tag&post=4129"}],"curies":[{"name":"wp","href":"https:\/\/api.w.org\/{rel}","templated":true}]}}

<p>Confinado entre las cuatro paredes de una celda de aislamiento, Cornelius Dark tan solo puede evadirse del horror de su cautiverio refugiándose en su imaginación. Siendo la huida física imposible, su mente se convierte en el único resquicio fuera del alcance de sus captores. Así, durante los viajes oníricos que emprende, tiene ocasión de visitar diferentes periodos históricos y de toparse con personajes que, como él, están atrapados. Bien sea por anhelos, por dilemas morales o por situaciones extremas que Dark presenciará haciendo las veces de testigo, confidente o cómplice.</p>
<p>Publicados originalmente entre 1978 y 1980, los seis capítulos de <strong><em>Viajero de gris </em></strong>cuentan por fin con una nueva edición que pone de manifiesto la química creativa compartida por <strong>Carlos Trillo </strong>y<strong> Alberto Breccia</strong>, que ya quedó patente en <em><strong>Buscavidas, Un tal Daneri, Había otra vez&#8230; El lado oscuro de los cuentos infantiles</strong></em>. Juntos, dieron forma a una obra fascinante compuesta por fábulas morales en las que se atisban reflejos de los horrores de la dictadura militar argentina.</p>
