{"id":4110,"date":"2024-06-07T22:18:08","date_gmt":"2024-06-07T20:18:08","guid":{"rendered":"https:\/\/cataloniacomics.com\/?post_type=product&#038;p=4110"},"modified":"2026-01-12T19:23:25","modified_gmt":"2026-01-13T01:23:25","slug":"castillo-de-arena","status":"publish","type":"product","link":"https:\/\/cataloniacomics.com\/?product=castillo-de-arena","title":{"rendered":"Castillo de arena"},"content":{"rendered":"<p>Trece personajes descubren un cad\u00e1ver en una playa donde la realidad va deform\u00e1ndose y han de enfrentarse a un destino que se les escapa como arena entre los dedos; \u00e9sa es la premisa sobre la que se asienta\u00a0<em>Castillo de arena<\/em>, que supuso en 2010 un nuevo salto adelante en la trayectoria de Frederik Peeters como creador. El autor de\u00a0<em>P\u00edldoras azules, Oleg<\/em>\u00a0y\u00a0<em>Saqueo<\/em>\u00a0describe esta historia concebida en colaboraci\u00f3n con el cineasta Pierre Oscar L\u00e9vy como \u201cun relato de Bradbury con un toque social y un lado oscuro\u201d.\u00a0<em>Castillo de arena<\/em>, ahora en edici\u00f3n en carton\u00e9, vuelve a estar de actualidad con el estreno en cines en Espa\u00f1a el 30 de julio de la pel\u00edcula\u00a0<em>Tiempo<\/em>, dirigida por M. Night Shyamalan y con un reparto encabezado por Gael Garc\u00eda Bernal.<\/p>\n<p>El gusto por lo simb\u00f3lico, los apuntes bufonescos y una de las claves de la trama remiten tambi\u00e9n en\u00a0<em>Castillo de arena<\/em>\u00a0de forma inevitable a El \u00e1ngel exterminador de Luis Bu\u00f1uel. Asimismo, el cine ya estaba en las ra\u00edces de esta obra, dado que en su origen fue un guion para una pel\u00edcula que ahora ve la luz. y que ahora ha sido rescatado en forma de c\u00f3mic.<\/p>\n","protected":false},"excerpt":{"rendered":"<p>9788418215926<\/p>\n<p><a href=\"https:\/\/cataloniacomics.com\/wp-admin\/edit.php?product_tag=astiberri&amp;post_type=product\">Astiberri<\/a>,\u00a0<a href=\"https:\/\/cataloniacomics.com\/wp-admin\/edit.php?product_tag=frederik-peeters&amp;post_type=product\">Frederik Peeters<\/a><\/p>\n","protected":false},"featured_media":4111,"comment_status":"open","ping_status":"closed","template":"","meta":[],"product_brand":[],"product_cat":[129],"product_tag":[144,238],"class_list":["post-4110","product","type-product","status-publish","has-post-thumbnail","product_cat-novela-grafica","product_tag-astiberri","product_tag-frederik-peeters","first","instock","sold-individually","shipping-taxable","purchasable","product-type-simple"],"_links":{"self":[{"href":"https:\/\/cataloniacomics.com\/index.php?rest_route=\/wp\/v2\/product\/4110","targetHints":{"allow":["GET"]}}],"collection":[{"href":"https:\/\/cataloniacomics.com\/index.php?rest_route=\/wp\/v2\/product"}],"about":[{"href":"https:\/\/cataloniacomics.com\/index.php?rest_route=\/wp\/v2\/types\/product"}],"replies":[{"embeddable":true,"href":"https:\/\/cataloniacomics.com\/index.php?rest_route=%2Fwp%2Fv2%2Fcomments&post=4110"}],"wp:featuredmedia":[{"embeddable":true,"href":"https:\/\/cataloniacomics.com\/index.php?rest_route=\/wp\/v2\/media\/4111"}],"wp:attachment":[{"href":"https:\/\/cataloniacomics.com\/index.php?rest_route=%2Fwp%2Fv2%2Fmedia&parent=4110"}],"wp:term":[{"taxonomy":"product_brand","embeddable":true,"href":"https:\/\/cataloniacomics.com\/index.php?rest_route=%2Fwp%2Fv2%2Fproduct_brand&post=4110"},{"taxonomy":"product_cat","embeddable":true,"href":"https:\/\/cataloniacomics.com\/index.php?rest_route=%2Fwp%2Fv2%2Fproduct_cat&post=4110"},{"taxonomy":"product_tag","embeddable":true,"href":"https:\/\/cataloniacomics.com\/index.php?rest_route=%2Fwp%2Fv2%2Fproduct_tag&post=4110"}],"curies":[{"name":"wp","href":"https:\/\/api.w.org\/{rel}","templated":true}]}}

<p>Trece personajes descubren un cadáver en una playa donde la realidad va deformándose y han de enfrentarse a un destino que se les escapa como arena entre los dedos; ésa es la premisa sobre la que se asienta <em>Castillo de arena</em>, que supuso en 2010 un nuevo salto adelante en la trayectoria de Frederik Peeters como creador. El autor de <em>Píldoras azules, Oleg</em> y <em>Saqueo</em> describe esta historia concebida en colaboración con el cineasta Pierre Oscar Lévy como “un relato de Bradbury con un toque social y un lado oscuro”. <em>Castillo de arena</em>, ahora en edición en cartoné, vuelve a estar de actualidad con el estreno en cines en España el 30 de julio de la película <em>Tiempo</em>, dirigida por M. Night Shyamalan y con un reparto encabezado por Gael García Bernal.</p>
<p>El gusto por lo simbólico, los apuntes bufonescos y una de las claves de la trama remiten también en <em>Castillo de arena</em> de forma inevitable a El ángel exterminador de Luis Buñuel. Asimismo, el cine ya estaba en las raíces de esta obra, dado que en su origen fue un guion para una película que ahora ve la luz. y que ahora ha sido rescatado en forma de cómic.</p>
