{"id":4052,"date":"2024-06-07T20:33:00","date_gmt":"2024-06-07T18:33:00","guid":{"rendered":"https:\/\/cataloniacomics.com\/?post_type=product&#038;p=4052"},"modified":"2026-01-12T19:13:55","modified_gmt":"2026-01-13T01:13:55","slug":"brassens-la-libertad","status":"publish","type":"product","link":"https:\/\/cataloniacomics.com\/?product=brassens-la-libertad","title":{"rendered":"Brassens, la libertad"},"content":{"rendered":"<div class=\"citas\">\n<div class=\"cita-cont\">\n<div class=\"cita\">No confundamos libertad con libertinaje, dec\u00eda un rancio profesor de mi escuela en plena transici\u00f3n y eso es precisamente lo que hace el gran Sfar; confundirlas y mezclarlas hasta hacerlas indisolubles en un ejercicio de placer est\u00e9tico y narrativo. Una muestra incontestable de talento, porque no existe otra manera m\u00e1s honesta y aut\u00e9ntica de hablar de un libertino como Brassens. Sfar siente una fuerte atracci\u00f3n por las historias sobre artistas, ya que le abren las puertas a un universo donde los l\u00edmites entre la realidad y el imaginario del artista son aniquilados, permiti\u00e9ndole reflexionar con toda libertad y profundidad sobre su propia condici\u00f3n.<\/div>\n<div class=\"refe\"><span class=\"nombre\">DANI TOM\u00c1S (AU)<\/span><\/div>\n<\/div>\n<\/div>\n<div class=\"woocommerce-product-details__short-description\">\n<p>Tras m\u00e1s de un centenar de tebeos y dos largometrajes que cuando menos levantaron mucha polvareda \u2013<em>Gainsbourg, vida de un h\u00e9roe y El gato del rabino<\/em>\u2013, en 2011 Joann Sfar acept\u00f3 el reto de ejercer de comisario de la exposici\u00f3n organizada por la Cit\u00e9 de la Musique parisina en torno al cantautor Georges Brassens, un homenaje definitivo a quien fuera uno de los mayores exponentes de la chanson y la trova anarquista del siglo XX. Para la ocasi\u00f3n, Joann Sfar realiz\u00f3 este vadem\u00e9cum apasionado y a ratos delirante, formado por decenas de ilustraciones y alrededor de ochenta p\u00e1ginas de puro tebeo que comienzan como una autoparodia, para acabar ahondando en el lado m\u00e1s \u00edntimo del artista galo. Esta edici\u00f3n aporta adem\u00e1s las visiones de cuatro periodistas especializados que son como cuatro puntos cardinales de nuestra educaci\u00f3n musical y sentimental: Juan de Pablos, Dildo de Congost, Patricia Godes y Vicente Fabuel firman respectivamente una introducci\u00f3n, un irreverente perfil biogr\u00e1fico y patol\u00f3gico del artista, un repaso al legado puramente l\u00edrico de su cancionero y un an\u00e1lisis de su influencia a este lado de los\u00a0Pirineos.<\/p>\n<\/div>\n","protected":false},"excerpt":{"rendered":"<p>9788493977238<\/p>\n<p><a href=\"https:\/\/cataloniacomics.com\/wp-admin\/edit.php?product_tag=fulgencio-pimentel&amp;post_type=product\">Fulgencio Pimentel<\/a><\/p>\n","protected":false},"featured_media":4053,"comment_status":"open","ping_status":"closed","template":"","meta":[],"product_brand":[],"product_cat":[129],"product_tag":[180],"class_list":["post-4052","product","type-product","status-publish","has-post-thumbnail","product_cat-novela-grafica","product_tag-fulgencio-pimentel","first","outofstock","sold-individually","shipping-taxable","purchasable","product-type-simple"],"_links":{"self":[{"href":"https:\/\/cataloniacomics.com\/index.php?rest_route=\/wp\/v2\/product\/4052","targetHints":{"allow":["GET"]}}],"collection":[{"href":"https:\/\/cataloniacomics.com\/index.php?rest_route=\/wp\/v2\/product"}],"about":[{"href":"https:\/\/cataloniacomics.com\/index.php?rest_route=\/wp\/v2\/types\/product"}],"replies":[{"embeddable":true,"href":"https:\/\/cataloniacomics.com\/index.php?rest_route=%2Fwp%2Fv2%2Fcomments&post=4052"}],"wp:featuredmedia":[{"embeddable":true,"href":"https:\/\/cataloniacomics.com\/index.php?rest_route=\/wp\/v2\/media\/4053"}],"wp:attachment":[{"href":"https:\/\/cataloniacomics.com\/index.php?rest_route=%2Fwp%2Fv2%2Fmedia&parent=4052"}],"wp:term":[{"taxonomy":"product_brand","embeddable":true,"href":"https:\/\/cataloniacomics.com\/index.php?rest_route=%2Fwp%2Fv2%2Fproduct_brand&post=4052"},{"taxonomy":"product_cat","embeddable":true,"href":"https:\/\/cataloniacomics.com\/index.php?rest_route=%2Fwp%2Fv2%2Fproduct_cat&post=4052"},{"taxonomy":"product_tag","embeddable":true,"href":"https:\/\/cataloniacomics.com\/index.php?rest_route=%2Fwp%2Fv2%2Fproduct_tag&post=4052"}],"curies":[{"name":"wp","href":"https:\/\/api.w.org\/{rel}","templated":true}]}}

<div class="citas">
<div class="cita-cont">
<div class="cita">No confundamos libertad con libertinaje, decía un rancio profesor de mi escuela en plena transición y eso es precisamente lo que hace el gran Sfar; confundirlas y mezclarlas hasta hacerlas indisolubles en un ejercicio de placer estético y narrativo. Una muestra incontestable de talento, porque no existe otra manera más honesta y auténtica de hablar de un libertino como Brassens. Sfar siente una fuerte atracción por las historias sobre artistas, ya que le abren las puertas a un universo donde los límites entre la realidad y el imaginario del artista son aniquilados, permitiéndole reflexionar con toda libertad y profundidad sobre su propia condición.</div>
<div class="refe"><span class="nombre">DANI TOMÁS (AU)</span></div>
</div>
</div>
<div class="woocommerce-product-details__short-description">
<p>Tras más de un centenar de tebeos y dos largometrajes que cuando menos levantaron mucha polvareda –<em>Gainsbourg, vida de un héroe y El gato del rabino</em>–, en 2011 Joann Sfar aceptó el reto de ejercer de comisario de la exposición organizada por la Cité de la Musique parisina en torno al cantautor Georges Brassens, un homenaje definitivo a quien fuera uno de los mayores exponentes de la chanson y la trova anarquista del siglo XX. Para la ocasión, Joann Sfar realizó este vademécum apasionado y a ratos delirante, formado por decenas de ilustraciones y alrededor de ochenta páginas de puro tebeo que comienzan como una autoparodia, para acabar ahondando en el lado más íntimo del artista galo. Esta edición aporta además las visiones de cuatro periodistas especializados que son como cuatro puntos cardinales de nuestra educación musical y sentimental: Juan de Pablos, Dildo de Congost, Patricia Godes y Vicente Fabuel firman respectivamente una introducción, un irreverente perfil biográfico y patológico del artista, un repaso al legado puramente lírico de su cancionero y un análisis de su influencia a este lado de los Pirineos.</p>
</div>
