{"id":3871,"date":"2024-06-05T23:19:25","date_gmt":"2024-06-05T21:19:25","guid":{"rendered":"https:\/\/cataloniacomics.com\/?post_type=product&#038;p=3871"},"modified":"2026-01-12T17:32:22","modified_gmt":"2026-01-12T23:32:22","slug":"gente-de-aqui-gente-de-alli","status":"publish","type":"product","link":"https:\/\/cataloniacomics.com\/?product=gente-de-aqui-gente-de-alli","title":{"rendered":"Gente de aqu\u00ed, gente de all\u00ed"},"content":{"rendered":"<p>Vuelve Quan Zhou para hablar de la \u201cgente de all\u00ed\u201d: de los migrantes y sus descendientes, de los motivos que les traen a Espa\u00f1a, de sus niveles de arraigo, de la \u201cpasaportitis\u201d, porque burocracia no es lo mismo que identidad, ni el pasaporte ni la nacionalidad sirven para categorizar a una persona. Tambi\u00e9n reflexiona sobre la \u201cgente de aqu\u00ed\u201d: sobre lo que le han contado que significa ser espa\u00f1ol, la leyenda negra, Espa\u00f1a como pa\u00eds migrante a pa\u00eds de recepci\u00f3n de migrantes, los sesgos y estereotipos, sin olvidar el peligro del discurso \u00fanico y el papel de los medios en todo esto.<\/p>\n<p>La autora, que ha realizado en los \u00faltimos a\u00f1os ponencias sobre racismo e identidad en pa\u00edses como Espa\u00f1a, Estados Unidos, Suecia, China y Taiwan, sigue escogiendo el humor para invitarnos a la reflexi\u00f3n, porque \u201ca estas alturas de la vida, no podemos seguir pensando que alguien con rasgos asi\u00e1ticos autom\u00e1ticamente no va a hablar espa\u00f1ol o que piel morena y pelo rizado significa \u00a1salsaaaa!\u201d, concluye.<\/p>\n<p>&nbsp;<\/p>\n<p><em>Gente de aqu\u00ed, gente de all\u00ed<\/em>\u00a0es un libro reversible que se puede empezar a leer por cualquiera de sus dos lados: \u201cGente de aqu\u00ed\u201d y \u201cGente de all\u00ed\u201d, que inevitablemente se juntar\u00e1n en el centro. Una forma divertida de contar realidades diferentes.<\/p>\n","protected":false},"excerpt":{"rendered":"<p>9788418215131<\/p>\n<p><a href=\"https:\/\/cataloniacomics.com\/wp-admin\/edit.php?product_tag=astiberri&amp;post_type=product\">Astiberri<\/a>,\u00a0<a href=\"https:\/\/cataloniacomics.com\/wp-admin\/edit.php?product_tag=novela-grafica&amp;post_type=product\">Novela Grafica<\/a><\/p>\n","protected":false},"featured_media":3872,"comment_status":"open","ping_status":"closed","template":"","meta":[],"product_brand":[],"product_cat":[132,129],"product_tag":[144],"class_list":["post-3871","product","type-product","status-publish","has-post-thumbnail","product_cat-libros-ilustrados","product_cat-novela-grafica","product_tag-astiberri","first","instock","sold-individually","shipping-taxable","purchasable","product-type-simple"],"_links":{"self":[{"href":"https:\/\/cataloniacomics.com\/index.php?rest_route=\/wp\/v2\/product\/3871","targetHints":{"allow":["GET"]}}],"collection":[{"href":"https:\/\/cataloniacomics.com\/index.php?rest_route=\/wp\/v2\/product"}],"about":[{"href":"https:\/\/cataloniacomics.com\/index.php?rest_route=\/wp\/v2\/types\/product"}],"replies":[{"embeddable":true,"href":"https:\/\/cataloniacomics.com\/index.php?rest_route=%2Fwp%2Fv2%2Fcomments&post=3871"}],"wp:featuredmedia":[{"embeddable":true,"href":"https:\/\/cataloniacomics.com\/index.php?rest_route=\/wp\/v2\/media\/3872"}],"wp:attachment":[{"href":"https:\/\/cataloniacomics.com\/index.php?rest_route=%2Fwp%2Fv2%2Fmedia&parent=3871"}],"wp:term":[{"taxonomy":"product_brand","embeddable":true,"href":"https:\/\/cataloniacomics.com\/index.php?rest_route=%2Fwp%2Fv2%2Fproduct_brand&post=3871"},{"taxonomy":"product_cat","embeddable":true,"href":"https:\/\/cataloniacomics.com\/index.php?rest_route=%2Fwp%2Fv2%2Fproduct_cat&post=3871"},{"taxonomy":"product_tag","embeddable":true,"href":"https:\/\/cataloniacomics.com\/index.php?rest_route=%2Fwp%2Fv2%2Fproduct_tag&post=3871"}],"curies":[{"name":"wp","href":"https:\/\/api.w.org\/{rel}","templated":true}]}}

Gente de aquí, gente de allí

<p>Vuelve Quan Zhou para hablar de la “gente de allí”: de los migrantes y sus descendientes, de los motivos que les traen a España, de sus niveles de arraigo, de la “pasaportitis”, porque burocracia no es lo mismo que identidad, ni el pasaporte ni la nacionalidad sirven para categorizar a una persona. También reflexiona sobre la “gente de aquí”: sobre lo que le han contado que significa ser español, la leyenda negra, España como país migrante a país de recepción de migrantes, los sesgos y estereotipos, sin olvidar el peligro del discurso único y el papel de los medios en todo esto.</p>
<p>La autora, que ha realizado en los últimos años ponencias sobre racismo e identidad en países como España, Estados Unidos, Suecia, China y Taiwan, sigue escogiendo el humor para invitarnos a la reflexión, porque “a estas alturas de la vida, no podemos seguir pensando que alguien con rasgos asiáticos automáticamente no va a hablar español o que piel morena y pelo rizado significa ¡salsaaaa!”, concluye.</p>
<p>&nbsp;</p>
<p><em>Gente de aquí, gente de allí</em> es un libro reversible que se puede empezar a leer por cualquiera de sus dos lados: “Gente de aquí” y “Gente de allí”, que inevitablemente se juntarán en el centro. Una forma divertida de contar realidades diferentes.</p>
