{"id":3865,"date":"2024-06-05T23:13:37","date_gmt":"2024-06-05T21:13:37","guid":{"rendered":"https:\/\/cataloniacomics.com\/?post_type=product&#038;p=3865"},"modified":"2026-01-12T17:28:25","modified_gmt":"2026-01-12T23:28:25","slug":"krazy-kat-paginas-dominicales-1916-1917","status":"publish","type":"product","link":"https:\/\/cataloniacomics.com\/?product=krazy-kat-paginas-dominicales-1916-1917","title":{"rendered":"Krazy Kat, p\u00e1ginas dominicales 1916-1917"},"content":{"rendered":"<p><em>Krazy Kat<\/em>\u00a0es un misterio.<\/p>\n<p>Tras m\u00e1s de una centuria desde su creaci\u00f3n, el incesante enredo amoroso entre un bendito felino de sexo indeterminado y un c\u00ednico rat\u00f3n que lo cose a ladrillazos se mantiene conmovedor y vibrante en su lectura, certificando a George Herriman como una de las voces m\u00e1s particulares de la historia del arte y haciendo de su obra, a la postre uno de los tebeos m\u00e1s antiguos del mundo, uno de los tebeos m\u00e1s modernos del mundo.<\/p>\n<p>Considerada sin asomo de estridencia una de las m\u00e1s grandes creaciones jam\u00e1s realizadas en forma de historieta, venerada por las vanguardias e inspiraci\u00f3n sostenida para un sinn\u00famero de escritores, dibujantes, m\u00fasicos, arquitectos, cineastas y artistas de todas las disciplinas, la obra maestra de Herriman se constituye en una categor\u00eda t\u00e9cnica que anticipa todos los usos futuros del lenguaje y la ingenier\u00eda del c\u00f3mic \u2014en su profunda humanidad, hecha de un suave humor y una tierna melancol\u00eda, y en un sibilino calado po\u00e9tico que tal vez sea su mayor secreto\u2014. Una suma de cualidades inestimables que germinan en el \u00e1nimo del lector con el potencial de cambiarlo para siempre.<\/p>\n<p>Se recogen en este volumen los dos primeros a\u00f1os de p\u00e1ginas dominicales restauradas, traducidas y rotuladas para la ocasi\u00f3n, muchas de ellas nunca antes ofrecidas a imprenta a partir de los materiales originales m\u00e1s all\u00e1 de su primitiva publicaci\u00f3n en prensa, lo que supone la posibilidad de disfrutarlas por vez primera em todo el fulgor de su blanco y negro.<\/p>\n","protected":false},"excerpt":{"rendered":"<p>9788418809606<\/p>\n<p><a href=\"https:\/\/cataloniacomics.com\/wp-admin\/edit.php?product_tag=la-cupula&amp;post_type=product\">La C\u00fapula<\/a><\/p>\n","protected":false},"featured_media":3866,"comment_status":"open","ping_status":"closed","template":"","meta":[],"product_brand":[],"product_cat":[129],"product_tag":[204],"class_list":["post-3865","product","type-product","status-publish","has-post-thumbnail","product_cat-novela-grafica","product_tag-la-cupula","first","outofstock","sold-individually","shipping-taxable","purchasable","product-type-simple"],"_links":{"self":[{"href":"https:\/\/cataloniacomics.com\/index.php?rest_route=\/wp\/v2\/product\/3865","targetHints":{"allow":["GET"]}}],"collection":[{"href":"https:\/\/cataloniacomics.com\/index.php?rest_route=\/wp\/v2\/product"}],"about":[{"href":"https:\/\/cataloniacomics.com\/index.php?rest_route=\/wp\/v2\/types\/product"}],"replies":[{"embeddable":true,"href":"https:\/\/cataloniacomics.com\/index.php?rest_route=%2Fwp%2Fv2%2Fcomments&post=3865"}],"wp:featuredmedia":[{"embeddable":true,"href":"https:\/\/cataloniacomics.com\/index.php?rest_route=\/wp\/v2\/media\/3866"}],"wp:attachment":[{"href":"https:\/\/cataloniacomics.com\/index.php?rest_route=%2Fwp%2Fv2%2Fmedia&parent=3865"}],"wp:term":[{"taxonomy":"product_brand","embeddable":true,"href":"https:\/\/cataloniacomics.com\/index.php?rest_route=%2Fwp%2Fv2%2Fproduct_brand&post=3865"},{"taxonomy":"product_cat","embeddable":true,"href":"https:\/\/cataloniacomics.com\/index.php?rest_route=%2Fwp%2Fv2%2Fproduct_cat&post=3865"},{"taxonomy":"product_tag","embeddable":true,"href":"https:\/\/cataloniacomics.com\/index.php?rest_route=%2Fwp%2Fv2%2Fproduct_tag&post=3865"}],"curies":[{"name":"wp","href":"https:\/\/api.w.org\/{rel}","templated":true}]}}

Krazy Kat, páginas dominicales 1916-1917

<p><em>Krazy Kat</em> es un misterio.</p>
<p>Tras más de una centuria desde su creación, el incesante enredo amoroso entre un bendito felino de sexo indeterminado y un cínico ratón que lo cose a ladrillazos se mantiene conmovedor y vibrante en su lectura, certificando a George Herriman como una de las voces más particulares de la historia del arte y haciendo de su obra, a la postre uno de los tebeos más antiguos del mundo, uno de los tebeos más modernos del mundo.</p>
<p>Considerada sin asomo de estridencia una de las más grandes creaciones jamás realizadas en forma de historieta, venerada por las vanguardias e inspiración sostenida para un sinnúmero de escritores, dibujantes, músicos, arquitectos, cineastas y artistas de todas las disciplinas, la obra maestra de Herriman se constituye en una categoría técnica que anticipa todos los usos futuros del lenguaje y la ingeniería del cómic —en su profunda humanidad, hecha de un suave humor y una tierna melancolía, y en un sibilino calado poético que tal vez sea su mayor secreto—. Una suma de cualidades inestimables que germinan en el ánimo del lector con el potencial de cambiarlo para siempre.</p>
<p>Se recogen en este volumen los dos primeros años de páginas dominicales restauradas, traducidas y rotuladas para la ocasión, muchas de ellas nunca antes ofrecidas a imprenta a partir de los materiales originales más allá de su primitiva publicación en prensa, lo que supone la posibilidad de disfrutarlas por vez primera em todo el fulgor de su blanco y negro.</p>

<p>9788418809606</p>
<p><a href="https://cataloniacomics.com/wp-admin/edit.php?product_tag=la-cupula&amp;post_type=product">La Cúpula</a></p>
