{"id":3859,"date":"2024-06-05T21:31:04","date_gmt":"2024-06-05T19:31:04","guid":{"rendered":"https:\/\/cataloniacomics.com\/?post_type=product&#038;p=3859"},"modified":"2026-01-12T17:26:38","modified_gmt":"2026-01-12T23:26:38","slug":"la-marca-amarilla-edicion-de-lujo","status":"publish","type":"product","link":"https:\/\/cataloniacomics.com\/?product=la-marca-amarilla-edicion-de-lujo","title":{"rendered":"La marca amarilla. Edici\u00f3n de lujo"},"content":{"rendered":"<p>Creada por Edgar P. Jacobs en 1953,\u00a0<i>La marca amarilla<\/i>\u00a0es una de sus obras m\u00e1s aplaudidas y recordadas por sus fans. Al igual que otras grandes aventuras de los intr\u00e9pidos Blake y Mortimer, fue publicada originalmente por entregas en las p\u00e1ginas de la revista \u201cLe Journal de Tintin\u201d, y tres a\u00f1os despu\u00e9s, en 1956, fue recopilada en la versi\u00f3n \u00e1lbum que ya conoc\u00edamos.<\/p>\n<p>Por primera vez en Espa\u00f1a, y en un formato grande y de lujo, se publica esta obra maestra del c\u00f3mic franco-belga en su versi\u00f3n original.<\/p>\n<p>La presente edici\u00f3n integral re\u00fane la totalidad de las planchas originales aparecidas entre el 6 de agosto de 1953 y el 10 de noviembre de 1954, adem\u00e1s de un dossier rico en documentos raros e in\u00e9ditos, que ilustra el trabajo de creaci\u00f3n y de investigaci\u00f3n gr\u00e1fica de su autor.<\/p>\n","protected":false},"excerpt":{"rendered":"<p>9788467915136<\/p>\n<p><a href=\"https:\/\/cataloniacomics.com\/wp-admin\/edit.php?product_tag=edgar-p-jacobs&amp;post_type=product\">Edgar P. Jacobs<\/a>,\u00a0<a href=\"https:\/\/cataloniacomics.com\/wp-admin\/edit.php?product_tag=norma-editorial&amp;post_type=product\">Norma Editorial<\/a><\/p>\n","protected":false},"featured_media":3860,"comment_status":"open","ping_status":"closed","template":"","meta":[],"product_brand":[537],"product_cat":[129],"product_tag":[251,156],"class_list":["post-3859","product","type-product","status-publish","has-post-thumbnail","product_brand-norma-editorial","product_cat-novela-grafica","product_tag-edgar-p-jacobs","product_tag-norma-editorial","first","outofstock","sold-individually","shipping-taxable","purchasable","product-type-simple"],"_links":{"self":[{"href":"https:\/\/cataloniacomics.com\/index.php?rest_route=\/wp\/v2\/product\/3859","targetHints":{"allow":["GET"]}}],"collection":[{"href":"https:\/\/cataloniacomics.com\/index.php?rest_route=\/wp\/v2\/product"}],"about":[{"href":"https:\/\/cataloniacomics.com\/index.php?rest_route=\/wp\/v2\/types\/product"}],"replies":[{"embeddable":true,"href":"https:\/\/cataloniacomics.com\/index.php?rest_route=%2Fwp%2Fv2%2Fcomments&post=3859"}],"wp:featuredmedia":[{"embeddable":true,"href":"https:\/\/cataloniacomics.com\/index.php?rest_route=\/wp\/v2\/media\/3860"}],"wp:attachment":[{"href":"https:\/\/cataloniacomics.com\/index.php?rest_route=%2Fwp%2Fv2%2Fmedia&parent=3859"}],"wp:term":[{"taxonomy":"product_brand","embeddable":true,"href":"https:\/\/cataloniacomics.com\/index.php?rest_route=%2Fwp%2Fv2%2Fproduct_brand&post=3859"},{"taxonomy":"product_cat","embeddable":true,"href":"https:\/\/cataloniacomics.com\/index.php?rest_route=%2Fwp%2Fv2%2Fproduct_cat&post=3859"},{"taxonomy":"product_tag","embeddable":true,"href":"https:\/\/cataloniacomics.com\/index.php?rest_route=%2Fwp%2Fv2%2Fproduct_tag&post=3859"}],"curies":[{"name":"wp","href":"https:\/\/api.w.org\/{rel}","templated":true}]}}

La marca amarilla. Edición de lujo

<p>Creada por Edgar P. Jacobs en 1953, <i>La marca amarilla</i> es una de sus obras más aplaudidas y recordadas por sus fans. Al igual que otras grandes aventuras de los intrépidos Blake y Mortimer, fue publicada originalmente por entregas en las páginas de la revista “Le Journal de Tintin”, y tres años después, en 1956, fue recopilada en la versión álbum que ya conocíamos.</p>
<p>Por primera vez en España, y en un formato grande y de lujo, se publica esta obra maestra del cómic franco-belga en su versión original.</p>
<p>La presente edición integral reúne la totalidad de las planchas originales aparecidas entre el 6 de agosto de 1953 y el 10 de noviembre de 1954, además de un dossier rico en documentos raros e inéditos, que ilustra el trabajo de creación y de investigación gráfica de su autor.</p>
