{"id":3817,"date":"2024-06-05T01:25:22","date_gmt":"2024-06-04T23:25:22","guid":{"rendered":"https:\/\/cataloniacomics.com\/?post_type=product&#038;p=3817"},"modified":"2026-01-12T15:06:39","modified_gmt":"2026-01-12T21:06:39","slug":"el-corazon-y-la-botella","status":"publish","type":"product","link":"https:\/\/cataloniacomics.com\/?product=el-corazon-y-la-botella","title":{"rendered":"El coraz\u00f3n y la botella"},"content":{"rendered":"<p><em>El coraz\u00f3n y la botella<\/em>\u00a0narra la historia de una ni\u00f1a que, desgraciadamente, le toca sufrir una gran p\u00e9rdida (suponemos que se trata de su padre o de su abuelo). Antes de que esto sucediera, ella era curiosa, inquieta, imaginativa, fascinada por todo lo nuevo, con ganas de descubrir el mundo\u2026 Tras ese terrible acontecimiento, su perspectiva ante la vida cambia y su coraz\u00f3n deja de palpitar, de sentir esa vivacidad y curiosidad por lo que le rodea. Se siente insegura y decide meter su coraz\u00f3n dentro de una botella, para ponerlo a salvo y no sentir el dolor. El encuentro con una ni\u00f1a, que le hace recordar c\u00f3mo era ella antes de sufrir la gran p\u00e9rdida, har\u00e1 que busque la soluci\u00f3n para no tener que cargar con esa pena y volver a ser la misma que fue a\u00f1os atr\u00e1s.<\/p>\n<p>&nbsp;<\/p>\n<p>Se trata de un \u00e1lbum ilustrado en el cual las ilustraciones dotan de pleno sentido a la historia al tratarse de im\u00e1genes que cumplen, al igual que el texto, una funci\u00f3n narrativa que adem\u00e1s de acompa\u00f1ar al texto, aportan un complemento esencial en la historia. Un buen ejemplo de lo dicho anteriormente ser\u00eda la met\u00e1fora ilustrativa de un sill\u00f3n vac\u00edo que aparece en el momento en el que desaparece el hombre que acompa\u00f1aba a la ni\u00f1a. Ese sill\u00f3n vac\u00edo simboliza la muerte de ese ser querido. Es algo que nos es contado por las ilustraciones, no existe texto que mencione este hecho. Tambi\u00e9n el peso de la botella con el coraz\u00f3n que carga la protagonista de la historia colgada en su cuello, nos da a entender el peso que supone para nuestras vidas el no reponerse de las tragedias que pueden llegar a sucedernos.<\/p>\n","protected":false},"excerpt":{"rendered":"<p>9786071601063<\/p>\n<p><a href=\"https:\/\/cataloniacomics.com\/wp-admin\/edit.php?product_tag=fondo-de-cultura-economica&amp;post_type=product\">Fondo de Cultura Econ\u00f3mica<\/a>,\u00a0<a href=\"https:\/\/cataloniacomics.com\/wp-admin\/edit.php?product_tag=infantil&amp;post_type=product\">Infantil<\/a><\/p>\n","protected":false},"featured_media":3818,"comment_status":"open","ping_status":"closed","template":"","meta":[],"product_brand":[],"product_cat":[132],"product_tag":[249,186],"class_list":["post-3817","product","type-product","status-publish","has-post-thumbnail","product_cat-libros-ilustrados","product_tag-fondo-de-cultura-economica","product_tag-infantil","first","outofstock","sold-individually","shipping-taxable","purchasable","product-type-simple"],"_links":{"self":[{"href":"https:\/\/cataloniacomics.com\/index.php?rest_route=\/wp\/v2\/product\/3817","targetHints":{"allow":["GET"]}}],"collection":[{"href":"https:\/\/cataloniacomics.com\/index.php?rest_route=\/wp\/v2\/product"}],"about":[{"href":"https:\/\/cataloniacomics.com\/index.php?rest_route=\/wp\/v2\/types\/product"}],"replies":[{"embeddable":true,"href":"https:\/\/cataloniacomics.com\/index.php?rest_route=%2Fwp%2Fv2%2Fcomments&post=3817"}],"wp:featuredmedia":[{"embeddable":true,"href":"https:\/\/cataloniacomics.com\/index.php?rest_route=\/wp\/v2\/media\/3818"}],"wp:attachment":[{"href":"https:\/\/cataloniacomics.com\/index.php?rest_route=%2Fwp%2Fv2%2Fmedia&parent=3817"}],"wp:term":[{"taxonomy":"product_brand","embeddable":true,"href":"https:\/\/cataloniacomics.com\/index.php?rest_route=%2Fwp%2Fv2%2Fproduct_brand&post=3817"},{"taxonomy":"product_cat","embeddable":true,"href":"https:\/\/cataloniacomics.com\/index.php?rest_route=%2Fwp%2Fv2%2Fproduct_cat&post=3817"},{"taxonomy":"product_tag","embeddable":true,"href":"https:\/\/cataloniacomics.com\/index.php?rest_route=%2Fwp%2Fv2%2Fproduct_tag&post=3817"}],"curies":[{"name":"wp","href":"https:\/\/api.w.org\/{rel}","templated":true}]}}

El corazón y la botella

<p><em>El corazón y la botella</em> narra la historia de una niña que, desgraciadamente, le toca sufrir una gran pérdida (suponemos que se trata de su padre o de su abuelo). Antes de que esto sucediera, ella era curiosa, inquieta, imaginativa, fascinada por todo lo nuevo, con ganas de descubrir el mundo… Tras ese terrible acontecimiento, su perspectiva ante la vida cambia y su corazón deja de palpitar, de sentir esa vivacidad y curiosidad por lo que le rodea. Se siente insegura y decide meter su corazón dentro de una botella, para ponerlo a salvo y no sentir el dolor. El encuentro con una niña, que le hace recordar cómo era ella antes de sufrir la gran pérdida, hará que busque la solución para no tener que cargar con esa pena y volver a ser la misma que fue años atrás.</p>
<p>&nbsp;</p>
<p>Se trata de un álbum ilustrado en el cual las ilustraciones dotan de pleno sentido a la historia al tratarse de imágenes que cumplen, al igual que el texto, una función narrativa que además de acompañar al texto, aportan un complemento esencial en la historia. Un buen ejemplo de lo dicho anteriormente sería la metáfora ilustrativa de un sillón vacío que aparece en el momento en el que desaparece el hombre que acompañaba a la niña. Ese sillón vacío simboliza la muerte de ese ser querido. Es algo que nos es contado por las ilustraciones, no existe texto que mencione este hecho. También el peso de la botella con el corazón que carga la protagonista de la historia colgada en su cuello, nos da a entender el peso que supone para nuestras vidas el no reponerse de las tragedias que pueden llegar a sucedernos.</p>

<p>9786071601063</p>
<p><a href="https://cataloniacomics.com/wp-admin/edit.php?product_tag=fondo-de-cultura-economica&amp;post_type=product">Fondo de Cultura Económica</a>, <a href="https://cataloniacomics.com/wp-admin/edit.php?product_tag=infantil&amp;post_type=product">Infantil</a></p>
