{"id":3807,"date":"2024-06-05T01:00:56","date_gmt":"2024-06-04T23:00:56","guid":{"rendered":"https:\/\/cataloniacomics.com\/?post_type=product&#038;p=3807"},"modified":"2026-01-12T15:03:39","modified_gmt":"2026-01-12T21:03:39","slug":"paul-va-de-pesca","status":"publish","type":"product","link":"https:\/\/cataloniacomics.com\/?product=paul-va-de-pesca","title":{"rendered":"Paul va de pesca"},"content":{"rendered":"<p>Tras haberlo llevado al campo, a trabajar en verano, mudarlo de casa y viajar en el metro, Michel Rabagliati embarca a Paul en unas jornadas de pesca. Una semana de vacaciones en un coto de pesca con servicios hoteleros, tal es el pretexto elegido por Michel Rabagliati para ampliar su universo y presentar nuevos personajes respecto a los que ya sal\u00edan en\u00a0<em><a href=\"https:\/\/www.astiberri.com\/products\/paul-se-muda\" target=\"_blank\" rel=\"noopener\">Paul se muda<\/a>\u00a0<\/em>(Astiberri, 2010).<\/p>\n<p>La amistad, el amor y la vida forman el coraz\u00f3n de la historia; adem\u00e1s, los protagonistas sue\u00f1an con convertirse en padres. Con\u00a0<em>Paul va de pesca,<\/em>\u00a0Michel Rabagliati demuestra el camino recorrido desde sus comienzos. Con pleno dominio de sus herramientas dibuja la vida&#8230; sencillamente.<\/p>\n<p><em>Paul va de pesca<\/em>\u00a0fue el c\u00f3mic m\u00e1s vendido durante tres meses consecutivos, convirti\u00e9ndose en el evento literario del oto\u00f1o de 2006 en Quebec, y le ha valido a su autor el premio B\u00e9d\u00e9lys Quebec, galard\u00f3n que ya hab\u00eda recibido anteriormente en dos ocasiones.<\/p>\n","protected":false},"excerpt":{"rendered":"<p>9788415163459<\/p>\n<p><a href=\"https:\/\/cataloniacomics.com\/wp-admin\/edit.php?product_tag=astiberri&amp;post_type=product\">Astiberri<\/a>,\u00a0<a href=\"https:\/\/cataloniacomics.com\/wp-admin\/edit.php?product_tag=autobiografico&amp;post_type=product\">Autobiogr\u00e1fico<\/a>,\u00a0<a href=\"https:\/\/cataloniacomics.com\/wp-admin\/edit.php?product_tag=juvenil&amp;post_type=product\">Juvenil<\/a><\/p>\n","protected":false},"featured_media":3808,"comment_status":"open","ping_status":"closed","template":"","meta":[],"product_brand":[],"product_cat":[129],"product_tag":[144,246,188],"class_list":["post-3807","product","type-product","status-publish","has-post-thumbnail","product_cat-novela-grafica","product_tag-astiberri","product_tag-autobiografico","product_tag-juvenil","first","instock","sold-individually","shipping-taxable","purchasable","product-type-simple"],"_links":{"self":[{"href":"https:\/\/cataloniacomics.com\/index.php?rest_route=\/wp\/v2\/product\/3807","targetHints":{"allow":["GET"]}}],"collection":[{"href":"https:\/\/cataloniacomics.com\/index.php?rest_route=\/wp\/v2\/product"}],"about":[{"href":"https:\/\/cataloniacomics.com\/index.php?rest_route=\/wp\/v2\/types\/product"}],"replies":[{"embeddable":true,"href":"https:\/\/cataloniacomics.com\/index.php?rest_route=%2Fwp%2Fv2%2Fcomments&post=3807"}],"wp:featuredmedia":[{"embeddable":true,"href":"https:\/\/cataloniacomics.com\/index.php?rest_route=\/wp\/v2\/media\/3808"}],"wp:attachment":[{"href":"https:\/\/cataloniacomics.com\/index.php?rest_route=%2Fwp%2Fv2%2Fmedia&parent=3807"}],"wp:term":[{"taxonomy":"product_brand","embeddable":true,"href":"https:\/\/cataloniacomics.com\/index.php?rest_route=%2Fwp%2Fv2%2Fproduct_brand&post=3807"},{"taxonomy":"product_cat","embeddable":true,"href":"https:\/\/cataloniacomics.com\/index.php?rest_route=%2Fwp%2Fv2%2Fproduct_cat&post=3807"},{"taxonomy":"product_tag","embeddable":true,"href":"https:\/\/cataloniacomics.com\/index.php?rest_route=%2Fwp%2Fv2%2Fproduct_tag&post=3807"}],"curies":[{"name":"wp","href":"https:\/\/api.w.org\/{rel}","templated":true}]}}

<p>Tras haberlo llevado al campo, a trabajar en verano, mudarlo de casa y viajar en el metro, Michel Rabagliati embarca a Paul en unas jornadas de pesca. Una semana de vacaciones en un coto de pesca con servicios hoteleros, tal es el pretexto elegido por Michel Rabagliati para ampliar su universo y presentar nuevos personajes respecto a los que ya salían en <em><a href="https://www.astiberri.com/products/paul-se-muda" target="_blank" rel="noopener">Paul se muda</a> </em>(Astiberri, 2010).</p>
<p>La amistad, el amor y la vida forman el corazón de la historia; además, los protagonistas sueñan con convertirse en padres. Con <em>Paul va de pesca,</em> Michel Rabagliati demuestra el camino recorrido desde sus comienzos. Con pleno dominio de sus herramientas dibuja la vida&#8230; sencillamente.</p>
<p><em>Paul va de pesca</em> fue el cómic más vendido durante tres meses consecutivos, convirtiéndose en el evento literario del otoño de 2006 en Quebec, y le ha valido a su autor el premio Bédélys Quebec, galardón que ya había recibido anteriormente en dos ocasiones.</p>

<p>9788415163459</p>
<p><a href="https://cataloniacomics.com/wp-admin/edit.php?product_tag=astiberri&amp;post_type=product">Astiberri</a>, <a href="https://cataloniacomics.com/wp-admin/edit.php?product_tag=autobiografico&amp;post_type=product">Autobiográfico</a>, <a href="https://cataloniacomics.com/wp-admin/edit.php?product_tag=juvenil&amp;post_type=product">Juvenil</a></p>
