{"id":3803,"date":"2024-06-05T00:57:09","date_gmt":"2024-06-04T22:57:09","guid":{"rendered":"https:\/\/cataloniacomics.com\/?post_type=product&#038;p=3803"},"modified":"2026-01-12T15:02:36","modified_gmt":"2026-01-12T21:02:36","slug":"paul-en-quebec","status":"publish","type":"product","link":"https:\/\/cataloniacomics.com\/?product=paul-en-quebec","title":{"rendered":"Paul en Quebec"},"content":{"rendered":"<p>Tras abordar el tema de la paternidad en\u00a0<em>Paul va de pesca<\/em>\u00a0(Astiberri, 2012), Michel Rabagliati se enfrenta en\u00a0<em>Paul en Quebec<\/em>\u00a0con el de la muerte y el duelo. Roland y Lisette, los suegros de\u00a0<em>Paul,<\/em>\u00a0se mudan a Quebec para disfrutar de su jubilaci\u00f3n, pero poco tiempo despu\u00e9s, Roland enferma. Este quinto volumen publicado en castellano de la serie de Paul se convierte en la cr\u00f3nica de la p\u00e9rdida de un ser querido. Una historia personal y conmovedora, en la que se perciben los fuertes v\u00ednculos que unen a la familia y que permitir\u00e1n superar ese duro momento.<\/p>\n<p><em>Paul en Quebec<\/em>\u00a0tambi\u00e9n incluye reflexiones sobre cuestiones pol\u00edticas como la independencia de Quebec y la desilusi\u00f3n colectiva que supuso el refer\u00e9ndum de 1995. Tambi\u00e9n hace referencia a la llegada de las nuevas tecnolog\u00edas en la vida de Paul, y a todas las incertidumbres que conllevaba el paso al segundo milenio&#8230;<\/p>\n","protected":false},"excerpt":{"rendered":"<p>9788415163954<\/p>\n<p><a href=\"https:\/\/cataloniacomics.com\/wp-admin\/edit.php?product_tag=astiberri&amp;post_type=product\">Astiberri<\/a>,\u00a0<a href=\"https:\/\/cataloniacomics.com\/wp-admin\/edit.php?product_tag=autobiografico&amp;post_type=product\">Autobiogr\u00e1fico<\/a>,\u00a0<a href=\"https:\/\/cataloniacomics.com\/wp-admin\/edit.php?product_tag=juvenil&amp;post_type=product\">Juvenil<\/a><\/p>\n","protected":false},"featured_media":3804,"comment_status":"open","ping_status":"closed","template":"","meta":[],"product_brand":[],"product_cat":[129],"product_tag":[144,246,188],"class_list":["post-3803","product","type-product","status-publish","has-post-thumbnail","product_cat-novela-grafica","product_tag-astiberri","product_tag-autobiografico","product_tag-juvenil","first","instock","sold-individually","shipping-taxable","purchasable","product-type-simple"],"_links":{"self":[{"href":"https:\/\/cataloniacomics.com\/index.php?rest_route=\/wp\/v2\/product\/3803","targetHints":{"allow":["GET"]}}],"collection":[{"href":"https:\/\/cataloniacomics.com\/index.php?rest_route=\/wp\/v2\/product"}],"about":[{"href":"https:\/\/cataloniacomics.com\/index.php?rest_route=\/wp\/v2\/types\/product"}],"replies":[{"embeddable":true,"href":"https:\/\/cataloniacomics.com\/index.php?rest_route=%2Fwp%2Fv2%2Fcomments&post=3803"}],"wp:featuredmedia":[{"embeddable":true,"href":"https:\/\/cataloniacomics.com\/index.php?rest_route=\/wp\/v2\/media\/3804"}],"wp:attachment":[{"href":"https:\/\/cataloniacomics.com\/index.php?rest_route=%2Fwp%2Fv2%2Fmedia&parent=3803"}],"wp:term":[{"taxonomy":"product_brand","embeddable":true,"href":"https:\/\/cataloniacomics.com\/index.php?rest_route=%2Fwp%2Fv2%2Fproduct_brand&post=3803"},{"taxonomy":"product_cat","embeddable":true,"href":"https:\/\/cataloniacomics.com\/index.php?rest_route=%2Fwp%2Fv2%2Fproduct_cat&post=3803"},{"taxonomy":"product_tag","embeddable":true,"href":"https:\/\/cataloniacomics.com\/index.php?rest_route=%2Fwp%2Fv2%2Fproduct_tag&post=3803"}],"curies":[{"name":"wp","href":"https:\/\/api.w.org\/{rel}","templated":true}]}}

<p>Tras abordar el tema de la paternidad en <em>Paul va de pesca</em> (Astiberri, 2012), Michel Rabagliati se enfrenta en <em>Paul en Quebec</em> con el de la muerte y el duelo. Roland y Lisette, los suegros de <em>Paul,</em> se mudan a Quebec para disfrutar de su jubilación, pero poco tiempo después, Roland enferma. Este quinto volumen publicado en castellano de la serie de Paul se convierte en la crónica de la pérdida de un ser querido. Una historia personal y conmovedora, en la que se perciben los fuertes vínculos que unen a la familia y que permitirán superar ese duro momento.</p>
<p><em>Paul en Quebec</em> también incluye reflexiones sobre cuestiones políticas como la independencia de Quebec y la desilusión colectiva que supuso el referéndum de 1995. También hace referencia a la llegada de las nuevas tecnologías en la vida de Paul, y a todas las incertidumbres que conllevaba el paso al segundo milenio&#8230;</p>

<p>9788415163954</p>
<p><a href="https://cataloniacomics.com/wp-admin/edit.php?product_tag=astiberri&amp;post_type=product">Astiberri</a>, <a href="https://cataloniacomics.com/wp-admin/edit.php?product_tag=autobiografico&amp;post_type=product">Autobiográfico</a>, <a href="https://cataloniacomics.com/wp-admin/edit.php?product_tag=juvenil&amp;post_type=product">Juvenil</a></p>
