{"id":3792,"date":"2024-06-05T00:40:51","date_gmt":"2024-06-04T22:40:51","guid":{"rendered":"https:\/\/cataloniacomics.com\/?post_type=product&#038;p=3792"},"modified":"2026-01-12T14:59:21","modified_gmt":"2026-01-12T20:59:21","slug":"marieta-vol-2-camino-de-la-escuela","status":"publish","type":"product","link":"https:\/\/cataloniacomics.com\/?product=marieta-vol-2-camino-de-la-escuela","title":{"rendered":"Marieta 2 : Camino de la escuela"},"content":{"rendered":"<p>Naneta recuerda que, con ocho a\u00f1itos, era una ni\u00f1a con mucho car\u00e1cter. Naneta recuerda que, con ocho a\u00f1itos, su madre la llev\u00f3 a casa del abuelo Emilio, y que all\u00ed tuvo que aprender la vida en el campo \u00a1y era mucho trabajo. En aquel entonces a\u00fan la llamaban Marieta, la ni\u00f1a de la ciudad, a quien hab\u00eda que ense\u00f1arselo todo: orde\u00f1ar, llevar zuecos, recoger la fruta, coser, vigilar el reba\u00f1o,\u00a0 ya ha terminado el verano y, ahora que Marieta ha encontrado un hogar en el campo, con sus abuelos y su t\u00eda, toca prepararse para entrar al cole. No es f\u00e1cil levantarse tan pronto para IR a la escuela del pueblo y hacer los deberes tan tarde, despu\u00e9s de haberse ocupado de la granja. Marieta se encuentra un poco perdida en el camino, sin sus padres cerca. Una suerte que sus nuevos amigos, Blanquita, Juanito y Jaime, la acompa\u00f1an en las rutas a trav\u00e9s del campo.\u00a1Naneta, ahora una abuelita muy graciosa, recuerda esta epoca decisiva con mucho cari\u00f1o. Cuando era peque\u00f1a, tuve que aprenderlo todo, \u00a1hasta a hacer novillos.<\/p>\n","protected":false},"excerpt":{"rendered":"<p>9788415850120<\/p>\n<p><a href=\"https:\/\/cataloniacomics.com\/wp-admin\/edit.php?product_tag=dibbuks&amp;post_type=product\">Dibbuks<\/a>,\u00a0<a href=\"https:\/\/cataloniacomics.com\/wp-admin\/edit.php?product_tag=infantil&amp;post_type=product\">Infantil<\/a><\/p>\n","protected":false},"featured_media":6874,"comment_status":"open","ping_status":"closed","template":"","meta":[],"product_brand":[],"product_cat":[129],"product_tag":[147,186],"class_list":["post-3792","product","type-product","status-publish","has-post-thumbnail","product_cat-novela-grafica","product_tag-dibbuks","product_tag-infantil","first","onbackorder","sold-individually","shipping-taxable","purchasable","product-type-simple"],"_links":{"self":[{"href":"https:\/\/cataloniacomics.com\/index.php?rest_route=\/wp\/v2\/product\/3792","targetHints":{"allow":["GET"]}}],"collection":[{"href":"https:\/\/cataloniacomics.com\/index.php?rest_route=\/wp\/v2\/product"}],"about":[{"href":"https:\/\/cataloniacomics.com\/index.php?rest_route=\/wp\/v2\/types\/product"}],"replies":[{"embeddable":true,"href":"https:\/\/cataloniacomics.com\/index.php?rest_route=%2Fwp%2Fv2%2Fcomments&post=3792"}],"wp:featuredmedia":[{"embeddable":true,"href":"https:\/\/cataloniacomics.com\/index.php?rest_route=\/wp\/v2\/media\/6874"}],"wp:attachment":[{"href":"https:\/\/cataloniacomics.com\/index.php?rest_route=%2Fwp%2Fv2%2Fmedia&parent=3792"}],"wp:term":[{"taxonomy":"product_brand","embeddable":true,"href":"https:\/\/cataloniacomics.com\/index.php?rest_route=%2Fwp%2Fv2%2Fproduct_brand&post=3792"},{"taxonomy":"product_cat","embeddable":true,"href":"https:\/\/cataloniacomics.com\/index.php?rest_route=%2Fwp%2Fv2%2Fproduct_cat&post=3792"},{"taxonomy":"product_tag","embeddable":true,"href":"https:\/\/cataloniacomics.com\/index.php?rest_route=%2Fwp%2Fv2%2Fproduct_tag&post=3792"}],"curies":[{"name":"wp","href":"https:\/\/api.w.org\/{rel}","templated":true}]}}

<p>Naneta recuerda que, con ocho añitos, era una niña con mucho carácter. Naneta recuerda que, con ocho añitos, su madre la llevó a casa del abuelo Emilio, y que allí tuvo que aprender la vida en el campo ¡y era mucho trabajo. En aquel entonces aún la llamaban Marieta, la niña de la ciudad, a quien había que enseñarselo todo: ordeñar, llevar zuecos, recoger la fruta, coser, vigilar el rebaño,  ya ha terminado el verano y, ahora que Marieta ha encontrado un hogar en el campo, con sus abuelos y su tía, toca prepararse para entrar al cole. No es fácil levantarse tan pronto para IR a la escuela del pueblo y hacer los deberes tan tarde, después de haberse ocupado de la granja. Marieta se encuentra un poco perdida en el camino, sin sus padres cerca. Una suerte que sus nuevos amigos, Blanquita, Juanito y Jaime, la acompañan en las rutas a través del campo.¡Naneta, ahora una abuelita muy graciosa, recuerda esta epoca decisiva con mucho cariño. Cuando era pequeña, tuve que aprenderlo todo, ¡hasta a hacer novillos.</p>
