{"id":3691,"date":"2024-06-03T22:37:11","date_gmt":"2024-06-03T20:37:11","guid":{"rendered":"https:\/\/cataloniacomics.com\/?post_type=product&#038;p=3691"},"modified":"2026-01-12T13:42:57","modified_gmt":"2026-01-12T19:42:57","slug":"la-ficcion","status":"publish","type":"product","link":"https:\/\/cataloniacomics.com\/?product=la-ficcion","title":{"rendered":"La ficci\u00f3n"},"content":{"rendered":"<p>l gallego David Rub\u00edn ha compartido proyecto\u00a0junto al canadiense Curt Pires y el colorista Michael Garland para crear el universo\u00a0de\u00a0<em>La Ficci\u00f3n<\/em>, que toma forma en este tomo inaugural: cuatro amigos de la infancia descubren una caja de libros extra\u00f1os que, cuando se leen en voz alta, pueden transportarlos a los mundos bellos e imaginarios que se describen en su interior. Pero cuando uno de ellos desaparece, los otros juran no revelar nunca d\u00f3nde han estado y lo que han visto. A\u00f1os despu\u00e9s, cuando uno de los ni\u00f1os restantes, ya convertido en adulto, tambi\u00e9n desaparece misteriosamente, corresponde a los dos \u00faltimos del grupo volver a sacar sus libros polvorientos para buscarle y averiguar de una vez por todas qu\u00e9 pas\u00f3 con su amigo tantos a\u00f1os antes.<\/p>\n","protected":false},"excerpt":{"rendered":"<p>9788416251353<\/p>\n<p><a href=\"https:\/\/cataloniacomics.com\/wp-admin\/edit.php?product_tag=astiberri&amp;post_type=product\">Astiberri<\/a>,\u00a0<a href=\"https:\/\/cataloniacomics.com\/wp-admin\/edit.php?product_tag=fantasia&amp;post_type=product\">Fantas\u00eda<\/a><\/p>\n","protected":false},"featured_media":3692,"comment_status":"open","ping_status":"closed","template":"","meta":[],"product_brand":[],"product_cat":[129],"product_tag":[144,289],"class_list":["post-3691","product","type-product","status-publish","has-post-thumbnail","product_cat-novela-grafica","product_tag-astiberri","product_tag-fantasia","first","outofstock","sold-individually","shipping-taxable","purchasable","product-type-simple"],"_links":{"self":[{"href":"https:\/\/cataloniacomics.com\/index.php?rest_route=\/wp\/v2\/product\/3691","targetHints":{"allow":["GET"]}}],"collection":[{"href":"https:\/\/cataloniacomics.com\/index.php?rest_route=\/wp\/v2\/product"}],"about":[{"href":"https:\/\/cataloniacomics.com\/index.php?rest_route=\/wp\/v2\/types\/product"}],"replies":[{"embeddable":true,"href":"https:\/\/cataloniacomics.com\/index.php?rest_route=%2Fwp%2Fv2%2Fcomments&post=3691"}],"wp:featuredmedia":[{"embeddable":true,"href":"https:\/\/cataloniacomics.com\/index.php?rest_route=\/wp\/v2\/media\/3692"}],"wp:attachment":[{"href":"https:\/\/cataloniacomics.com\/index.php?rest_route=%2Fwp%2Fv2%2Fmedia&parent=3691"}],"wp:term":[{"taxonomy":"product_brand","embeddable":true,"href":"https:\/\/cataloniacomics.com\/index.php?rest_route=%2Fwp%2Fv2%2Fproduct_brand&post=3691"},{"taxonomy":"product_cat","embeddable":true,"href":"https:\/\/cataloniacomics.com\/index.php?rest_route=%2Fwp%2Fv2%2Fproduct_cat&post=3691"},{"taxonomy":"product_tag","embeddable":true,"href":"https:\/\/cataloniacomics.com\/index.php?rest_route=%2Fwp%2Fv2%2Fproduct_tag&post=3691"}],"curies":[{"name":"wp","href":"https:\/\/api.w.org\/{rel}","templated":true}]}}

La ficción

<p>l gallego David Rubín ha compartido proyecto junto al canadiense Curt Pires y el colorista Michael Garland para crear el universo de <em>La Ficción</em>, que toma forma en este tomo inaugural: cuatro amigos de la infancia descubren una caja de libros extraños que, cuando se leen en voz alta, pueden transportarlos a los mundos bellos e imaginarios que se describen en su interior. Pero cuando uno de ellos desaparece, los otros juran no revelar nunca dónde han estado y lo que han visto. Años después, cuando uno de los niños restantes, ya convertido en adulto, también desaparece misteriosamente, corresponde a los dos últimos del grupo volver a sacar sus libros polvorientos para buscarle y averiguar de una vez por todas qué pasó con su amigo tantos años antes.</p>

<p>9788416251353</p>
<p><a href="https://cataloniacomics.com/wp-admin/edit.php?product_tag=astiberri&amp;post_type=product">Astiberri</a>, <a href="https://cataloniacomics.com/wp-admin/edit.php?product_tag=fantasia&amp;post_type=product">Fantasía</a></p>
