{"id":3658,"date":"2024-06-01T22:57:32","date_gmt":"2024-06-01T20:57:32","guid":{"rendered":"https:\/\/cataloniacomics.com\/?post_type=product&#038;p=3658"},"modified":"2026-01-12T13:18:45","modified_gmt":"2026-01-12T19:18:45","slug":"gertrude-stein-y-la-generacion-perdida","status":"publish","type":"product","link":"https:\/\/cataloniacomics.com\/?product=gertrude-stein-y-la-generacion-perdida","title":{"rendered":"Gertrude Stein y la generaci\u00f3n perdida"},"content":{"rendered":"<p>Gertrude Stein naci\u00f3 en Estados Unidos en una adinerada familia jud\u00eda de origen alem\u00e1n. A principios del siglo XX se muda a Par\u00eds, donde vive inicialmente con su hermano Leo y m\u00e1s tarde con su inseparable Alice B. Toklas, su pareja hasta la muerte. En su casa de rue de Fleurus se reun\u00edan s\u00e1bado tras s\u00e1bado artistas y escritores, estadounidenses y europeos: Sherwood Anderson, Ernest Hemingway, Francis Scott Fitzgerald, Braque, Matisse y Picasso, representantes de lo que ella defini\u00f3 en modo ir\u00f3nico \u00abla generaci\u00f3n perdida\u00bb.<\/p>\n<p>Un c\u00f3mic que narra el eslab\u00f3n perdido entre el arte y la literatura, entre Estados Unidos y Francia, en la \u00e9poca de las vanguardias de principios del siglo XX, entre amor, pasiones privadas y temas de g\u00e9nero.<\/p>\n","protected":false},"excerpt":{"rendered":"<p>9788412359978<\/p>\n<p><a href=\"https:\/\/cataloniacomics.com\/wp-admin\/edit.php?product_tag=biografia&amp;post_type=product\">Biograf\u00eda<\/a>,\u00a0<a href=\"https:\/\/cataloniacomics.com\/wp-admin\/edit.php?product_tag=liana-editorial&amp;post_type=product\">Liana Editorial<\/a><\/p>\n","protected":false},"featured_media":3659,"comment_status":"open","ping_status":"closed","template":"","meta":[],"product_brand":[],"product_cat":[129],"product_tag":[208,318,207],"class_list":["post-3658","product","type-product","status-publish","has-post-thumbnail","product_cat-novela-grafica","product_tag-biografia","product_tag-lgtbiq","product_tag-liana-editorial","first","instock","sold-individually","shipping-taxable","purchasable","product-type-simple"],"_links":{"self":[{"href":"https:\/\/cataloniacomics.com\/index.php?rest_route=\/wp\/v2\/product\/3658","targetHints":{"allow":["GET"]}}],"collection":[{"href":"https:\/\/cataloniacomics.com\/index.php?rest_route=\/wp\/v2\/product"}],"about":[{"href":"https:\/\/cataloniacomics.com\/index.php?rest_route=\/wp\/v2\/types\/product"}],"replies":[{"embeddable":true,"href":"https:\/\/cataloniacomics.com\/index.php?rest_route=%2Fwp%2Fv2%2Fcomments&post=3658"}],"wp:featuredmedia":[{"embeddable":true,"href":"https:\/\/cataloniacomics.com\/index.php?rest_route=\/wp\/v2\/media\/3659"}],"wp:attachment":[{"href":"https:\/\/cataloniacomics.com\/index.php?rest_route=%2Fwp%2Fv2%2Fmedia&parent=3658"}],"wp:term":[{"taxonomy":"product_brand","embeddable":true,"href":"https:\/\/cataloniacomics.com\/index.php?rest_route=%2Fwp%2Fv2%2Fproduct_brand&post=3658"},{"taxonomy":"product_cat","embeddable":true,"href":"https:\/\/cataloniacomics.com\/index.php?rest_route=%2Fwp%2Fv2%2Fproduct_cat&post=3658"},{"taxonomy":"product_tag","embeddable":true,"href":"https:\/\/cataloniacomics.com\/index.php?rest_route=%2Fwp%2Fv2%2Fproduct_tag&post=3658"}],"curies":[{"name":"wp","href":"https:\/\/api.w.org\/{rel}","templated":true}]}}

Gertrude Stein y la generación perdida

<p>Gertrude Stein nació en Estados Unidos en una adinerada familia judía de origen alemán. A principios del siglo XX se muda a París, donde vive inicialmente con su hermano Leo y más tarde con su inseparable Alice B. Toklas, su pareja hasta la muerte. En su casa de rue de Fleurus se reunían sábado tras sábado artistas y escritores, estadounidenses y europeos: Sherwood Anderson, Ernest Hemingway, Francis Scott Fitzgerald, Braque, Matisse y Picasso, representantes de lo que ella definió en modo irónico «la generación perdida».</p>
<p>Un cómic que narra el eslabón perdido entre el arte y la literatura, entre Estados Unidos y Francia, en la época de las vanguardias de principios del siglo XX, entre amor, pasiones privadas y temas de género.</p>

<p>9788412359978</p>
<p><a href="https://cataloniacomics.com/wp-admin/edit.php?product_tag=biografia&amp;post_type=product">Biografía</a>, <a href="https://cataloniacomics.com/wp-admin/edit.php?product_tag=liana-editorial&amp;post_type=product">Liana Editorial</a></p>
