{"id":3545,"date":"2024-05-30T23:41:11","date_gmt":"2024-05-30T21:41:11","guid":{"rendered":"https:\/\/cataloniacomics.com\/?post_type=product&#038;p=3545"},"modified":"2026-01-11T19:48:20","modified_gmt":"2026-01-12T01:48:20","slug":"tito-andronico","status":"publish","type":"product","link":"https:\/\/cataloniacomics.com\/?product=tito-andronico","title":{"rendered":"Tito Andr\u00f3nico"},"content":{"rendered":"<p>Esta versi\u00f3n en vi\u00f1etas de la pieza de teatro isabelino intitulada\u00a0<em>Tito Andr\u00f3nico<\/em>\u00a0da cuenta, a trav\u00e9s del arte de Marcos Prior y Gustavo Rico, del tr\u00e1nsito del emperador-por-herencia al emperador-por-aclamaci\u00f3n-cuasi-popular. Entrelazado todo ello mediante una espiral de violencia provocada por una serie de acciones y reacciones con el denominador com\u00fan de la venganza (alimentada por el fuego del mal por amor al mal), que se van turnando hasta el paroxismo final con el que culminan no pocas de las obras atribuidas a la figura central del problem\u00e1tico canon occidental: William Shakespeare.<\/p>\n<p>El\u00a0<em>Tito Andr\u00f3nico<\/em>\u00a0de Prior y Rico es una adaptaci\u00f3n \u2013\u201ctraici\u00f3n\u201d apuntan sus autores, en su respetuosa y documentada traslaci\u00f3n al c\u00f3mic\u2013 de la tragedia hom\u00f3nima, generalmente fechada entre 1592 y 1594, a\u00f1os en los cuales se prohibieron las representaciones teatrales en Londres cuando las muertes semanales a causa de la peste superaban la cifra de 30. \u201cConjuras, presagios, fatalidad, los desastres de la guerra&#8230; Si la tragedia se define en su naturaleza inexorable \u2013asegura el escritor y cr\u00edtico, Rub\u00e9n Lard\u00edn\u2013, esta adaptaci\u00f3n del cl\u00e1sico lo hace en su oportuna vibraci\u00f3n entre la mascarada black metal y el retablo ultragore. Un tebeo salteado de arrebatos ext\u00e1ticos que en su apreciaci\u00f3n pol\u00edtica nos remite a la realidad siempre inmoderada, al contubernio que rige nuestra organizaci\u00f3n social aqu\u00ed y ahora, y que no olvida se\u00f1alarnos como responsables de nuestra propia calamidad\u201d.<\/p>\n","protected":false},"excerpt":{"rendered":"<p>9788418215384<\/p>\n<p>Astiberri\u00a0 Drama\u00a0 B\u00e9lico<\/p>\n","protected":false},"featured_media":3546,"comment_status":"open","ping_status":"closed","template":"","meta":[],"product_brand":[],"product_cat":[129],"product_tag":[144,163,290],"class_list":["post-3545","product","type-product","status-publish","has-post-thumbnail","product_cat-novela-grafica","product_tag-astiberri","product_tag-belico","product_tag-drama","first","instock","sold-individually","shipping-taxable","purchasable","product-type-simple"],"_links":{"self":[{"href":"https:\/\/cataloniacomics.com\/index.php?rest_route=\/wp\/v2\/product\/3545","targetHints":{"allow":["GET"]}}],"collection":[{"href":"https:\/\/cataloniacomics.com\/index.php?rest_route=\/wp\/v2\/product"}],"about":[{"href":"https:\/\/cataloniacomics.com\/index.php?rest_route=\/wp\/v2\/types\/product"}],"replies":[{"embeddable":true,"href":"https:\/\/cataloniacomics.com\/index.php?rest_route=%2Fwp%2Fv2%2Fcomments&post=3545"}],"wp:featuredmedia":[{"embeddable":true,"href":"https:\/\/cataloniacomics.com\/index.php?rest_route=\/wp\/v2\/media\/3546"}],"wp:attachment":[{"href":"https:\/\/cataloniacomics.com\/index.php?rest_route=%2Fwp%2Fv2%2Fmedia&parent=3545"}],"wp:term":[{"taxonomy":"product_brand","embeddable":true,"href":"https:\/\/cataloniacomics.com\/index.php?rest_route=%2Fwp%2Fv2%2Fproduct_brand&post=3545"},{"taxonomy":"product_cat","embeddable":true,"href":"https:\/\/cataloniacomics.com\/index.php?rest_route=%2Fwp%2Fv2%2Fproduct_cat&post=3545"},{"taxonomy":"product_tag","embeddable":true,"href":"https:\/\/cataloniacomics.com\/index.php?rest_route=%2Fwp%2Fv2%2Fproduct_tag&post=3545"}],"curies":[{"name":"wp","href":"https:\/\/api.w.org\/{rel}","templated":true}]}}

Tito Andrónico

<p>Esta versión en viñetas de la pieza de teatro isabelino intitulada <em>Tito Andrónico</em> da cuenta, a través del arte de Marcos Prior y Gustavo Rico, del tránsito del emperador-por-herencia al emperador-por-aclamación-cuasi-popular. Entrelazado todo ello mediante una espiral de violencia provocada por una serie de acciones y reacciones con el denominador común de la venganza (alimentada por el fuego del mal por amor al mal), que se van turnando hasta el paroxismo final con el que culminan no pocas de las obras atribuidas a la figura central del problemático canon occidental: William Shakespeare.</p>
<p>El <em>Tito Andrónico</em> de Prior y Rico es una adaptación –“traición” apuntan sus autores, en su respetuosa y documentada traslación al cómic– de la tragedia homónima, generalmente fechada entre 1592 y 1594, años en los cuales se prohibieron las representaciones teatrales en Londres cuando las muertes semanales a causa de la peste superaban la cifra de 30. “Conjuras, presagios, fatalidad, los desastres de la guerra&#8230; Si la tragedia se define en su naturaleza inexorable –asegura el escritor y crítico, Rubén Lardín–, esta adaptación del clásico lo hace en su oportuna vibración entre la mascarada black metal y el retablo ultragore. Un tebeo salteado de arrebatos extáticos que en su apreciación política nos remite a la realidad siempre inmoderada, al contubernio que rige nuestra organización social aquí y ahora, y que no olvida señalarnos como responsables de nuestra propia calamidad”.</p>

<p>9788418215384</p>
<p>Astiberri  Drama  Bélico</p>
