{"id":3453,"date":"2024-05-26T00:44:03","date_gmt":"2024-05-25T22:44:03","guid":{"rendered":"https:\/\/cataloniacomics.com\/?post_type=product&#038;p=3453"},"modified":"2026-01-11T18:59:03","modified_gmt":"2026-01-12T00:59:03","slug":"cromaticas","status":"publish","type":"product","link":"https:\/\/cataloniacomics.com\/?product=cromaticas","title":{"rendered":"Crom\u00e1ticas"},"content":{"rendered":"<p>A trav\u00e9s de cinco historias, cada una de ellas construida en referencia a un color\u00a0<em>(Nieve, Blues, The Pink Neon, Mont Blanc, Gris y rojo),<\/em>\u00a0Zentner y Pellejero exploran parajes situados en las fronteras de la realidad y la ficci\u00f3n, de lo fant\u00e1stico y la normalidad, y examinan el azar o la coincidencia. Historias sutilmente inquietantes en las que se mezclan el sue\u00f1o y la muerte, pretextos magn\u00edficos para la exploraci\u00f3n gr\u00e1fica y crom\u00e1tica por parte de los autores de<em>\u00a0<a href=\"https:\/\/www.astiberri.com\/products\/dieter-lumpen-edicion-integral\">Dieter Lumpen<\/a>\u00a0<\/em>(Astiberri, 2014).<\/p>\n<p><em>Crom\u00e1ticas<\/em>\u00a0es el fruto de un especial momento creativo de los creadores de\u00a0<em>Dieter Lumpen,<\/em>\u00a0Jorge Zentner y Rub\u00e9n Pellejero, que tras diez a\u00f1os de colaboraci\u00f3n se preparaban para afrontar nuevos retos en su carrera profesional. Sin embargo, mientras encontraban editor para el proyecto que deb\u00eda suponer un importante salto adelante, Zentner confiesa que tuvieron que afrontar \u201casuntos como pagar el alquiler, la comida, la electricidad&#8230;\u201d. Con ese fin nacieron las historias de\u00a0<em>Crom\u00e1ticas,<\/em>\u00a0que otorgaron m\u00e1s libertad creativa a los autores y que, curiosamente, marcan una mayor implicaci\u00f3n del dibujante en la concepci\u00f3n de las historias.<\/p>\n<p>El intercambio creativo entre Zentner y Pellejero queda reflejado en la correspondencia reproducida en las p\u00e1ginas extra, que incluyen, asimismo, bocetos de la creaci\u00f3n de las diversas historias que componen la obra, publicadas en la revista\u00a0<em>CO &amp; CO,<\/em>\u00a0pero nunca recopiladas en \u00e1lbum en castellano.<\/p>\n","protected":false},"excerpt":{"rendered":"<p>9788415685951<\/p>\n<p><a href=\"https:\/\/cataloniacomics.com\/wp-admin\/edit.php?product_tag=astiberri&amp;post_type=product\">Astiberri<\/a>,\u00a0<a href=\"https:\/\/cataloniacomics.com\/wp-admin\/edit.php?product_tag=costumbrismo&amp;post_type=product\">Costumbrismo<\/a><\/p>\n","protected":false},"featured_media":3454,"comment_status":"open","ping_status":"closed","template":"","meta":[],"product_brand":[],"product_cat":[129],"product_tag":[144,259],"class_list":["post-3453","product","type-product","status-publish","has-post-thumbnail","product_cat-novela-grafica","product_tag-astiberri","product_tag-costumbrismo","first","instock","sold-individually","shipping-taxable","purchasable","product-type-simple"],"_links":{"self":[{"href":"https:\/\/cataloniacomics.com\/index.php?rest_route=\/wp\/v2\/product\/3453","targetHints":{"allow":["GET"]}}],"collection":[{"href":"https:\/\/cataloniacomics.com\/index.php?rest_route=\/wp\/v2\/product"}],"about":[{"href":"https:\/\/cataloniacomics.com\/index.php?rest_route=\/wp\/v2\/types\/product"}],"replies":[{"embeddable":true,"href":"https:\/\/cataloniacomics.com\/index.php?rest_route=%2Fwp%2Fv2%2Fcomments&post=3453"}],"wp:featuredmedia":[{"embeddable":true,"href":"https:\/\/cataloniacomics.com\/index.php?rest_route=\/wp\/v2\/media\/3454"}],"wp:attachment":[{"href":"https:\/\/cataloniacomics.com\/index.php?rest_route=%2Fwp%2Fv2%2Fmedia&parent=3453"}],"wp:term":[{"taxonomy":"product_brand","embeddable":true,"href":"https:\/\/cataloniacomics.com\/index.php?rest_route=%2Fwp%2Fv2%2Fproduct_brand&post=3453"},{"taxonomy":"product_cat","embeddable":true,"href":"https:\/\/cataloniacomics.com\/index.php?rest_route=%2Fwp%2Fv2%2Fproduct_cat&post=3453"},{"taxonomy":"product_tag","embeddable":true,"href":"https:\/\/cataloniacomics.com\/index.php?rest_route=%2Fwp%2Fv2%2Fproduct_tag&post=3453"}],"curies":[{"name":"wp","href":"https:\/\/api.w.org\/{rel}","templated":true}]}}

Cromáticas

<p>A través de cinco historias, cada una de ellas construida en referencia a un color <em>(Nieve, Blues, The Pink Neon, Mont Blanc, Gris y rojo),</em> Zentner y Pellejero exploran parajes situados en las fronteras de la realidad y la ficción, de lo fantástico y la normalidad, y examinan el azar o la coincidencia. Historias sutilmente inquietantes en las que se mezclan el sueño y la muerte, pretextos magníficos para la exploración gráfica y cromática por parte de los autores de<em> <a href="https://www.astiberri.com/products/dieter-lumpen-edicion-integral">Dieter Lumpen</a> </em>(Astiberri, 2014).</p>
<p><em>Cromáticas</em> es el fruto de un especial momento creativo de los creadores de <em>Dieter Lumpen,</em> Jorge Zentner y Rubén Pellejero, que tras diez años de colaboración se preparaban para afrontar nuevos retos en su carrera profesional. Sin embargo, mientras encontraban editor para el proyecto que debía suponer un importante salto adelante, Zentner confiesa que tuvieron que afrontar “asuntos como pagar el alquiler, la comida, la electricidad&#8230;”. Con ese fin nacieron las historias de <em>Cromáticas,</em> que otorgaron más libertad creativa a los autores y que, curiosamente, marcan una mayor implicación del dibujante en la concepción de las historias.</p>
<p>El intercambio creativo entre Zentner y Pellejero queda reflejado en la correspondencia reproducida en las páginas extra, que incluyen, asimismo, bocetos de la creación de las diversas historias que componen la obra, publicadas en la revista <em>CO &amp; CO,</em> pero nunca recopiladas en álbum en castellano.</p>
