{"id":3425,"date":"2024-05-26T00:01:03","date_gmt":"2024-05-25T22:01:03","guid":{"rendered":"https:\/\/cataloniacomics.com\/?post_type=product&#038;p=3425"},"modified":"2026-01-11T18:49:41","modified_gmt":"2026-01-12T00:49:41","slug":"blue-note-los-ultimos-dias-de-la-ley-seca","status":"publish","type":"product","link":"https:\/\/cataloniacomics.com\/?product=blue-note-los-ultimos-dias-de-la-ley-seca","title":{"rendered":"Blue note: los \u00faltimos d\u00edas de la ley seca"},"content":{"rendered":"<p>UN FABULOSO DRAMA CON EL RITMO VIBRANTE DEL MEJOR JAZZ Y LA INTENSIDAD DE UN LICOR DE CONTRABANDO<\/p>\n<p>Nueva York, 1933. Quedan solo treinta d\u00edas para el final de la prohibici\u00f3n; el final de siete a\u00f1os de control de la mafia, de comercio ilegal de alcohol, de corrupci\u00f3n de alto nivel&#8230; Y de clandestinidad. En el\u00a0<i>Dante\u2019s Lodge<\/i>, el club de jazz m\u00e1s famoso de la ciudad, se cruzan un boxeador irland\u00e9s ahogado por las deudas y un joven e ingenuo guitarrista.<\/p>\n<p>Pero lo que ambos consideran una simple oportunidad acabar\u00e1 lanz\u00e1ndolos a los brazos de una red de explotaci\u00f3n y cadenas de favores. Con la ley seca a punto de llegar a su fin, quienes reinan en la ilegalidad har\u00e1n todo lo posible para conservar unos privilegios que ahora amenazan con desaparecer.<\/p>\n<p>Mathieu Mariolle y Mika\u00ebl Bourgouin retratan la vida estadounidense de la d\u00e9cada de los 30, durante los \u00faltimos estertores de la ley seca. Con un arte asombroso que evoca los colores del viejo mundo, casi podemos sentir el sonido de la guitarra y el saxof\u00f3n en un atestado bar lleno de olores fuertes y bebidas todav\u00eda ilegales, junto a una clientela que disfruta a la vez del licor y de la edad de oro del jazz.<\/p>\n","protected":false},"excerpt":{"rendered":"<p>9788467937107<\/p>\n<p>Hist\u00f3rico,\u00a0M\u00fasica,\u00a0Norma Editorial<\/p>\n","protected":false},"featured_media":3426,"comment_status":"open","ping_status":"closed","template":"","meta":[],"product_brand":[537],"product_cat":[129],"product_tag":[162,243,156],"class_list":["post-3425","product","type-product","status-publish","has-post-thumbnail","product_brand-norma-editorial","product_cat-novela-grafica","product_tag-historico","product_tag-musica","product_tag-norma-editorial","first","instock","sold-individually","shipping-taxable","purchasable","product-type-simple"],"_links":{"self":[{"href":"https:\/\/cataloniacomics.com\/index.php?rest_route=\/wp\/v2\/product\/3425","targetHints":{"allow":["GET"]}}],"collection":[{"href":"https:\/\/cataloniacomics.com\/index.php?rest_route=\/wp\/v2\/product"}],"about":[{"href":"https:\/\/cataloniacomics.com\/index.php?rest_route=\/wp\/v2\/types\/product"}],"replies":[{"embeddable":true,"href":"https:\/\/cataloniacomics.com\/index.php?rest_route=%2Fwp%2Fv2%2Fcomments&post=3425"}],"wp:featuredmedia":[{"embeddable":true,"href":"https:\/\/cataloniacomics.com\/index.php?rest_route=\/wp\/v2\/media\/3426"}],"wp:attachment":[{"href":"https:\/\/cataloniacomics.com\/index.php?rest_route=%2Fwp%2Fv2%2Fmedia&parent=3425"}],"wp:term":[{"taxonomy":"product_brand","embeddable":true,"href":"https:\/\/cataloniacomics.com\/index.php?rest_route=%2Fwp%2Fv2%2Fproduct_brand&post=3425"},{"taxonomy":"product_cat","embeddable":true,"href":"https:\/\/cataloniacomics.com\/index.php?rest_route=%2Fwp%2Fv2%2Fproduct_cat&post=3425"},{"taxonomy":"product_tag","embeddable":true,"href":"https:\/\/cataloniacomics.com\/index.php?rest_route=%2Fwp%2Fv2%2Fproduct_tag&post=3425"}],"curies":[{"name":"wp","href":"https:\/\/api.w.org\/{rel}","templated":true}]}}

Blue note: los últimos días de la ley seca

<p>UN FABULOSO DRAMA CON EL RITMO VIBRANTE DEL MEJOR JAZZ Y LA INTENSIDAD DE UN LICOR DE CONTRABANDO</p>
<p>Nueva York, 1933. Quedan solo treinta días para el final de la prohibición; el final de siete años de control de la mafia, de comercio ilegal de alcohol, de corrupción de alto nivel&#8230; Y de clandestinidad. En el <i>Dante’s Lodge</i>, el club de jazz más famoso de la ciudad, se cruzan un boxeador irlandés ahogado por las deudas y un joven e ingenuo guitarrista.</p>
<p>Pero lo que ambos consideran una simple oportunidad acabará lanzándolos a los brazos de una red de explotación y cadenas de favores. Con la ley seca a punto de llegar a su fin, quienes reinan en la ilegalidad harán todo lo posible para conservar unos privilegios que ahora amenazan con desaparecer.</p>
<p>Mathieu Mariolle y Mikaël Bourgouin retratan la vida estadounidense de la década de los 30, durante los últimos estertores de la ley seca. Con un arte asombroso que evoca los colores del viejo mundo, casi podemos sentir el sonido de la guitarra y el saxofón en un atestado bar lleno de olores fuertes y bebidas todavía ilegales, junto a una clientela que disfruta a la vez del licor y de la edad de oro del jazz.</p>

<p>9788467937107</p>
<p>Histórico, Música, Norma Editorial</p>
