{"id":3315,"date":"2024-05-19T00:55:51","date_gmt":"2024-05-18T22:55:51","guid":{"rendered":"https:\/\/cataloniacomics.com\/?post_type=product&#038;p=3315"},"modified":"2026-01-11T17:05:34","modified_gmt":"2026-01-11T23:05:34","slug":"la-casa-azul","status":"publish","type":"product","link":"https:\/\/cataloniacomics.com\/?product=la-casa-azul","title":{"rendered":"La casa azul"},"content":{"rendered":"<p>Un d\u00eda nublado de 1989 en la Ciudad de M\u00e9xico un individuo se dirige a la Casa Museo Frida Kahlo. Se pone a llover y corre a resguardarse a una cantina cercana. All\u00ed se encuentra con una anciana Chavela Vargas, que, entre vapores et\u00edlicos, empieza a contarle la historia de c\u00f3mo conoci\u00f3 y pudo ser su relaci\u00f3n con Frida.<\/p>\n<p>Entre otras fuentes de investigaci\u00f3n, como diversas publicaciones y documentales, y una estancia de un a\u00f1o en tierras mexicanas, las memorias de Chavela son para Tyto Alba \u201cel cable que conect\u00f3 con el poder evocador que la vivienda de Coyoac\u00e1n, donde naci\u00f3 y muri\u00f3 Frida Kahlo, hab\u00eda despertado en el dibujante. \u2018No soy muy fan de la pintura de Frida Kahlo, tampoco me atrae mucho la de Diego Rivera, pero su casa me interes\u00f3\u201d, seg\u00fan apunta el autor de Badalona a Tereixa Constenla entrevistado para\u00a0<em>El Pa\u00eds.<\/em><\/p>\n<p>Adem\u00e1s de Diego Rivera, transitan personajes como Andr\u00e9 Breton, Siqueiros, Trotski, y hasta Werner Herzog&#8230;, todos ellos vistos por los ojos de Chavela. Este relato se erige como un homenaje a dos figuras eternas, a un pa\u00eds, M\u00e9xico, a una \u00e9poca y a un modo de vida.<\/p>\n","protected":false},"excerpt":{"rendered":"<p>9788415685685<\/p>\n<p><a href=\"https:\/\/cataloniacomics.com\/wp-admin\/edit.php?product_tag=astiberri&amp;post_type=product\">Astiberri<\/a>,\u00a0<a href=\"https:\/\/cataloniacomics.com\/wp-admin\/edit.php?product_tag=historico&amp;post_type=product\">Hist\u00f3rico<\/a><\/p>\n","protected":false},"featured_media":3316,"comment_status":"open","ping_status":"closed","template":"","meta":[],"product_brand":[],"product_cat":[129],"product_tag":[144,162],"class_list":["post-3315","product","type-product","status-publish","has-post-thumbnail","product_cat-novela-grafica","product_tag-astiberri","product_tag-historico","first","outofstock","sold-individually","shipping-taxable","purchasable","product-type-simple"],"_links":{"self":[{"href":"https:\/\/cataloniacomics.com\/index.php?rest_route=\/wp\/v2\/product\/3315","targetHints":{"allow":["GET"]}}],"collection":[{"href":"https:\/\/cataloniacomics.com\/index.php?rest_route=\/wp\/v2\/product"}],"about":[{"href":"https:\/\/cataloniacomics.com\/index.php?rest_route=\/wp\/v2\/types\/product"}],"replies":[{"embeddable":true,"href":"https:\/\/cataloniacomics.com\/index.php?rest_route=%2Fwp%2Fv2%2Fcomments&post=3315"}],"wp:featuredmedia":[{"embeddable":true,"href":"https:\/\/cataloniacomics.com\/index.php?rest_route=\/wp\/v2\/media\/3316"}],"wp:attachment":[{"href":"https:\/\/cataloniacomics.com\/index.php?rest_route=%2Fwp%2Fv2%2Fmedia&parent=3315"}],"wp:term":[{"taxonomy":"product_brand","embeddable":true,"href":"https:\/\/cataloniacomics.com\/index.php?rest_route=%2Fwp%2Fv2%2Fproduct_brand&post=3315"},{"taxonomy":"product_cat","embeddable":true,"href":"https:\/\/cataloniacomics.com\/index.php?rest_route=%2Fwp%2Fv2%2Fproduct_cat&post=3315"},{"taxonomy":"product_tag","embeddable":true,"href":"https:\/\/cataloniacomics.com\/index.php?rest_route=%2Fwp%2Fv2%2Fproduct_tag&post=3315"}],"curies":[{"name":"wp","href":"https:\/\/api.w.org\/{rel}","templated":true}]}}

<p>Un día nublado de 1989 en la Ciudad de México un individuo se dirige a la Casa Museo Frida Kahlo. Se pone a llover y corre a resguardarse a una cantina cercana. Allí se encuentra con una anciana Chavela Vargas, que, entre vapores etílicos, empieza a contarle la historia de cómo conoció y pudo ser su relación con Frida.</p>
<p>Entre otras fuentes de investigación, como diversas publicaciones y documentales, y una estancia de un año en tierras mexicanas, las memorias de Chavela son para Tyto Alba “el cable que conectó con el poder evocador que la vivienda de Coyoacán, donde nació y murió Frida Kahlo, había despertado en el dibujante. ‘No soy muy fan de la pintura de Frida Kahlo, tampoco me atrae mucho la de Diego Rivera, pero su casa me interesó”, según apunta el autor de Badalona a Tereixa Constenla entrevistado para <em>El País.</em></p>
<p>Además de Diego Rivera, transitan personajes como André Breton, Siqueiros, Trotski, y hasta Werner Herzog&#8230;, todos ellos vistos por los ojos de Chavela. Este relato se erige como un homenaje a dos figuras eternas, a un país, México, a una época y a un modo de vida.</p>

<p>9788415685685</p>
<p><a href="https://cataloniacomics.com/wp-admin/edit.php?product_tag=astiberri&amp;post_type=product">Astiberri</a>, <a href="https://cataloniacomics.com/wp-admin/edit.php?product_tag=historico&amp;post_type=product">Histórico</a></p>
