{"id":2649,"date":"2024-02-02T18:53:38","date_gmt":"2024-02-02T17:53:38","guid":{"rendered":"http:\/\/cataloniacomics.com\/?post_type=product&#038;p=2649"},"modified":"2026-01-11T15:31:07","modified_gmt":"2026-01-11T21:31:07","slug":"patria-novela-grafica","status":"publish","type":"product","link":"https:\/\/cataloniacomics.com\/?product=patria-novela-grafica","title":{"rendered":"Patria"},"content":{"rendered":"<p>El d\u00eda en que ETA anuncia el abandono de las armas, Bittori se dirige al cementerio para contarle a la tumba de su marido el Txato, asesinado por los terroristas, que ha decidido volver a la casa donde vivieron. \u00bfPodr\u00e1 convivir con quienes la acosaron antes y despu\u00e9s del atentado que trastoc\u00f3 su vida y la de su familia? \u00bfPodr\u00e1 saber qui\u00e9n fue el encapuchado que un d\u00eda lluvioso mat\u00f3 a su marido, cuando volv\u00eda de su empresa de transportes?<\/p>\n<p>Por m\u00e1s que llegue a escondidas, la presencia de Bittori alterar\u00e1 la falsa tranquilidad del pueblo, sobre todo de su vecina Miren, amiga \u00edntima en otro tiempo, y madre de Joxe Mari, un terrorista encarcelado y sospechoso de los peores temores de Bittori. \u00bfQu\u00e9 pas\u00f3 entre esas dos mujeres? \u00bfQu\u00e9 ha envenenado la vida de sus hijos y sus maridos tan unidos en el pasado? Con sus desgarros disimulados y sus convicciones inquebrantables, con sus heridas y sus valent\u00edas, la historia incandescente de sus vidas antes y despu\u00e9s del cr\u00e1ter que fue la muerte del Txato, nos habla de la imposibilidad de olvidar y de la necesidad de perd\u00f3n en una comunidad rota por el fanatismo pol\u00edtico.<\/p>\n","protected":false},"excerpt":{"rendered":"<p>9788491737230<\/p>\n<p>Planeta C\u00f3mic \u00a0Pol\u00edtica<\/p>\n","protected":false},"featured_media":2650,"comment_status":"open","ping_status":"closed","template":"","meta":[],"product_brand":[],"product_cat":[129],"product_tag":[183,165,313],"class_list":["post-2649","product","type-product","status-publish","has-post-thumbnail","product_cat-novela-grafica","product_tag-novela-grafica","product_tag-planeta-comic","product_tag-politica","first","outofstock","sold-individually","shipping-taxable","purchasable","product-type-simple"],"_links":{"self":[{"href":"https:\/\/cataloniacomics.com\/index.php?rest_route=\/wp\/v2\/product\/2649","targetHints":{"allow":["GET"]}}],"collection":[{"href":"https:\/\/cataloniacomics.com\/index.php?rest_route=\/wp\/v2\/product"}],"about":[{"href":"https:\/\/cataloniacomics.com\/index.php?rest_route=\/wp\/v2\/types\/product"}],"replies":[{"embeddable":true,"href":"https:\/\/cataloniacomics.com\/index.php?rest_route=%2Fwp%2Fv2%2Fcomments&post=2649"}],"wp:featuredmedia":[{"embeddable":true,"href":"https:\/\/cataloniacomics.com\/index.php?rest_route=\/wp\/v2\/media\/2650"}],"wp:attachment":[{"href":"https:\/\/cataloniacomics.com\/index.php?rest_route=%2Fwp%2Fv2%2Fmedia&parent=2649"}],"wp:term":[{"taxonomy":"product_brand","embeddable":true,"href":"https:\/\/cataloniacomics.com\/index.php?rest_route=%2Fwp%2Fv2%2Fproduct_brand&post=2649"},{"taxonomy":"product_cat","embeddable":true,"href":"https:\/\/cataloniacomics.com\/index.php?rest_route=%2Fwp%2Fv2%2Fproduct_cat&post=2649"},{"taxonomy":"product_tag","embeddable":true,"href":"https:\/\/cataloniacomics.com\/index.php?rest_route=%2Fwp%2Fv2%2Fproduct_tag&post=2649"}],"curies":[{"name":"wp","href":"https:\/\/api.w.org\/{rel}","templated":true}]}}

<p>El día en que ETA anuncia el abandono de las armas, Bittori se dirige al cementerio para contarle a la tumba de su marido el Txato, asesinado por los terroristas, que ha decidido volver a la casa donde vivieron. ¿Podrá convivir con quienes la acosaron antes y después del atentado que trastocó su vida y la de su familia? ¿Podrá saber quién fue el encapuchado que un día lluvioso mató a su marido, cuando volvía de su empresa de transportes?</p>
<p>Por más que llegue a escondidas, la presencia de Bittori alterará la falsa tranquilidad del pueblo, sobre todo de su vecina Miren, amiga íntima en otro tiempo, y madre de Joxe Mari, un terrorista encarcelado y sospechoso de los peores temores de Bittori. ¿Qué pasó entre esas dos mujeres? ¿Qué ha envenenado la vida de sus hijos y sus maridos tan unidos en el pasado? Con sus desgarros disimulados y sus convicciones inquebrantables, con sus heridas y sus valentías, la historia incandescente de sus vidas antes y después del cráter que fue la muerte del Txato, nos habla de la imposibilidad de olvidar y de la necesidad de perdón en una comunidad rota por el fanatismo político.</p>

<p>9788491737230</p>
<p>Planeta Cómic  Política</p>
