{"id":17105,"date":"2025-09-01T19:03:47","date_gmt":"2025-09-02T01:03:47","guid":{"rendered":"https:\/\/cataloniacomics.com\/?post_type=product&#038;p=17105"},"modified":"2026-02-16T17:36:23","modified_gmt":"2026-02-16T23:36:23","slug":"bola-negra","status":"publish","type":"product","link":"https:\/\/cataloniacomics.com\/?product=bola-negra","title":{"rendered":"Bola negra"},"content":{"rendered":"<p>Un entom\u00f3logo japon\u00e9s que mantiene una peculiar relaci\u00f3n con la comida (su prima muri\u00f3 de anorexia y su primo se convirti\u00f3 en un destacado luchador de sumo), y cuya familia a\u00fan se rige por los antiguos preceptos japoneses, decide por voluntad propia dejar de comer despu\u00e9s de un extra\u00f1o sue\u00f1o que tiene una noche. A partir de entonces,\u00a0empieza a recordar distintos sucesos inexplicables que se dieron la primera vez que viaj\u00f3 a \u00c1frica y descubri\u00f3 una nueva especie de insecto.<\/p>\n<p>Este relato de Bellatin, adaptado por Liniers y por el propio narrador, posee un aroma pesadillesco e inquietante, que lo convierte en un diamante de muy dif\u00edcil clasificaci\u00f3n en el mundo del c\u00f3mic.<\/p>\n<p>El relato de\u00a0<em>Bola negra<\/em>\u00a0tambi\u00e9n ha sido adaptado a una\u00a0\u00f3pera que Bellatin ha filmado con la compositora Marcela Rodr\u00edguez en Ciudad Ju\u00e1rez (el lugar m\u00e1s mort\u00edfero de M\u00e9xico), y a Documenta de Kassel (Alemania), la exposici\u00f3n quinquenal de arte contempor\u00e1neo.<\/p>\n","protected":false},"excerpt":{"rendered":"<p>9788416677658<\/p>\n","protected":false},"featured_media":17106,"comment_status":"closed","ping_status":"closed","template":"","meta":[],"product_brand":[],"product_cat":[129],"product_tag":[333,167],"class_list":["post-17105","product","type-product","status-publish","has-post-thumbnail","product_cat-novela-grafica","product_tag-adaptacion","product_tag-sextopiso","first","outofstock","sold-individually","shipping-taxable","purchasable","product-type-simple"],"_links":{"self":[{"href":"https:\/\/cataloniacomics.com\/index.php?rest_route=\/wp\/v2\/product\/17105","targetHints":{"allow":["GET"]}}],"collection":[{"href":"https:\/\/cataloniacomics.com\/index.php?rest_route=\/wp\/v2\/product"}],"about":[{"href":"https:\/\/cataloniacomics.com\/index.php?rest_route=\/wp\/v2\/types\/product"}],"replies":[{"embeddable":true,"href":"https:\/\/cataloniacomics.com\/index.php?rest_route=%2Fwp%2Fv2%2Fcomments&post=17105"}],"wp:featuredmedia":[{"embeddable":true,"href":"https:\/\/cataloniacomics.com\/index.php?rest_route=\/wp\/v2\/media\/17106"}],"wp:attachment":[{"href":"https:\/\/cataloniacomics.com\/index.php?rest_route=%2Fwp%2Fv2%2Fmedia&parent=17105"}],"wp:term":[{"taxonomy":"product_brand","embeddable":true,"href":"https:\/\/cataloniacomics.com\/index.php?rest_route=%2Fwp%2Fv2%2Fproduct_brand&post=17105"},{"taxonomy":"product_cat","embeddable":true,"href":"https:\/\/cataloniacomics.com\/index.php?rest_route=%2Fwp%2Fv2%2Fproduct_cat&post=17105"},{"taxonomy":"product_tag","embeddable":true,"href":"https:\/\/cataloniacomics.com\/index.php?rest_route=%2Fwp%2Fv2%2Fproduct_tag&post=17105"}],"curies":[{"name":"wp","href":"https:\/\/api.w.org\/{rel}","templated":true}]}}

<p>Un entomólogo japonés que mantiene una peculiar relación con la comida (su prima murió de anorexia y su primo se convirtió en un destacado luchador de sumo), y cuya familia aún se rige por los antiguos preceptos japoneses, decide por voluntad propia dejar de comer después de un extraño sueño que tiene una noche. A partir de entonces, empieza a recordar distintos sucesos inexplicables que se dieron la primera vez que viajó a África y descubrió una nueva especie de insecto.</p>
<p>Este relato de Bellatin, adaptado por Liniers y por el propio narrador, posee un aroma pesadillesco e inquietante, que lo convierte en un diamante de muy difícil clasificación en el mundo del cómic.</p>
<p>El relato de <em>Bola negra</em> también ha sido adaptado a una ópera que Bellatin ha filmado con la compositora Marcela Rodríguez en Ciudad Juárez (el lugar más mortífero de México), y a Documenta de Kassel (Alemania), la exposición quinquenal de arte contemporáneo.</p>
