{"id":17076,"date":"2025-09-09T19:16:41","date_gmt":"2025-09-10T01:16:41","guid":{"rendered":"https:\/\/cataloniacomics.com\/?post_type=product&#038;p=17076"},"modified":"2026-01-30T19:21:11","modified_gmt":"2026-01-31T01:21:11","slug":"los-suenos-de-ana","status":"publish","type":"product","link":"https:\/\/cataloniacomics.com\/?product=los-suenos-de-ana","title":{"rendered":"Los sue\u00f1os de Ana"},"content":{"rendered":"<p>La p\u00e9rdida es una experiencia compleja. Los ni\u00f1os y las ni\u00f1as la viven de una manera muy especial. En\u00a0<em>Los sue\u00f1os de Ana<\/em>, su protagonista, se enfrenta a la muerte de su madre desde la imaginaci\u00f3n y observa los acontecimientos de su vida con ilusi\u00f3n.<\/p>\n<p>Ana es una ni\u00f1a a la que le gusta so\u00f1ar. Y en sus sue\u00f1os siempre le acompa\u00f1a su madre, Laura. Con ella viajar\u00e1 al interior de un hormiguero, seguir\u00e1n de cerca el vuelo de los pinzones azules, asistir\u00e1n a un espect\u00e1culo de magia en las nubes y, juntas, tendr\u00e1n sue\u00f1os hermosos.<\/p>\n<p>\u00bfTe atreves a contar tus sue\u00f1os como hizo Ana?<\/p>\n<p>&nbsp;<\/p>\n<p><span class=\"color-title\"><b>Lectura recomendada:<\/b><\/span>\u00a0A<span class=\"\">\u00a0partir de los 8 a\u00f1os<\/span><\/p>\n","protected":false},"excerpt":{"rendered":"<p>9788412552058<\/p>\n","protected":false},"featured_media":17077,"comment_status":"closed","ping_status":"closed","template":"","meta":[],"product_brand":[],"product_cat":[132],"product_tag":[562,186],"class_list":["post-17076","product","type-product","status-publish","has-post-thumbnail","product_cat-libros-ilustrados","product_tag-diego-pun","product_tag-infantil","first","outofstock","sold-individually","shipping-taxable","purchasable","product-type-simple"],"_links":{"self":[{"href":"https:\/\/cataloniacomics.com\/index.php?rest_route=\/wp\/v2\/product\/17076","targetHints":{"allow":["GET"]}}],"collection":[{"href":"https:\/\/cataloniacomics.com\/index.php?rest_route=\/wp\/v2\/product"}],"about":[{"href":"https:\/\/cataloniacomics.com\/index.php?rest_route=\/wp\/v2\/types\/product"}],"replies":[{"embeddable":true,"href":"https:\/\/cataloniacomics.com\/index.php?rest_route=%2Fwp%2Fv2%2Fcomments&post=17076"}],"wp:featuredmedia":[{"embeddable":true,"href":"https:\/\/cataloniacomics.com\/index.php?rest_route=\/wp\/v2\/media\/17077"}],"wp:attachment":[{"href":"https:\/\/cataloniacomics.com\/index.php?rest_route=%2Fwp%2Fv2%2Fmedia&parent=17076"}],"wp:term":[{"taxonomy":"product_brand","embeddable":true,"href":"https:\/\/cataloniacomics.com\/index.php?rest_route=%2Fwp%2Fv2%2Fproduct_brand&post=17076"},{"taxonomy":"product_cat","embeddable":true,"href":"https:\/\/cataloniacomics.com\/index.php?rest_route=%2Fwp%2Fv2%2Fproduct_cat&post=17076"},{"taxonomy":"product_tag","embeddable":true,"href":"https:\/\/cataloniacomics.com\/index.php?rest_route=%2Fwp%2Fv2%2Fproduct_tag&post=17076"}],"curies":[{"name":"wp","href":"https:\/\/api.w.org\/{rel}","templated":true}]}}

Los sueños de Ana

<p>La pérdida es una experiencia compleja. Los niños y las niñas la viven de una manera muy especial. En <em>Los sueños de Ana</em>, su protagonista, se enfrenta a la muerte de su madre desde la imaginación y observa los acontecimientos de su vida con ilusión.</p>
<p>Ana es una niña a la que le gusta soñar. Y en sus sueños siempre le acompaña su madre, Laura. Con ella viajará al interior de un hormiguero, seguirán de cerca el vuelo de los pinzones azules, asistirán a un espectáculo de magia en las nubes y, juntas, tendrán sueños hermosos.</p>
<p>¿Te atreves a contar tus sueños como hizo Ana?</p>
<p>&nbsp;</p>
<p><span class="color-title"><b>Lectura recomendada:</b></span> A<span class=""> partir de los 8 años</span></p>
