{"id":16987,"date":"2025-09-08T17:21:45","date_gmt":"2025-09-08T23:21:45","guid":{"rendered":"https:\/\/cataloniacomics.com\/?post_type=product&#038;p=16987"},"modified":"2026-01-30T18:50:56","modified_gmt":"2026-01-31T00:50:56","slug":"cuentos-africanos-para-dormir-el-miedo","status":"publish","type":"product","link":"https:\/\/cataloniacomics.com\/?product=cuentos-africanos-para-dormir-el-miedo","title":{"rendered":"Cuentos africanos para dormir el miedo"},"content":{"rendered":"<p>En esta colecci\u00f3n del escritor canario\u00a0<strong>Ernesto Rodr\u00edguez Abad<\/strong>\u00a0sobre cuentos basados en \u00c1frica no solo encontrar\u00e1s palabras con el sabor de los or\u00edgenes de la tierra y del ser humano mismo, sino tambi\u00e9n las ilustraciones del propio autor. Es una propuesta en la que lo m\u00e1gico y m\u00edtico se funden con lo social y lo humano porque esa es la esencia de todas las historias, al menos de todas aquellas que nacen desde el coraz\u00f3n y se cuentan con la honestidad que solo los m\u00e1s j\u00f3venes saben ver. Por eso es una lectura ideal a partir de los 8 a\u00f1os y muy apropiado hasta los 14. Se trata de una nueva edici\u00f3n con un formato totalmente original y con un cuento extra.<\/p>\n<p>&nbsp;<\/p>\n<p><span class=\"color-title\"><b>Lectura recomendada:<\/b>\u00a0<\/span>A partir de los 9 a\u00f1os<\/p>\n","protected":false},"excerpt":{"rendered":"<p>9788494437878<\/p>\n","protected":false},"featured_media":16988,"comment_status":"closed","ping_status":"closed","template":"","meta":[],"product_brand":[],"product_cat":[132],"product_tag":[562,186],"class_list":["post-16987","product","type-product","status-publish","has-post-thumbnail","product_cat-libros-ilustrados","product_tag-diego-pun","product_tag-infantil","first","instock","sold-individually","shipping-taxable","purchasable","product-type-simple"],"_links":{"self":[{"href":"https:\/\/cataloniacomics.com\/index.php?rest_route=\/wp\/v2\/product\/16987","targetHints":{"allow":["GET"]}}],"collection":[{"href":"https:\/\/cataloniacomics.com\/index.php?rest_route=\/wp\/v2\/product"}],"about":[{"href":"https:\/\/cataloniacomics.com\/index.php?rest_route=\/wp\/v2\/types\/product"}],"replies":[{"embeddable":true,"href":"https:\/\/cataloniacomics.com\/index.php?rest_route=%2Fwp%2Fv2%2Fcomments&post=16987"}],"wp:featuredmedia":[{"embeddable":true,"href":"https:\/\/cataloniacomics.com\/index.php?rest_route=\/wp\/v2\/media\/16988"}],"wp:attachment":[{"href":"https:\/\/cataloniacomics.com\/index.php?rest_route=%2Fwp%2Fv2%2Fmedia&parent=16987"}],"wp:term":[{"taxonomy":"product_brand","embeddable":true,"href":"https:\/\/cataloniacomics.com\/index.php?rest_route=%2Fwp%2Fv2%2Fproduct_brand&post=16987"},{"taxonomy":"product_cat","embeddable":true,"href":"https:\/\/cataloniacomics.com\/index.php?rest_route=%2Fwp%2Fv2%2Fproduct_cat&post=16987"},{"taxonomy":"product_tag","embeddable":true,"href":"https:\/\/cataloniacomics.com\/index.php?rest_route=%2Fwp%2Fv2%2Fproduct_tag&post=16987"}],"curies":[{"name":"wp","href":"https:\/\/api.w.org\/{rel}","templated":true}]}}

<p>En esta colección del escritor canario <strong>Ernesto Rodríguez Abad</strong> sobre cuentos basados en África no solo encontrarás palabras con el sabor de los orígenes de la tierra y del ser humano mismo, sino también las ilustraciones del propio autor. Es una propuesta en la que lo mágico y mítico se funden con lo social y lo humano porque esa es la esencia de todas las historias, al menos de todas aquellas que nacen desde el corazón y se cuentan con la honestidad que solo los más jóvenes saben ver. Por eso es una lectura ideal a partir de los 8 años y muy apropiado hasta los 14. Se trata de una nueva edición con un formato totalmente original y con un cuento extra.</p>
<p>&nbsp;</p>
<p><span class="color-title"><b>Lectura recomendada:</b> </span>A partir de los 9 años</p>
