{"id":16969,"date":"2025-09-04T17:12:45","date_gmt":"2025-09-04T23:12:45","guid":{"rendered":"https:\/\/cataloniacomics.com\/?post_type=product&#038;p=16969"},"modified":"2026-01-30T18:37:25","modified_gmt":"2026-01-31T00:37:25","slug":"nuestra-democracia","status":"publish","type":"product","link":"https:\/\/cataloniacomics.com\/?product=nuestra-democracia","title":{"rendered":"Nuestra democracia"},"content":{"rendered":"<p><strong>\u00a0Helioflores<\/strong>\u00a0es un dibujante inteligente, l\u00facido, de imaginaci\u00f3n f\u00e9rtil y con un sentido \u00e9tico profundo. Es, sin duda alguna, uno de los m\u00e1s grandes caricaturistas mexicanos de todos los tiempos. Naci\u00f3 en Xalapa Veracruz en 1938; estudi\u00f3 arquitectura en la Universidad Veracruzana y dise\u00f1o gr\u00e1fico en The School of Visual Arts de Nueva York. En 1968 fund\u00f3 la revista de humor\u00a0<em>La Garrapata,\u00a0<\/em>junto con Eduardo del R\u00edo (Rius), Rogelio Naranjo y Emilio Abdal\u00e1 (AB) y colabor\u00f3 en\u00a0<em>Novedades, El Mitote Ilustrado, Siempre!, Ovaciones y \u00bfPor qu\u00e9?\u00a0<\/em>Desde 1971 trabaja como editorialista gr\u00e1fico en el diario\u00a0<em>El Universal\u00a0<\/em>y, espor\u00e1dicamente, colabora para\u00a0<em>El Chamuco<\/em>.<\/p>\n<p>Helio es el caricaturista mexicano que m\u00e1s reconocimientos ha recibido: ha obtenido cuatro veces el Premio Nacional de Periodismo y ha sido galardonado con premios en concursos internacionales de Canad\u00e1, Turqu\u00eda, Grecia, Bulgaria, Cuba y Yugoslavia. En 2017 recibi\u00f3 por parte del Gobierno de la Ciudad de M\u00e9xico y del Museo del Estanquillo el Reconocimiento de Caricatura Gabriel Vargas. \u2013Rafael Barajas (El Fisg\u00f3n)<\/p>\n<p>Alias entrega a su p\u00fablico un recorrido por m\u00e1s de cinco d\u00e9cadas en la obra de uno de los principales herederos de la gr\u00e1fica pol\u00edtica mexicana a trav\u00e9s de una selecci\u00f3n de 256 cartones del maestro Helioflores, realizados entre 1968 y 2022. Prologada por Pedro Miguel y acompa\u00f1ada de una entrevista por Gerardo Lammers, esta edici\u00f3n conforma un afectuoso homenaje al imprescindible monero mexicano. Agradecemos el generoso apoyo del Instituto Veracruzano de la Cultura (ivec) y el Museo de Estanquillo para la realizaci\u00f3n de este proyecto.<\/p>\n","protected":false},"excerpt":{"rendered":"<p>9786077985396<\/p>\n","protected":false},"featured_media":16970,"comment_status":"closed","ping_status":"closed","template":"","meta":[],"product_brand":[],"product_cat":[132],"product_tag":[311,174,313],"class_list":["post-16969","product","type-product","status-publish","has-post-thumbnail","product_cat-libros-ilustrados","product_tag-critica-social","product_tag-humor","product_tag-politica","first","instock","sold-individually","shipping-taxable","purchasable","product-type-simple"],"_links":{"self":[{"href":"https:\/\/cataloniacomics.com\/index.php?rest_route=\/wp\/v2\/product\/16969","targetHints":{"allow":["GET"]}}],"collection":[{"href":"https:\/\/cataloniacomics.com\/index.php?rest_route=\/wp\/v2\/product"}],"about":[{"href":"https:\/\/cataloniacomics.com\/index.php?rest_route=\/wp\/v2\/types\/product"}],"replies":[{"embeddable":true,"href":"https:\/\/cataloniacomics.com\/index.php?rest_route=%2Fwp%2Fv2%2Fcomments&post=16969"}],"wp:featuredmedia":[{"embeddable":true,"href":"https:\/\/cataloniacomics.com\/index.php?rest_route=\/wp\/v2\/media\/16970"}],"wp:attachment":[{"href":"https:\/\/cataloniacomics.com\/index.php?rest_route=%2Fwp%2Fv2%2Fmedia&parent=16969"}],"wp:term":[{"taxonomy":"product_brand","embeddable":true,"href":"https:\/\/cataloniacomics.com\/index.php?rest_route=%2Fwp%2Fv2%2Fproduct_brand&post=16969"},{"taxonomy":"product_cat","embeddable":true,"href":"https:\/\/cataloniacomics.com\/index.php?rest_route=%2Fwp%2Fv2%2Fproduct_cat&post=16969"},{"taxonomy":"product_tag","embeddable":true,"href":"https:\/\/cataloniacomics.com\/index.php?rest_route=%2Fwp%2Fv2%2Fproduct_tag&post=16969"}],"curies":[{"name":"wp","href":"https:\/\/api.w.org\/{rel}","templated":true}]}}

<p><strong> Helioflores</strong> es un dibujante inteligente, lúcido, de imaginación fértil y con un sentido ético profundo. Es, sin duda alguna, uno de los más grandes caricaturistas mexicanos de todos los tiempos. Nació en Xalapa Veracruz en 1938; estudió arquitectura en la Universidad Veracruzana y diseño gráfico en The School of Visual Arts de Nueva York. En 1968 fundó la revista de humor <em>La Garrapata, </em>junto con Eduardo del Río (Rius), Rogelio Naranjo y Emilio Abdalá (AB) y colaboró en <em>Novedades, El Mitote Ilustrado, Siempre!, Ovaciones y ¿Por qué? </em>Desde 1971 trabaja como editorialista gráfico en el diario <em>El Universal </em>y, esporádicamente, colabora para <em>El Chamuco</em>.</p>
<p>Helio es el caricaturista mexicano que más reconocimientos ha recibido: ha obtenido cuatro veces el Premio Nacional de Periodismo y ha sido galardonado con premios en concursos internacionales de Canadá, Turquía, Grecia, Bulgaria, Cuba y Yugoslavia. En 2017 recibió por parte del Gobierno de la Ciudad de México y del Museo del Estanquillo el Reconocimiento de Caricatura Gabriel Vargas. –Rafael Barajas (El Fisgón)</p>
<p>Alias entrega a su público un recorrido por más de cinco décadas en la obra de uno de los principales herederos de la gráfica política mexicana a través de una selección de 256 cartones del maestro Helioflores, realizados entre 1968 y 2022. Prologada por Pedro Miguel y acompañada de una entrevista por Gerardo Lammers, esta edición conforma un afectuoso homenaje al imprescindible monero mexicano. Agradecemos el generoso apoyo del Instituto Veracruzano de la Cultura (ivec) y el Museo de Estanquillo para la realización de este proyecto.</p>
