{"id":16962,"date":"2025-09-04T14:34:43","date_gmt":"2025-09-04T20:34:43","guid":{"rendered":"https:\/\/cataloniacomics.com\/?post_type=product&#038;p=16962"},"modified":"2026-01-30T18:24:33","modified_gmt":"2026-01-31T00:24:33","slug":"el-hombre-de-negro","status":"publish","type":"product","link":"https:\/\/cataloniacomics.com\/?product=el-hombre-de-negro","title":{"rendered":"El hombre de negro"},"content":{"rendered":"<p><strong>Helioflores\u00a0<\/strong>es uno de los m\u00e1s grandes caricaturistas mexicanos de todos los tiempos. A finales del convulso a\u00f1o de 1968, el maestro veracruzano dio vida a uno de los personajes m\u00e1s exc\u00e9ntricos y oscuros de la caricatura mexicana: el Hombre de negro. Su aparici\u00f3n tuvo lugar en el primer n\u00famero de\u00a0<em>La Garrapata. El azote de los bueyes<\/em>, una revista quincenal fundada por el legendario Eduardo del R\u00edo \u201cRius\u201d, Rogelio Naranjo, AB y el mismo Helioflores. Un grupo de grandes maestros del periodismo cr\u00edtico, promotores de un an\u00e1lisis pol\u00edtico distinguido por su extraordinario sentido del humor y sorprendente intuici\u00f3n gr\u00e1fica.<\/p>\n<p><em>El hombre de negro<\/em>\u00a0es quiz\u00e1 el mejor ejemplo de este ingenioso ejercicio de cr\u00edtica radical en plena \u00e9poca de censura y represi\u00f3n. Pocos trabajos en la historia de la caricatura mexicana destacan tanto la experimentaci\u00f3n neogr\u00e1fica, en equilibrio con la contundencia po\u00e9tica y pol\u00edtica, como<em>\u00a0El hombre de negro<\/em>\u00a0a trav\u00e9s de todos sus episodios. Para constatarlo basta hojear cualquier cap\u00edtulo de este sombr\u00edo personaje, que enfrenta penurias y abusos de autoridad asumiendo todas las virtudes y desdichas de ser tan solo un personaje de historieta.<\/p>\n<p>Alias entrega a su p\u00fablico una compilaci\u00f3n con m\u00e1s de noventa historietas realizadas entre 1968 y 2018, conformando la colecci\u00f3n m\u00e1s completa que se ha publicado hasta ahora en torno al enigm\u00e1tico personaje. Esta edici\u00f3n, prologada por el propio Helio Flores cierra el homenaje que Alias rinde al maestro tras la publicaci\u00f3n de\u00a0<em>Helioflores. Nuestra democracia<\/em>, volumen con 246 cartones que trazan un recorrido por m\u00e1s de cinco d\u00e9cadas de acontecimientos pol\u00edticos en M\u00e9xico y el mundo.<\/p>\n","protected":false},"excerpt":{"rendered":"<p>9786077985389<\/p>\n","protected":false},"featured_media":16963,"comment_status":"closed","ping_status":"closed","template":"","meta":[],"product_brand":[],"product_cat":[132,129],"product_tag":[561,311,313],"class_list":["post-16962","product","type-product","status-publish","has-post-thumbnail","product_cat-libros-ilustrados","product_cat-novela-grafica","product_tag-alias","product_tag-critica-social","product_tag-politica","first","instock","sold-individually","shipping-taxable","purchasable","product-type-simple"],"_links":{"self":[{"href":"https:\/\/cataloniacomics.com\/index.php?rest_route=\/wp\/v2\/product\/16962","targetHints":{"allow":["GET"]}}],"collection":[{"href":"https:\/\/cataloniacomics.com\/index.php?rest_route=\/wp\/v2\/product"}],"about":[{"href":"https:\/\/cataloniacomics.com\/index.php?rest_route=\/wp\/v2\/types\/product"}],"replies":[{"embeddable":true,"href":"https:\/\/cataloniacomics.com\/index.php?rest_route=%2Fwp%2Fv2%2Fcomments&post=16962"}],"wp:featuredmedia":[{"embeddable":true,"href":"https:\/\/cataloniacomics.com\/index.php?rest_route=\/wp\/v2\/media\/16963"}],"wp:attachment":[{"href":"https:\/\/cataloniacomics.com\/index.php?rest_route=%2Fwp%2Fv2%2Fmedia&parent=16962"}],"wp:term":[{"taxonomy":"product_brand","embeddable":true,"href":"https:\/\/cataloniacomics.com\/index.php?rest_route=%2Fwp%2Fv2%2Fproduct_brand&post=16962"},{"taxonomy":"product_cat","embeddable":true,"href":"https:\/\/cataloniacomics.com\/index.php?rest_route=%2Fwp%2Fv2%2Fproduct_cat&post=16962"},{"taxonomy":"product_tag","embeddable":true,"href":"https:\/\/cataloniacomics.com\/index.php?rest_route=%2Fwp%2Fv2%2Fproduct_tag&post=16962"}],"curies":[{"name":"wp","href":"https:\/\/api.w.org\/{rel}","templated":true}]}}

<p><strong>Helioflores </strong>es uno de los más grandes caricaturistas mexicanos de todos los tiempos. A finales del convulso año de 1968, el maestro veracruzano dio vida a uno de los personajes más excéntricos y oscuros de la caricatura mexicana: el Hombre de negro. Su aparición tuvo lugar en el primer número de <em>La Garrapata. El azote de los bueyes</em>, una revista quincenal fundada por el legendario Eduardo del Río “Rius”, Rogelio Naranjo, AB y el mismo Helioflores. Un grupo de grandes maestros del periodismo crítico, promotores de un análisis político distinguido por su extraordinario sentido del humor y sorprendente intuición gráfica.</p>
<p><em>El hombre de negro</em> es quizá el mejor ejemplo de este ingenioso ejercicio de crítica radical en plena época de censura y represión. Pocos trabajos en la historia de la caricatura mexicana destacan tanto la experimentación neográfica, en equilibrio con la contundencia poética y política, como<em> El hombre de negro</em> a través de todos sus episodios. Para constatarlo basta hojear cualquier capítulo de este sombrío personaje, que enfrenta penurias y abusos de autoridad asumiendo todas las virtudes y desdichas de ser tan solo un personaje de historieta.</p>
<p>Alias entrega a su público una compilación con más de noventa historietas realizadas entre 1968 y 2018, conformando la colección más completa que se ha publicado hasta ahora en torno al enigmático personaje. Esta edición, prologada por el propio Helio Flores cierra el homenaje que Alias rinde al maestro tras la publicación de <em>Helioflores. Nuestra democracia</em>, volumen con 246 cartones que trazan un recorrido por más de cinco décadas de acontecimientos políticos en México y el mundo.</p>
