{"id":16954,"date":"2025-09-04T17:02:44","date_gmt":"2025-09-04T23:02:44","guid":{"rendered":"https:\/\/cataloniacomics.com\/?post_type=product&#038;p=16954"},"modified":"2026-01-30T18:28:47","modified_gmt":"2026-01-31T00:28:47","slug":"waluk-3-la-ruta-del-can-mayor","status":"publish","type":"product","link":"https:\/\/cataloniacomics.com\/?product=waluk-3-la-ruta-del-can-mayor","title":{"rendered":"Waluk 3 : La ruta del Can Mayor"},"content":{"rendered":"<p>En\u00a0<em>W\u00e1luk 3. La ruta del Can Mayor<\/em>, de Emilio Ruiz y Ana Miralles, los protagonistas de la serie, W\u00e1luk y Esquimo, se despiden de Valkia y sus oseznos, y contin\u00faan su periplo orientados por las estrellas. Mientras Esquimo duerme pl\u00e1cidamente, es observado por un ser de extra\u00f1a figura. W\u00e1luk retorna justo en ese momento y ve la escena. Aunque \u00e9ste no parece muy grande y peligroso, corre a defender a su amigo al que ve amenazado&#8230; Salta, lo muerde y atrapa con sus garras. El extra\u00f1o animal se defiende extendiendo las patas que llevaba escondidas, abriendo la boca, arrojando una pasta viscosa en la cara de W\u00e1luk y huyendo velozmente. W\u00e1luk se queda totalmente neutralizado. Nuestros protagonistas no saben qu\u00e9 hacer. La pasta parece viva y se aferra a su cabeza. Se encuentran indefensos. Es entonces cuando desciende el b\u00faho sabio Uhuapeu y les propone un trato a cambio de liberar a W\u00e1luk&#8230;<\/p>\n<p>En palabras de la dibujante Raquel Alzate, \u201csiempre es un espect\u00e1culo poder contemplar la belleza del \u00c1rtico a trav\u00e9s de los ojos y la pericia art\u00edstica de Ana Miralles. Es tambi\u00e9n un recreo visual la minuciosidad con la que adapta su trazo a los vol\u00famenes y las formas realistas de los animales y, a su vez, les dota de una plasticidad y una gama de expresiones que les hacen parecer incluso m\u00e1s humanos que nosotros\u201d.<\/p>\n<p>Adem\u00e1s, \u201cla fantas\u00eda m\u00e1s desbocada se une a los datos m\u00e1s precisos sobre el comportamiento de las diferentes especies de animales \u2013a\u00f1ade Alzate\u2013, y Emilio consigue en su narraci\u00f3n que ambos enfoques sean perfectamente diferenciables, pero que, sin embargo, se mezclen en un armonioso conjunto de asombrosa lucidez naturalista y etol\u00f3gica. El cari\u00f1o, la sed de aprender y la libertad destilan por los g\u00e9lidos poros de esta aventura \u00e1rtica, repleta de un humor inteligente e ir\u00f3nico\u201d, asegura sobre esta serie, que tiene sus primeros tomos en\u00a0<em>W\u00e1luk<\/em>\u00a0(Astiberri, 2011) y\u00a0<em>W\u00e1luk 2. La gran traves\u00eda<\/em>\u00a0(Astiberri, 2017).<\/p>\n","protected":false},"excerpt":{"rendered":"<p>9788416880522<\/p>\n","protected":false},"featured_media":16955,"comment_status":"closed","ping_status":"closed","template":"","meta":[],"product_brand":[],"product_cat":[129],"product_tag":[144,311,324,186],"class_list":["post-16954","product","type-product","status-publish","has-post-thumbnail","product_cat-novela-grafica","product_tag-astiberri","product_tag-critica-social","product_tag-ecologia","product_tag-infantil","first","instock","sold-individually","shipping-taxable","purchasable","product-type-simple"],"_links":{"self":[{"href":"https:\/\/cataloniacomics.com\/index.php?rest_route=\/wp\/v2\/product\/16954","targetHints":{"allow":["GET"]}}],"collection":[{"href":"https:\/\/cataloniacomics.com\/index.php?rest_route=\/wp\/v2\/product"}],"about":[{"href":"https:\/\/cataloniacomics.com\/index.php?rest_route=\/wp\/v2\/types\/product"}],"replies":[{"embeddable":true,"href":"https:\/\/cataloniacomics.com\/index.php?rest_route=%2Fwp%2Fv2%2Fcomments&post=16954"}],"wp:featuredmedia":[{"embeddable":true,"href":"https:\/\/cataloniacomics.com\/index.php?rest_route=\/wp\/v2\/media\/16955"}],"wp:attachment":[{"href":"https:\/\/cataloniacomics.com\/index.php?rest_route=%2Fwp%2Fv2%2Fmedia&parent=16954"}],"wp:term":[{"taxonomy":"product_brand","embeddable":true,"href":"https:\/\/cataloniacomics.com\/index.php?rest_route=%2Fwp%2Fv2%2Fproduct_brand&post=16954"},{"taxonomy":"product_cat","embeddable":true,"href":"https:\/\/cataloniacomics.com\/index.php?rest_route=%2Fwp%2Fv2%2Fproduct_cat&post=16954"},{"taxonomy":"product_tag","embeddable":true,"href":"https:\/\/cataloniacomics.com\/index.php?rest_route=%2Fwp%2Fv2%2Fproduct_tag&post=16954"}],"curies":[{"name":"wp","href":"https:\/\/api.w.org\/{rel}","templated":true}]}}

<p>En <em>Wáluk 3. La ruta del Can Mayor</em>, de Emilio Ruiz y Ana Miralles, los protagonistas de la serie, Wáluk y Esquimo, se despiden de Valkia y sus oseznos, y continúan su periplo orientados por las estrellas. Mientras Esquimo duerme plácidamente, es observado por un ser de extraña figura. Wáluk retorna justo en ese momento y ve la escena. Aunque éste no parece muy grande y peligroso, corre a defender a su amigo al que ve amenazado&#8230; Salta, lo muerde y atrapa con sus garras. El extraño animal se defiende extendiendo las patas que llevaba escondidas, abriendo la boca, arrojando una pasta viscosa en la cara de Wáluk y huyendo velozmente. Wáluk se queda totalmente neutralizado. Nuestros protagonistas no saben qué hacer. La pasta parece viva y se aferra a su cabeza. Se encuentran indefensos. Es entonces cuando desciende el búho sabio Uhuapeu y les propone un trato a cambio de liberar a Wáluk&#8230;</p>
<p>En palabras de la dibujante Raquel Alzate, “siempre es un espectáculo poder contemplar la belleza del Ártico a través de los ojos y la pericia artística de Ana Miralles. Es también un recreo visual la minuciosidad con la que adapta su trazo a los volúmenes y las formas realistas de los animales y, a su vez, les dota de una plasticidad y una gama de expresiones que les hacen parecer incluso más humanos que nosotros”.</p>
<p>Además, “la fantasía más desbocada se une a los datos más precisos sobre el comportamiento de las diferentes especies de animales –añade Alzate–, y Emilio consigue en su narración que ambos enfoques sean perfectamente diferenciables, pero que, sin embargo, se mezclen en un armonioso conjunto de asombrosa lucidez naturalista y etológica. El cariño, la sed de aprender y la libertad destilan por los gélidos poros de esta aventura ártica, repleta de un humor inteligente e irónico”, asegura sobre esta serie, que tiene sus primeros tomos en <em>Wáluk</em> (Astiberri, 2011) y <em>Wáluk 2. La gran travesía</em> (Astiberri, 2017).</p>
