{"id":16946,"date":"2025-09-04T14:32:48","date_gmt":"2025-09-04T20:32:48","guid":{"rendered":"https:\/\/cataloniacomics.com\/?post_type=product&#038;p=16946"},"modified":"2026-01-30T18:24:03","modified_gmt":"2026-01-31T00:24:03","slug":"vinetas-de-vida","status":"publish","type":"product","link":"https:\/\/cataloniacomics.com\/?product=vinetas-de-vida","title":{"rendered":"Vi\u00f1etas de vida"},"content":{"rendered":"<p>Un total de 10 creadores \u2013Sonia Pulido, Isabel Cebri\u00e1n y \u00c1lvaro Ortiz, Cristina Dur\u00e1n y Miguel A. Giner Bou, Miguel Gallardo, Antonia Santolaya y Enrique Flores, Paco Roca y David Rub\u00edn\u2013 se embarcaron de la mano de Oxfam Interm\u00f3n y la campa\u00f1a \u201cS\u00ed Me Importa\u201d en un viaje con rumbo a Latinoam\u00e9rica, \u00c1frica y Asia. Este grupo creativo hizo las maletas para conocer de cerca las historias de vida de personas que, con el apoyo de la cooperaci\u00f3n espa\u00f1ola, luchan por cambiar sus vidas y las de sus comunidades.<\/p>\n<p>Historias que fueron llenando sus cuadernos de viaje con rostros, nombres y relatos tan reales como emocionantes. Todos estos apuntes sirvieron para dar forma a cada uno de los c\u00f3mics que contiene este libro. Un recorrido en vi\u00f1etas por esa otra parte del mundo \u2013Colombia, Marruecos, Nicaragua, Rep\u00fablica Dominicana, Filipinas, Mauritania y Burundi\u2013 que confirma que la cooperaci\u00f3n al desarrollo funciona, cambia y salva vidas.<\/p>\n<p>Adem\u00e1s de las historias de c\u00f3mic, este libro contiene parte de las emociones y de las informaciones que los autores y autoras recogieron en sus respectivos destinos en forma de p\u00e1ginas de sus cuadernos de viaje y fotos de su aventura como reporteros gr\u00e1ficos, y completa un documento muy v\u00e1lido en defensa de una cooperaci\u00f3n que se hace a\u00f1o a a\u00f1o m\u00e1s complicada al constatarse que desde el comienzo de la crisis econ\u00f3mica, los presupuestos de ayuda oficial al desarrollo se han reducido casi un 70%.<\/p>\n","protected":false},"excerpt":{"rendered":"<p>9788415685821<\/p>\n","protected":false},"featured_media":16947,"comment_status":"closed","ping_status":"closed","template":"","meta":[],"product_brand":[],"product_cat":[129],"product_tag":[144,311,146,341,310],"class_list":["post-16946","product","type-product","status-publish","has-post-thumbnail","product_cat-novela-grafica","product_tag-astiberri","product_tag-critica-social","product_tag-paco-roca","product_tag-salud","product_tag-viajes","first","instock","sold-individually","shipping-taxable","purchasable","product-type-simple"],"_links":{"self":[{"href":"https:\/\/cataloniacomics.com\/index.php?rest_route=\/wp\/v2\/product\/16946","targetHints":{"allow":["GET"]}}],"collection":[{"href":"https:\/\/cataloniacomics.com\/index.php?rest_route=\/wp\/v2\/product"}],"about":[{"href":"https:\/\/cataloniacomics.com\/index.php?rest_route=\/wp\/v2\/types\/product"}],"replies":[{"embeddable":true,"href":"https:\/\/cataloniacomics.com\/index.php?rest_route=%2Fwp%2Fv2%2Fcomments&post=16946"}],"wp:featuredmedia":[{"embeddable":true,"href":"https:\/\/cataloniacomics.com\/index.php?rest_route=\/wp\/v2\/media\/16947"}],"wp:attachment":[{"href":"https:\/\/cataloniacomics.com\/index.php?rest_route=%2Fwp%2Fv2%2Fmedia&parent=16946"}],"wp:term":[{"taxonomy":"product_brand","embeddable":true,"href":"https:\/\/cataloniacomics.com\/index.php?rest_route=%2Fwp%2Fv2%2Fproduct_brand&post=16946"},{"taxonomy":"product_cat","embeddable":true,"href":"https:\/\/cataloniacomics.com\/index.php?rest_route=%2Fwp%2Fv2%2Fproduct_cat&post=16946"},{"taxonomy":"product_tag","embeddable":true,"href":"https:\/\/cataloniacomics.com\/index.php?rest_route=%2Fwp%2Fv2%2Fproduct_tag&post=16946"}],"curies":[{"name":"wp","href":"https:\/\/api.w.org\/{rel}","templated":true}]}}

Viñetas de vida

<p>Un total de 10 creadores –Sonia Pulido, Isabel Cebrián y Álvaro Ortiz, Cristina Durán y Miguel A. Giner Bou, Miguel Gallardo, Antonia Santolaya y Enrique Flores, Paco Roca y David Rubín– se embarcaron de la mano de Oxfam Intermón y la campaña “Sí Me Importa” en un viaje con rumbo a Latinoamérica, África y Asia. Este grupo creativo hizo las maletas para conocer de cerca las historias de vida de personas que, con el apoyo de la cooperación española, luchan por cambiar sus vidas y las de sus comunidades.</p>
<p>Historias que fueron llenando sus cuadernos de viaje con rostros, nombres y relatos tan reales como emocionantes. Todos estos apuntes sirvieron para dar forma a cada uno de los cómics que contiene este libro. Un recorrido en viñetas por esa otra parte del mundo –Colombia, Marruecos, Nicaragua, República Dominicana, Filipinas, Mauritania y Burundi– que confirma que la cooperación al desarrollo funciona, cambia y salva vidas.</p>
<p>Además de las historias de cómic, este libro contiene parte de las emociones y de las informaciones que los autores y autoras recogieron en sus respectivos destinos en forma de páginas de sus cuadernos de viaje y fotos de su aventura como reporteros gráficos, y completa un documento muy válido en defensa de una cooperación que se hace año a año más complicada al constatarse que desde el comienzo de la crisis económica, los presupuestos de ayuda oficial al desarrollo se han reducido casi un 70%.</p>
