{"id":16923,"date":"2025-09-03T11:58:45","date_gmt":"2025-09-03T17:58:45","guid":{"rendered":"https:\/\/cataloniacomics.com\/?post_type=product&#038;p=16923"},"modified":"2026-01-30T18:20:08","modified_gmt":"2026-01-31T00:20:08","slug":"la-tempestad","status":"publish","type":"product","link":"https:\/\/cataloniacomics.com\/?product=la-tempestad","title":{"rendered":"La tempestad"},"content":{"rendered":"<p>Una nave espacial zozobra atrapada por una tempestad c\u00f3smica. Sus tripulantes escapan a un planeta desierto&#8230; supuestamente. All\u00ed se saldar\u00e1n viejas cuentas pendientes, se pondr\u00e1 en juego el destino del universo y de la raza humana, y los hombres se enfrentar\u00e1n a los monstruos&#8230;, algunos con forma de monstruo y otros con forma de hombre.<\/p>\n<p><em>La tempestad<\/em>\u00a0es una sorprendente novela gr\u00e1fica que sirve de espectacular debut para el dibujante Javier Peinado, heredero art\u00edstico de la mejor l\u00ednea clara francobelga en la tradici\u00f3n de E. P. Jacobs\u00a0<em>(Blake y Mortimer).<\/em>\u00a0El gui\u00f3n es de Santiago Garc\u00eda, coautor de la serie\u00a0<em>El Vecino<\/em>\u00a0(Astiberri), nominada como mejor obra en el Sal\u00f3n Internacional del C\u00f3mic de Barcelona.<\/p>\n<p>\u201cRealmente,\u00a0<em>La tempestad<\/em>\u00a0es una vibrante historieta que demuestra tanto la inteligencia de su guionista como el buen hacer de su dibujante\u201d.\u00a0<strong>Antoni Guiral<\/strong><\/p>\n","protected":false},"excerpt":{"rendered":"<p>9788496815537<\/p>\n","protected":false},"featured_media":16924,"comment_status":"closed","ping_status":"closed","template":"","meta":[],"product_brand":[],"product_cat":[129],"product_tag":[333,144,336],"class_list":["post-16923","product","type-product","status-publish","has-post-thumbnail","product_cat-novela-grafica","product_tag-adaptacion","product_tag-astiberri","product_tag-ciencia-ficcion","first","instock","sold-individually","shipping-taxable","purchasable","product-type-simple"],"_links":{"self":[{"href":"https:\/\/cataloniacomics.com\/index.php?rest_route=\/wp\/v2\/product\/16923","targetHints":{"allow":["GET"]}}],"collection":[{"href":"https:\/\/cataloniacomics.com\/index.php?rest_route=\/wp\/v2\/product"}],"about":[{"href":"https:\/\/cataloniacomics.com\/index.php?rest_route=\/wp\/v2\/types\/product"}],"replies":[{"embeddable":true,"href":"https:\/\/cataloniacomics.com\/index.php?rest_route=%2Fwp%2Fv2%2Fcomments&post=16923"}],"wp:featuredmedia":[{"embeddable":true,"href":"https:\/\/cataloniacomics.com\/index.php?rest_route=\/wp\/v2\/media\/16924"}],"wp:attachment":[{"href":"https:\/\/cataloniacomics.com\/index.php?rest_route=%2Fwp%2Fv2%2Fmedia&parent=16923"}],"wp:term":[{"taxonomy":"product_brand","embeddable":true,"href":"https:\/\/cataloniacomics.com\/index.php?rest_route=%2Fwp%2Fv2%2Fproduct_brand&post=16923"},{"taxonomy":"product_cat","embeddable":true,"href":"https:\/\/cataloniacomics.com\/index.php?rest_route=%2Fwp%2Fv2%2Fproduct_cat&post=16923"},{"taxonomy":"product_tag","embeddable":true,"href":"https:\/\/cataloniacomics.com\/index.php?rest_route=%2Fwp%2Fv2%2Fproduct_tag&post=16923"}],"curies":[{"name":"wp","href":"https:\/\/api.w.org\/{rel}","templated":true}]}}

<p>Una nave espacial zozobra atrapada por una tempestad cósmica. Sus tripulantes escapan a un planeta desierto&#8230; supuestamente. Allí se saldarán viejas cuentas pendientes, se pondrá en juego el destino del universo y de la raza humana, y los hombres se enfrentarán a los monstruos&#8230;, algunos con forma de monstruo y otros con forma de hombre.</p>
<p><em>La tempestad</em> es una sorprendente novela gráfica que sirve de espectacular debut para el dibujante Javier Peinado, heredero artístico de la mejor línea clara francobelga en la tradición de E. P. Jacobs <em>(Blake y Mortimer).</em> El guión es de Santiago García, coautor de la serie <em>El Vecino</em> (Astiberri), nominada como mejor obra en el Salón Internacional del Cómic de Barcelona.</p>
<p>“Realmente, <em>La tempestad</em> es una vibrante historieta que demuestra tanto la inteligencia de su guionista como el buen hacer de su dibujante”. <strong>Antoni Guiral</strong></p>
